| Back to Multiple platform build/check report for BioC 3.19: simplified long |
|
This page was generated on 2024-10-18 20:39 -0400 (Fri, 18 Oct 2024).
| Hostname | OS | Arch (*) | R version | Installed pkgs |
|---|---|---|---|---|
| nebbiolo1 | Linux (Ubuntu 22.04.3 LTS) | x86_64 | 4.4.1 (2024-06-14) -- "Race for Your Life" | 4763 |
| palomino7 | Windows Server 2022 Datacenter | x64 | 4.4.1 (2024-06-14 ucrt) -- "Race for Your Life" | 4500 |
| merida1 | macOS 12.7.5 Monterey | x86_64 | 4.4.1 (2024-06-14) -- "Race for Your Life" | 4530 |
| kjohnson1 | macOS 13.6.6 Ventura | arm64 | 4.4.1 (2024-06-14) -- "Race for Your Life" | 4480 |
| Click on any hostname to see more info about the system (e.g. compilers) (*) as reported by 'uname -p', except on Windows and Mac OS X | ||||
| Package 271/2300 | Hostname | OS / Arch | INSTALL | BUILD | CHECK | BUILD BIN | ||||||||
| CancerSubtypes 1.30.3 (landing page) Taosheng Xu
| nebbiolo1 | Linux (Ubuntu 22.04.3 LTS) / x86_64 | OK | OK | WARNINGS | |||||||||
| palomino7 | Windows Server 2022 Datacenter / x64 | OK | OK | WARNINGS | OK | |||||||||
| merida1 | macOS 12.7.5 Monterey / x86_64 | OK | OK | WARNINGS | OK | |||||||||
| kjohnson1 | macOS 13.6.6 Ventura / arm64 | OK | OK | WARNINGS | OK | |||||||||
|
To the developers/maintainers of the CancerSubtypes package: - Allow up to 24 hours (and sometimes 48 hours) for your latest push to git@git.bioconductor.org:packages/CancerSubtypes.git to reflect on this report. See Troubleshooting Build Report for more information. - Use the following Renviron settings to reproduce errors and warnings. - If 'R CMD check' started to fail recently on the Linux builder(s) over a missing dependency, add the missing dependency to 'Suggests:' in your DESCRIPTION file. See Renviron.bioc for more information. |
| Package: CancerSubtypes |
| Version: 1.30.3 |
| Command: E:\biocbuild\bbs-3.19-bioc\R\bin\R.exe CMD check --no-multiarch --install=check:CancerSubtypes.install-out.txt --library=E:\biocbuild\bbs-3.19-bioc\R\library --no-vignettes --timings CancerSubtypes_1.30.3.tar.gz |
| StartedAt: 2024-10-16 23:39:10 -0400 (Wed, 16 Oct 2024) |
| EndedAt: 2024-10-16 23:43:06 -0400 (Wed, 16 Oct 2024) |
| EllapsedTime: 236.4 seconds |
| RetCode: 0 |
| Status: WARNINGS |
| CheckDir: CancerSubtypes.Rcheck |
| Warnings: 1 |
##############################################################################
##############################################################################
###
### Running command:
###
### E:\biocbuild\bbs-3.19-bioc\R\bin\R.exe CMD check --no-multiarch --install=check:CancerSubtypes.install-out.txt --library=E:\biocbuild\bbs-3.19-bioc\R\library --no-vignettes --timings CancerSubtypes_1.30.3.tar.gz
###
##############################################################################
##############################################################################
* using log directory 'E:/biocbuild/bbs-3.19-bioc/meat/CancerSubtypes.Rcheck'
* using R version 4.4.1 (2024-06-14 ucrt)
* using platform: x86_64-w64-mingw32
* R was compiled by
gcc.exe (GCC) 13.2.0
GNU Fortran (GCC) 13.2.0
* running under: Windows Server 2022 x64 (build 20348)
* using session charset: UTF-8
* using option '--no-vignettes'
* checking for file 'CancerSubtypes/DESCRIPTION' ... OK
* checking extension type ... Package
* this is package 'CancerSubtypes' version '1.30.3'
* checking package namespace information ... OK
* checking package dependencies ... OK
* checking if this is a source package ... OK
* checking if there is a namespace ... OK
* checking for hidden files and directories ... OK
* checking for portable file names ... OK
* checking whether package 'CancerSubtypes' can be installed ... OK
* checking installed package size ... OK
* checking package directory ... OK
* checking 'build' directory ... OK
* checking DESCRIPTION meta-information ... OK
* checking top-level files ... OK
* checking for left-over files ... OK
* checking index information ... OK
* checking package subdirectories ... OK
* checking code files for non-ASCII characters ... OK
* checking R files for syntax errors ... OK
* checking whether the package can be loaded ... OK
* checking whether the package can be loaded with stated dependencies ... OK
* checking whether the package can be unloaded cleanly ... OK
* checking whether the namespace can be loaded with stated dependencies ... OK
* checking whether the namespace can be unloaded cleanly ... OK
* checking whether startup messages can be suppressed ... OK
* checking dependencies in R code ... OK
* checking S3 generic/method consistency ... OK
* checking replacement functions ... OK
* checking foreign function calls ... OK
* checking R code for possible problems ... NOTE
displayClusters: no visible global function definition for 'grey'
plotiCluster: no visible global function definition for 'gray'
Undefined global functions or variables:
gray grey
Consider adding
importFrom("grDevices", "gray", "grey")
to your NAMESPACE file.
* checking Rd files ... OK
* checking Rd metadata ... OK
* checking Rd cross-references ... WARNING
Missing link or links in Rd file 'ExecuteiCluster.Rd':
'iCluster2'
See section 'Cross-references' in the 'Writing R Extensions' manual.
* checking for missing documentation entries ... OK
* checking for code/documentation mismatches ... OK
* checking Rd \usage sections ... OK
* checking Rd contents ... OK
* checking for unstated dependencies in examples ... OK
* checking contents of 'data' directory ... OK
* checking data for non-ASCII characters ... OK
* checking data for ASCII and uncompressed saves ... OK
* checking installed files from 'inst/doc' ... OK
* checking files in 'vignettes' ... OK
* checking examples ... OK
Examples with CPU (user + system) or elapsed time > 5s
user system elapsed
sigclustTest 27.08 3.39 30.47
ExecuteSNF.CC 13.13 0.51 13.69
survAnalysis 10.24 0.28 10.51
ExecuteCC 5.71 1.32 8.42
FSbyCox 5.43 0.14 5.56
ExecuteCNMF 1.32 0.03 13.67
* checking for unstated dependencies in 'tests' ... OK
* checking tests ...
Running 'runTests.R'
OK
* checking for unstated dependencies in vignettes ... NOTE
'library' or 'require' call not declared from: 'RTCGA.mRNA'
* checking package vignettes ... OK
* checking running R code from vignettes ... SKIPPED
* checking re-building of vignette outputs ... SKIPPED
* checking PDF version of manual ... OK
* DONE
Status: 1 WARNING, 2 NOTEs
See
'E:/biocbuild/bbs-3.19-bioc/meat/CancerSubtypes.Rcheck/00check.log'
for details.
CancerSubtypes.Rcheck/00install.out
############################################################################## ############################################################################## ### ### Running command: ### ### E:\biocbuild\bbs-3.19-bioc\R\bin\R.exe CMD INSTALL CancerSubtypes ### ############################################################################## ############################################################################## * installing to library 'E:/biocbuild/bbs-3.19-bioc/R/library' * installing *source* package 'CancerSubtypes' ... ** using staged installation ** R ** data ** inst ** byte-compile and prepare package for lazy loading ** help *** installing help indices ** building package indices ** installing vignettes ** testing if installed package can be loaded from temporary location Warning in fun(libname, pkgname) : Package 'CancerSubtypes' is deprecated and will be removed from Bioconductor version 3.20 ** testing if installed package can be loaded from final location Warning in fun(libname, pkgname) : Package 'CancerSubtypes' is deprecated and will be removed from Bioconductor version 3.20 ** testing if installed package keeps a record of temporary installation path * DONE (CancerSubtypes)
CancerSubtypes.Rcheck/tests/runTests.Rout
R version 4.4.1 (2024-06-14 ucrt) -- "Race for Your Life"
Copyright (C) 2024 The R Foundation for Statistical Computing
Platform: x86_64-w64-mingw32/x64
R is free software and comes with ABSOLUTELY NO WARRANTY.
You are welcome to redistribute it under certain conditions.
Type 'license()' or 'licence()' for distribution details.
R is a collaborative project with many contributors.
Type 'contributors()' for more information and
'citation()' on how to cite R or R packages in publications.
Type 'demo()' for some demos, 'help()' for on-line help, or
'help.start()' for an HTML browser interface to help.
Type 'q()' to quit R.
> #BiocGenerics:::testPackage("CancerSubtypes")
>
> proc.time()
user system elapsed
0.15 0.03 0.25
CancerSubtypes.Rcheck/CancerSubtypes-Ex.timings
| name | user | system | elapsed | |
| DiffExp.limma | 0.23 | 0.03 | 0.26 | |
| ExecuteCC | 5.71 | 1.32 | 8.42 | |
| ExecuteCNMF | 1.32 | 0.03 | 13.67 | |
| ExecuteSNF.CC | 13.13 | 0.51 | 13.69 | |
| ExecuteSNF | 0.36 | 0.07 | 0.42 | |
| ExecuteWSNF | 1.58 | 0.06 | 1.64 | |
| ExecuteiCluster | 2.54 | 0.06 | 2.61 | |
| FSbyCox | 5.43 | 0.14 | 5.56 | |
| FSbyMAD | 0.15 | 0.00 | 0.16 | |
| FSbyPCA | 0.33 | 0.00 | 0.33 | |
| FSbyVar | 0.03 | 0.00 | 0.11 | |
| GeneExp | 0.02 | 0.00 | 0.01 | |
| Ranking | 0.03 | 0.00 | 0.03 | |
| affinityMatrix | 0.01 | 0.00 | 0.02 | |
| data.checkDistribution | 0.19 | 0.03 | 0.22 | |
| data.imputation | 0.02 | 0.00 | 0.01 | |
| data.normalization | 0.08 | 0.00 | 0.08 | |
| dist2 | 0.01 | 0.00 | 0.02 | |
| drawHeatmap | 4.25 | 0.10 | 4.40 | |
| miRNAExp | 0 | 0 | 0 | |
| saveFigure | 0.75 | 0.17 | 0.92 | |
| sigclustTest | 27.08 | 3.39 | 30.47 | |
| silhouette_SimilarityMatrix | 0.25 | 0.04 | 0.28 | |
| spectralAlg | 0 | 0 | 0 | |
| status | 0.01 | 0.00 | 0.02 | |
| survAnalysis | 10.24 | 0.28 | 10.51 | |
| time | 0.00 | 0.01 | 0.02 | |