| Back to Mac ARM64 build report for BioC 3.18 |
|
This page was generated on 2024-04-18 11:32:18 -0400 (Thu, 18 Apr 2024).
| Hostname | OS | Arch (*) | R version | Installed pkgs |
|---|---|---|---|---|
| kjohnson1 | macOS 13.6.1 Ventura | arm64 | 4.3.3 (2024-02-29) -- "Angel Food Cake" | 4388 |
| Click on any hostname to see more info about the system (e.g. compilers) (*) as reported by 'uname -p', except on Windows and Mac OS X | ||||
| Package 1874/2266 | Hostname | OS / Arch | INSTALL | BUILD | CHECK | BUILD BIN | ||||||||
| scFeatures 1.3.2 (landing page) Yue Cao
| kjohnson1 | macOS 13.6.1 Ventura / arm64 | OK | OK | WARNINGS | OK | ||||||||
|
To the developers/maintainers of the scFeatures package: - Use the following Renviron settings to reproduce errors and warnings. - If 'R CMD check' started to fail recently on the Linux builder(s) over a missing dependency, add the missing dependency to 'Suggests:' in your DESCRIPTION file. See Renviron.bioc for more information. |
| Package: scFeatures |
| Version: 1.3.2 |
| Command: /Library/Frameworks/R.framework/Resources/bin/R CMD check --install=check:scFeatures.install-out.txt --library=/Library/Frameworks/R.framework/Resources/library --no-vignettes --timings scFeatures_1.3.2.tar.gz |
| StartedAt: 2024-04-18 02:55:38 -0400 (Thu, 18 Apr 2024) |
| EndedAt: 2024-04-18 03:04:25 -0400 (Thu, 18 Apr 2024) |
| EllapsedTime: 526.9 seconds |
| RetCode: 0 |
| Status: WARNINGS |
| CheckDir: scFeatures.Rcheck |
| Warnings: 1 |
##############################################################################
##############################################################################
###
### Running command:
###
### /Library/Frameworks/R.framework/Resources/bin/R CMD check --install=check:scFeatures.install-out.txt --library=/Library/Frameworks/R.framework/Resources/library --no-vignettes --timings scFeatures_1.3.2.tar.gz
###
##############################################################################
##############################################################################
* using log directory ‘/Users/biocbuild/bbs-3.18-bioc-mac-arm64/meat/scFeatures.Rcheck’
* using R version 4.3.3 (2024-02-29)
* using platform: aarch64-apple-darwin20 (64-bit)
* R was compiled by
Apple clang version 14.0.0 (clang-1400.0.29.202)
GNU Fortran (GCC) 12.2.0
* running under: macOS Ventura 13.6.1
* using session charset: UTF-8
* using option ‘--no-vignettes’
* checking for file ‘scFeatures/DESCRIPTION’ ... OK
* this is package ‘scFeatures’ version ‘1.3.2’
* package encoding: UTF-8
* checking package namespace information ... OK
* checking package dependencies ... OK
* checking if this is a source package ... OK
* checking if there is a namespace ... OK
* checking for hidden files and directories ... OK
* checking for portable file names ... OK
* checking for sufficient/correct file permissions ... OK
* checking whether package ‘scFeatures’ can be installed ... OK
* checking installed package size ... OK
* checking package directory ... OK
* checking ‘build’ directory ... OK
* checking DESCRIPTION meta-information ... OK
* checking top-level files ... OK
* checking for left-over files ... OK
* checking index information ... OK
* checking package subdirectories ... OK
* checking R files for non-ASCII characters ... OK
* checking R files for syntax errors ... OK
* checking whether the package can be loaded ... OK
* checking whether the package can be loaded with stated dependencies ... OK
* checking whether the package can be unloaded cleanly ... OK
* checking whether the namespace can be loaded with stated dependencies ... OK
* checking whether the namespace can be unloaded cleanly ... OK
* checking dependencies in R code ... NOTE
Namespaces in Imports field not imported from:
'DT' 'Seurat'
All declared Imports should be used.
* checking S3 generic/method consistency ... OK
* checking replacement functions ... OK
* checking foreign function calls ... OK
* checking R code for possible problems ... NOTE
helper_CCI: no visible global function definition for 'data'
helper_CCI: no visible binding for global variable 'LRdb'
helper_CCI: no visible global function definition for 'capture.output'
helper_pathway_gsva: no visible global function definition for
'capture.output'
run_pathway_gsva: no visible global function definition for
'capture.output'
Undefined global functions or variables:
LRdb capture.output data
Consider adding
importFrom("utils", "capture.output", "data")
to your NAMESPACE file.
* checking Rd files ... OK
* checking Rd metadata ... OK
* checking Rd cross-references ... OK
* checking for missing documentation entries ... OK
* checking for code/documentation mismatches ... OK
* checking Rd \usage sections ... WARNING
Undocumented arguments in documentation object 'remove_mito_ribo'
‘alldata’
Documented arguments not in \usage in documentation object 'remove_mito_ribo':
‘data’
Functions with \usage entries need to have the appropriate \alias
entries, and all their arguments documented.
The \usage entries must correspond to syntactically valid R code.
See chapter ‘Writing R documentation files’ in the ‘Writing R
Extensions’ manual.
* checking Rd contents ... OK
* checking for unstated dependencies in examples ... OK
* checking contents of ‘data’ directory ... OK
* checking data for non-ASCII characters ... OK
* checking data for ASCII and uncompressed saves ... OK
* checking files in ‘vignettes’ ... OK
* checking examples ... OK
Examples with CPU (user + system) or elapsed time > 5s
user system elapsed
run_pathway_gsva 5.684 0.190 6.254
run_pathway_prop 5.308 0.225 5.861
run_association_study_report 4.522 0.540 5.366
* checking for unstated dependencies in vignettes ... OK
* checking package vignettes in ‘inst/doc’ ... OK
* checking running R code from vignettes ... SKIPPED
* checking re-building of vignette outputs ... SKIPPED
* checking PDF version of manual ... OK
* DONE
Status: 1 WARNING, 2 NOTEs
See
‘/Users/biocbuild/bbs-3.18-bioc-mac-arm64/meat/scFeatures.Rcheck/00check.log’
for details.
scFeatures.Rcheck/00install.out
############################################################################## ############################################################################## ### ### Running command: ### ### /Library/Frameworks/R.framework/Resources/bin/R CMD INSTALL scFeatures ### ############################################################################## ############################################################################## * installing to library ‘/Library/Frameworks/R.framework/Versions/4.3-arm64/Resources/library’ * installing *source* package ‘scFeatures’ ... ** using staged installation ** R ** data ** inst ** byte-compile and prepare package for lazy loading ** help *** installing help indices ** building package indices ** installing vignettes ** testing if installed package can be loaded from temporary location ** testing if installed package can be loaded from final location ** testing if installed package keeps a record of temporary installation path * DONE (scFeatures)
scFeatures.Rcheck/scFeatures-Ex.timings
| name | user | system | elapsed | |
| get_num_cell_per_spot | 0.299 | 0.016 | 0.329 | |
| remove_mito_ribo | 2.693 | 0.058 | 2.305 | |
| run_CCI | 3.516 | 0.159 | 3.702 | |
| run_L_function | 0.511 | 0.033 | 0.565 | |
| run_Morans_I | 0.494 | 0.017 | 0.537 | |
| run_association_study_report | 4.522 | 0.540 | 5.366 | |
| run_celltype_interaction | 0.401 | 0.010 | 0.420 | |
| run_gene_cor | 0.477 | 0.019 | 0.490 | |
| run_gene_cor_celltype | 2.217 | 0.024 | 2.305 | |
| run_gene_mean | 0.471 | 0.009 | 0.487 | |
| run_gene_mean_celltype | 0.556 | 0.007 | 0.567 | |
| run_gene_prop | 0.390 | 0.006 | 0.397 | |
| run_gene_prop_celltype | 0.423 | 0.009 | 0.433 | |
| run_nn_correlation | 0.371 | 0.009 | 0.383 | |
| run_pathway_gsva | 5.684 | 0.190 | 6.254 | |
| run_pathway_mean | 1.867 | 0.061 | 2.068 | |
| run_pathway_prop | 5.308 | 0.225 | 5.861 | |
| run_proportion_logit | 0.299 | 0.007 | 0.325 | |
| run_proportion_ratio | 0.343 | 0.007 | 0.360 | |
| run_proportion_raw | 0.303 | 0.010 | 0.315 | |
| scFeatures | 1.110 | 0.038 | 0.645 | |