| Back to Mac ARM64 build report for BioC 3.18 |
|
This page was generated on 2024-04-18 11:32:17 -0400 (Thu, 18 Apr 2024).
| Hostname | OS | Arch (*) | R version | Installed pkgs |
|---|---|---|---|---|
| kjohnson1 | macOS 13.6.1 Ventura | arm64 | 4.3.3 (2024-02-29) -- "Angel Food Cake" | 4388 |
| Click on any hostname to see more info about the system (e.g. compilers) (*) as reported by 'uname -p', except on Windows and Mac OS X | ||||
| Package 1752/2266 | Hostname | OS / Arch | INSTALL | BUILD | CHECK | BUILD BIN | ||||||||
| rifi 1.6.0 (landing page) Jens Georg
| kjohnson1 | macOS 13.6.1 Ventura / arm64 | OK | OK | WARNINGS | OK | ||||||||
|
To the developers/maintainers of the rifi package: - Use the following Renviron settings to reproduce errors and warnings. - If 'R CMD check' started to fail recently on the Linux builder(s) over a missing dependency, add the missing dependency to 'Suggests:' in your DESCRIPTION file. See Renviron.bioc for more information. |
| Package: rifi |
| Version: 1.6.0 |
| Command: /Library/Frameworks/R.framework/Resources/bin/R CMD check --install=check:rifi.install-out.txt --library=/Library/Frameworks/R.framework/Resources/library --no-vignettes --timings rifi_1.6.0.tar.gz |
| StartedAt: 2024-04-18 01:19:49 -0400 (Thu, 18 Apr 2024) |
| EndedAt: 2024-04-18 01:30:13 -0400 (Thu, 18 Apr 2024) |
| EllapsedTime: 623.9 seconds |
| RetCode: 0 |
| Status: WARNINGS |
| CheckDir: rifi.Rcheck |
| Warnings: 2 |
##############################################################################
##############################################################################
###
### Running command:
###
### /Library/Frameworks/R.framework/Resources/bin/R CMD check --install=check:rifi.install-out.txt --library=/Library/Frameworks/R.framework/Resources/library --no-vignettes --timings rifi_1.6.0.tar.gz
###
##############################################################################
##############################################################################
* using log directory ‘/Users/biocbuild/bbs-3.18-bioc-mac-arm64/meat/rifi.Rcheck’
* using R version 4.3.3 (2024-02-29)
* using platform: aarch64-apple-darwin20 (64-bit)
* R was compiled by
Apple clang version 14.0.0 (clang-1400.0.29.202)
GNU Fortran (GCC) 12.2.0
* running under: macOS Ventura 13.6.1
* using session charset: UTF-8
* using option ‘--no-vignettes’
* checking for file ‘rifi/DESCRIPTION’ ... OK
* this is package ‘rifi’ version ‘1.6.0’
* package encoding: UTF-8
* checking package namespace information ... OK
* checking package dependencies ... OK
* checking if this is a source package ... OK
* checking if there is a namespace ... OK
* checking for hidden files and directories ... NOTE
Found the following hidden files and directories:
.BBSoptions
R/.ipynb_checkpoints
vignettes/.ipynb_checkpoints
These were most likely included in error. See section ‘Package
structure’ in the ‘Writing R Extensions’ manual.
* checking for portable file names ... OK
* checking for sufficient/correct file permissions ... OK
* checking whether package ‘rifi’ can be installed ... WARNING
Found the following significant warnings:
Note: next used in wrong context: no loop is visible
Warning: apply_Ttest_delay.Rd:55: unexpected '}'
Warning: predict_ps_itss.Rd:57: unexpected '}'
See ‘/Users/biocbuild/bbs-3.18-bioc-mac-arm64/meat/rifi.Rcheck/00install.out’ for details.
Information on the location(s) of code generating the ‘Note’s can be
obtained by re-running with environment variable R_KEEP_PKG_SOURCE set
to ‘yes’.
* checking installed package size ... OK
* checking package directory ... OK
* checking ‘build’ directory ... OK
* checking DESCRIPTION meta-information ... OK
* checking top-level files ... OK
* checking for left-over files ... OK
* checking index information ... OK
* checking package subdirectories ... OK
* checking R files for non-ASCII characters ... OK
* checking R files for syntax errors ... OK
* checking whether the package can be loaded ... OK
* checking whether the package can be loaded with stated dependencies ... OK
* checking whether the package can be unloaded cleanly ... OK
* checking whether the namespace can be loaded with stated dependencies ... OK
* checking whether the namespace can be unloaded cleanly ... OK
* checking dependencies in R code ... OK
* checking S3 generic/method consistency ... OK
* checking replacement functions ... OK
* checking foreign function calls ... OK
* checking R code for possible problems ... OK
* checking Rd files ... WARNING
prepare_Rd: apply_Ttest_delay.Rd:55: unexpected '}'
prepare_Rd: predict_ps_itss.Rd:57: unexpected '}'
* checking Rd metadata ... OK
* checking Rd cross-references ... OK
* checking for missing documentation entries ... OK
* checking for code/documentation mismatches ... OK
* checking Rd \usage sections ... OK
* checking Rd contents ... OK
* checking for unstated dependencies in examples ... OK
* checking contents of ‘data’ directory ... OK
* checking data for non-ASCII characters ... OK
* checking data for ASCII and uncompressed saves ... OK
* checking files in ‘vignettes’ ... OK
* checking examples ... OK
Examples with CPU (user + system) or elapsed time > 5s
user system elapsed
rifi_wrapper 104.091 39.607 128.955
rifi_penalties 47.593 28.760 74.772
nls2_fit 38.006 1.875 25.794
rifi_visualization 31.304 2.854 34.657
rifi_fit 23.822 0.554 24.623
TI_fit 12.143 2.140 8.601
make_pen 8.713 5.325 13.466
* checking for unstated dependencies in vignettes ... OK
* checking package vignettes in ‘inst/doc’ ... OK
* checking running R code from vignettes ... SKIPPED
* checking re-building of vignette outputs ... SKIPPED
* checking PDF version of manual ... OK
* DONE
Status: 2 WARNINGs, 1 NOTE
See
‘/Users/biocbuild/bbs-3.18-bioc-mac-arm64/meat/rifi.Rcheck/00check.log’
for details.
rifi.Rcheck/00install.out
############################################################################## ############################################################################## ### ### Running command: ### ### /Library/Frameworks/R.framework/Resources/bin/R CMD INSTALL rifi ### ############################################################################## ############################################################################## * installing to library ‘/Library/Frameworks/R.framework/Versions/4.3-arm64/Resources/library’ * installing *source* package ‘rifi’ ... ** using staged installation ** R ** data ** inst ** byte-compile and prepare package for lazy loading Note: next used in wrong context: no loop is visible ** help Warning: apply_Ttest_delay.Rd:55: unexpected '}' Warning: predict_ps_itss.Rd:57: unexpected '}' *** installing help indices ** building package indices ** installing vignettes ** testing if installed package can be loaded from temporary location ** testing if installed package can be loaded from final location ** testing if installed package keeps a record of temporary installation path * DONE (rifi)
rifi.Rcheck/rifi-Ex.timings
| name | user | system | elapsed | |
| TI_fit | 12.143 | 2.140 | 8.601 | |
| TUgether | 0.387 | 0.113 | 0.488 | |
| apply_Ttest_delay | 0.206 | 0.053 | 0.257 | |
| apply_ancova | 0.294 | 0.034 | 0.327 | |
| apply_event_position | 0.101 | 0.011 | 0.112 | |
| apply_manova | 1.479 | 0.158 | 1.639 | |
| apply_t_test | 0.587 | 0.012 | 0.598 | |
| apply_t_test_ti | 0.153 | 0.002 | 0.156 | |
| check_input | 0.318 | 0.003 | 0.322 | |
| dataframe_summary | 0.097 | 0.008 | 0.105 | |
| dataframe_summary_TI | 0.045 | 0.003 | 0.048 | |
| dataframe_summary_events | 0.775 | 0.021 | 0.805 | |
| dataframe_summary_events_HL_int | 0.587 | 0.022 | 0.611 | |
| dataframe_summary_events_ps_itss | 0.275 | 0.014 | 0.289 | |
| dataframe_summary_events_velocity | 0.293 | 0.015 | 0.307 | |
| event_dataframe | 0.717 | 0.021 | 0.738 | |
| finding_PDD | 0.187 | 0.075 | 0.253 | |
| finding_TI | 0.344 | 0.142 | 0.477 | |
| fold_change | 2.712 | 0.093 | 2.838 | |
| fragment_HL | 0.597 | 0.231 | 0.803 | |
| fragment_TI | 0.380 | 0.053 | 0.434 | |
| fragment_delay | 0.863 | 0.314 | 1.143 | |
| fragment_inty | 0.523 | 0.159 | 0.664 | |
| gff3_preprocess | 0.732 | 0.109 | 0.843 | |
| make_df | 0.692 | 0.477 | 0.804 | |
| make_pen | 8.713 | 5.325 | 13.466 | |
| nls2_fit | 38.006 | 1.875 | 25.794 | |
| predict_ps_itss | 0.274 | 0.065 | 0.342 | |
| rifi_fit | 23.822 | 0.554 | 24.623 | |
| rifi_fragmentation | 2.891 | 0.786 | 3.660 | |
| rifi_penalties | 47.593 | 28.760 | 74.772 | |
| rifi_preprocess | 1.631 | 0.544 | 1.869 | |
| rifi_stats | 3.067 | 0.184 | 3.301 | |
| rifi_summary | 1.973 | 0.042 | 2.055 | |
| rifi_visualization | 31.304 | 2.854 | 34.657 | |
| rifi_wrapper | 104.091 | 39.607 | 128.955 | |
| segment_pos | 0.171 | 0.003 | 0.174 | |
| viz_pen_obj | 0.015 | 0.008 | 0.023 | |