| Back to Mac ARM64 build report for BioC 3.18 |
|
This page was generated on 2024-04-18 11:32:10 -0400 (Thu, 18 Apr 2024).
| Hostname | OS | Arch (*) | R version | Installed pkgs |
|---|---|---|---|---|
| kjohnson1 | macOS 13.6.1 Ventura | arm64 | 4.3.3 (2024-02-29) -- "Angel Food Cake" | 4388 |
| Click on any hostname to see more info about the system (e.g. compilers) (*) as reported by 'uname -p', except on Windows and Mac OS X | ||||
| Package 794/2266 | Hostname | OS / Arch | INSTALL | BUILD | CHECK | BUILD BIN | ||||||||
| genefu 2.34.0 (landing page) Benjamin Haibe-Kains
| kjohnson1 | macOS 13.6.1 Ventura / arm64 | OK | OK | WARNINGS | OK | ||||||||
|
To the developers/maintainers of the genefu package: - Use the following Renviron settings to reproduce errors and warnings. - If 'R CMD check' started to fail recently on the Linux builder(s) over a missing dependency, add the missing dependency to 'Suggests:' in your DESCRIPTION file. See Renviron.bioc for more information. |
| Package: genefu |
| Version: 2.34.0 |
| Command: /Library/Frameworks/R.framework/Resources/bin/R CMD check --install=check:genefu.install-out.txt --library=/Library/Frameworks/R.framework/Resources/library --no-vignettes --timings genefu_2.34.0.tar.gz |
| StartedAt: 2024-04-17 14:29:33 -0400 (Wed, 17 Apr 2024) |
| EndedAt: 2024-04-17 14:32:14 -0400 (Wed, 17 Apr 2024) |
| EllapsedTime: 160.9 seconds |
| RetCode: 0 |
| Status: WARNINGS |
| CheckDir: genefu.Rcheck |
| Warnings: 1 |
##############################################################################
##############################################################################
###
### Running command:
###
### /Library/Frameworks/R.framework/Resources/bin/R CMD check --install=check:genefu.install-out.txt --library=/Library/Frameworks/R.framework/Resources/library --no-vignettes --timings genefu_2.34.0.tar.gz
###
##############################################################################
##############################################################################
* using log directory ‘/Users/biocbuild/bbs-3.18-bioc-mac-arm64/meat/genefu.Rcheck’
* using R version 4.3.3 (2024-02-29)
* using platform: aarch64-apple-darwin20 (64-bit)
* R was compiled by
Apple clang version 14.0.0 (clang-1400.0.29.202)
GNU Fortran (GCC) 12.2.0
* running under: macOS Ventura 13.6.1
* using session charset: UTF-8
* using option ‘--no-vignettes’
* checking for file ‘genefu/DESCRIPTION’ ... OK
* checking extension type ... Package
* this is package ‘genefu’ version ‘2.34.0’
* package encoding: UTF-8
* checking package namespace information ... OK
* checking package dependencies ... OK
* checking if this is a source package ... OK
* checking if there is a namespace ... OK
* checking for hidden files and directories ... OK
* checking for portable file names ... OK
* checking for sufficient/correct file permissions ... OK
* checking whether package ‘genefu’ can be installed ... WARNING
Found the following significant warnings:
Warning: replacing previous import ‘limma::logsumexp’ by ‘mclust::logsumexp’ when loading ‘genefu’
See ‘/Users/biocbuild/bbs-3.18-bioc-mac-arm64/meat/genefu.Rcheck/00install.out’ for details.
* checking installed package size ... NOTE
installed size is 5.2Mb
sub-directories of 1Mb or more:
data 4.0Mb
* checking package directory ... OK
* checking ‘build’ directory ... OK
* checking DESCRIPTION meta-information ... OK
* checking top-level files ... OK
* checking for left-over files ... OK
* checking index information ... OK
* checking package subdirectories ... OK
* checking R files for non-ASCII characters ... OK
* checking R files for syntax errors ... OK
* checking whether the package can be loaded ... OK
* checking whether the package can be loaded with stated dependencies ... OK
* checking whether the package can be unloaded cleanly ... OK
* checking whether the namespace can be loaded with stated dependencies ... OK
* checking whether the namespace can be unloaded cleanly ... OK
* checking dependencies in R code ... NOTE
Packages in Depends field not imported from:
‘AIMS’ ‘biomaRt’ ‘iC10’
These packages need to be imported from (in the NAMESPACE file)
for when this namespace is loaded but not attached.
Unexported objects imported by ':::' calls:
‘mclust:::grid1’ ‘mclust:::grid2’
See the note in ?`:::` about the use of this operator.
* checking S3 generic/method consistency ... OK
* checking replacement functions ... OK
* checking foreign function calls ... OK
* checking R code for possible problems ... OK
* checking Rd files ... OK
* checking Rd metadata ... OK
* checking Rd cross-references ... OK
* checking for missing documentation entries ... OK
* checking for code/documentation mismatches ... OK
* checking Rd \usage sections ... OK
* checking Rd contents ... OK
* checking for unstated dependencies in examples ... OK
* checking contents of ‘data’ directory ... OK
* checking data for non-ASCII characters ... OK
* checking data for ASCII and uncompressed saves ... OK
* checking files in ‘vignettes’ ... OK
* checking examples ... OK
* checking for unstated dependencies in vignettes ... OK
* checking package vignettes in ‘inst/doc’ ... OK
* checking running R code from vignettes ... SKIPPED
* checking re-building of vignette outputs ... SKIPPED
* checking PDF version of manual ... OK
* DONE
Status: 1 WARNING, 2 NOTEs
See
‘/Users/biocbuild/bbs-3.18-bioc-mac-arm64/meat/genefu.Rcheck/00check.log’
for details.
genefu.Rcheck/00install.out
############################################################################## ############################################################################## ### ### Running command: ### ### /Library/Frameworks/R.framework/Resources/bin/R CMD INSTALL genefu ### ############################################################################## ############################################################################## * installing to library ‘/Library/Frameworks/R.framework/Versions/4.3-arm64/Resources/library’ * installing *source* package ‘genefu’ ... ** using staged installation ** R ** data ** inst ** byte-compile and prepare package for lazy loading Warning: replacing previous import ‘limma::logsumexp’ by ‘mclust::logsumexp’ when loading ‘genefu’ ** help *** installing help indices ** building package indices ** installing vignettes ** testing if installed package can be loaded from temporary location Warning: replacing previous import ‘limma::logsumexp’ by ‘mclust::logsumexp’ when loading ‘genefu’ ** testing if installed package can be loaded from final location Warning: replacing previous import ‘limma::logsumexp’ by ‘mclust::logsumexp’ when loading ‘genefu’ ** testing if installed package keeps a record of temporary installation path * DONE (genefu)
genefu.Rcheck/genefu-Ex.timings
| name | user | system | elapsed | |
| bimod | 0.292 | 0.011 | 0.303 | |
| boxplotplus2 | 0.012 | 0.001 | 0.012 | |
| claudinLow | 1.120 | 0.024 | 1.147 | |
| compareProtoCor | 1.674 | 0.020 | 1.701 | |
| compute.pairw.cor.meta | 1.773 | 0.027 | 1.804 | |
| compute.proto.cor.meta | 1.594 | 0.022 | 1.619 | |
| cordiff.dep | 0.177 | 0.005 | 0.184 | |
| endoPredict | 0.175 | 0.008 | 0.183 | |
| fuzzy.ttest | 0.105 | 0.008 | 0.112 | |
| gene70 | 0.369 | 0.013 | 0.385 | |
| gene76 | 0.182 | 0.008 | 0.192 | |
| geneid.map | 0.214 | 0.018 | 0.237 | |
| genius | 0.260 | 0.021 | 0.285 | |
| ggi | 0.175 | 0.010 | 0.186 | |
| ihc4 | 0.193 | 0.012 | 0.208 | |
| intrinsic.cluster | 0.479 | 0.017 | 0.488 | |
| intrinsic.cluster.predict | 0.233 | 0.011 | 0.247 | |
| map.datasets | 1.571 | 0.024 | 1.648 | |
| molecular.subtyping | 2.299 | 0.114 | 2.445 | |
| npi | 0.204 | 0.008 | 0.213 | |
| oncotypedx | 0.192 | 0.007 | 0.200 | |
| ovcAngiogenic | 0.148 | 0.005 | 0.157 | |
| ovcCrijns | 0.176 | 0.003 | 0.181 | |
| ovcTCGA | 0.285 | 0.008 | 0.295 | |
| ovcYoshihara | 0.225 | 0.008 | 0.233 | |
| pik3cags | 0.192 | 0.008 | 0.199 | |
| power.cor | 0 | 0 | 0 | |
| ps.cluster | 0.439 | 0.016 | 0.440 | |
| read.m.file | 0.026 | 0.003 | 0.029 | |
| rename.duplicate | 0.002 | 0.001 | 0.002 | |
| rescale | 0.409 | 0.010 | 0.422 | |
| rorS | 0.273 | 0.010 | 0.283 | |
| setcolclass.df | 0.002 | 0.000 | 0.002 | |
| sig.score | 0.205 | 0.007 | 0.212 | |
| spearmanCI | 0 | 0 | 0 | |
| st.gallen | 0.185 | 0.006 | 0.190 | |
| stab.fs | 0.153 | 0.011 | 0.164 | |
| stab.fs.ranking | 0.567 | 0.042 | 0.610 | |
| strescR | 0.000 | 0.001 | 0.001 | |
| subtype.cluster | 0.981 | 0.051 | 1.035 | |
| subtype.cluster.predict | 0.422 | 0.014 | 0.436 | |
| tamr13 | 0.205 | 0.008 | 0.214 | |
| tbrm | 0.000 | 0.001 | 0.000 | |
| weighted.meanvar | 0 | 0 | 0 | |
| write.m.file | 0.005 | 0.003 | 0.008 | |