| Back to Mac ARM64 build report for BioC 3.18 |
|
This page was generated on 2024-04-18 11:32:10 -0400 (Thu, 18 Apr 2024).
| Hostname | OS | Arch (*) | R version | Installed pkgs |
|---|---|---|---|---|
| kjohnson1 | macOS 13.6.1 Ventura | arm64 | 4.3.3 (2024-02-29) -- "Angel Food Cake" | 4388 |
| Click on any hostname to see more info about the system (e.g. compilers) (*) as reported by 'uname -p', except on Windows and Mac OS X | ||||
| Package 715/2266 | Hostname | OS / Arch | INSTALL | BUILD | CHECK | BUILD BIN | ||||||||
| flagme 1.58.0 (landing page) Mark Robinson
| kjohnson1 | macOS 13.6.1 Ventura / arm64 | OK | OK | WARNINGS | OK | ||||||||
|
To the developers/maintainers of the flagme package: - Use the following Renviron settings to reproduce errors and warnings. - If 'R CMD check' started to fail recently on the Linux builder(s) over a missing dependency, add the missing dependency to 'Suggests:' in your DESCRIPTION file. See Renviron.bioc for more information. |
| Package: flagme |
| Version: 1.58.0 |
| Command: /Library/Frameworks/R.framework/Resources/bin/R CMD check --install=check:flagme.install-out.txt --library=/Library/Frameworks/R.framework/Resources/library --no-vignettes --timings flagme_1.58.0.tar.gz |
| StartedAt: 2024-04-17 13:48:48 -0400 (Wed, 17 Apr 2024) |
| EndedAt: 2024-04-17 14:03:43 -0400 (Wed, 17 Apr 2024) |
| EllapsedTime: 895.0 seconds |
| RetCode: 0 |
| Status: WARNINGS |
| CheckDir: flagme.Rcheck |
| Warnings: 2 |
##############################################################################
##############################################################################
###
### Running command:
###
### /Library/Frameworks/R.framework/Resources/bin/R CMD check --install=check:flagme.install-out.txt --library=/Library/Frameworks/R.framework/Resources/library --no-vignettes --timings flagme_1.58.0.tar.gz
###
##############################################################################
##############################################################################
* using log directory ‘/Users/biocbuild/bbs-3.18-bioc-mac-arm64/meat/flagme.Rcheck’
* using R version 4.3.3 (2024-02-29)
* using platform: aarch64-apple-darwin20 (64-bit)
* R was compiled by
Apple clang version 14.0.0 (clang-1400.0.29.202)
GNU Fortran (GCC) 12.2.0
* running under: macOS Ventura 13.6.1
* using session charset: UTF-8
* using option ‘--no-vignettes’
* checking for file ‘flagme/DESCRIPTION’ ... OK
* this is package ‘flagme’ version ‘1.58.0’
* package encoding: UTF-8
* checking package namespace information ... OK
* checking package dependencies ... OK
* checking if this is a source package ... OK
* checking if there is a namespace ... OK
* checking for hidden files and directories ... OK
* checking for portable file names ... OK
* checking for sufficient/correct file permissions ... OK
* checking whether package ‘flagme’ can be installed ... OK
* used C compiler: ‘Apple clang version 15.0.0 (clang-1500.0.40.1)’
* used SDK: ‘MacOSX11.3.sdk’
* checking installed package size ... OK
* checking package directory ... OK
* checking ‘build’ directory ... OK
* checking DESCRIPTION meta-information ... OK
* checking top-level files ... OK
* checking for left-over files ... OK
* checking index information ... OK
* checking package subdirectories ... OK
* checking R files for non-ASCII characters ... OK
* checking R files for syntax errors ... OK
* checking whether the package can be loaded ... OK
* checking whether the package can be loaded with stated dependencies ... OK
* checking whether the package can be unloaded cleanly ... OK
* checking whether the namespace can be loaded with stated dependencies ... OK
* checking whether the namespace can be unloaded cleanly ... OK
* checking startup messages can be suppressed ... OK
* checking dependencies in R code ... NOTE
Unexported object imported by a ':::' call: ‘xcms:::rectUnique’
See the note in ?`:::` about the use of this operator.
* checking S3 generic/method consistency ... OK
* checking replacement functions ... OK
* checking foreign function calls ... OK
* checking R code for possible problems ... NOTE
addXCMSPeaks: no visible global function definition for ‘bpparam’
addXCMSPeaks: no visible global function definition for ‘sampnames’
addXCMSPeaks : <anonymous> : <anonymous>: no visible global function
definition for ‘setNames’
importSpec : <anonymous>: no visible global function definition for
‘setNames’
Undefined global functions or variables:
bpparam sampnames setNames
Consider adding
importFrom("stats", "setNames")
to your NAMESPACE file.
* checking Rd files ... OK
* checking Rd metadata ... OK
* checking Rd cross-references ... WARNING
Missing link or links in documentation object 'addXCMSPeaks.Rd':
‘[xcms]{findPeaks-matchedFilter}’ ‘[xcms]{findPeaks-centWave}’
‘[xcms]{peaksDataset}’
Missing link or links in documentation object 'plotAlignment-peaksAlignment-method.Rd':
‘plotAlignment’
Missing link or links in documentation object 'plotClustAlignment-clusterAlignment-method.Rd':
‘plotAlignment’
See section 'Cross-references' in the 'Writing R Extensions' manual.
* checking for missing documentation entries ... WARNING
Undocumented code objects:
‘plotAlignment’ ‘plotChrom’ ‘plotClustAlignment’
Undocumented S4 methods:
generic 'show' and siglist 'betweenAlignment'
All user-level objects in a package (including S4 classes and methods)
should have documentation entries.
See chapter ‘Writing R documentation files’ in the ‘Writing R
Extensions’ manual.
* checking for code/documentation mismatches ... OK
* checking Rd \usage sections ... OK
* checking Rd contents ... OK
* checking for unstated dependencies in examples ... OK
* checking line endings in C/C++/Fortran sources/headers ... OK
* checking compiled code ... NOTE
Note: information on .o files is not available
* checking sizes of PDF files under ‘inst/doc’ ... OK
* checking files in ‘vignettes’ ... OK
* checking examples ... OK
Examples with CPU (user + system) or elapsed time > 5s
user system elapsed
plotAlignedFrags 102.777 18.050 64.494
addXCMSPeaks 56.516 8.290 46.516
plotAlignment-peaksAlignment-method 52.390 9.598 43.578
corPrt 52.288 8.789 42.170
progressiveAlignment-class 51.597 9.127 42.006
retFatMatrix 50.431 9.170 41.280
ndpRT 49.294 8.889 39.980
plotFrags 48.690 8.829 39.995
peaksAlignment-class 47.677 8.912 38.982
dynRT 47.865 8.527 38.572
imputePeaks 8.724 0.318 9.088
plotChrom-peaksDataset-method 8.269 0.345 8.639
calcTimeDiffs 7.480 0.315 8.083
gatherInfo 7.272 0.364 7.687
rmaFitUnit 7.128 0.396 7.546
multipleAlignment-class 7.025 0.256 7.300
addAMDISPeaks 6.365 0.121 6.753
clusterAlignment 6.314 0.162 6.922
plotClustAlignment-clusterAlignment-method 6.147 0.171 6.327
normDotProduct 5.986 0.214 6.199
dp 5.734 0.220 6.038
peaksDataset 5.256 0.204 5.494
addChromaTOFPeaks 5.174 0.107 5.461
* checking for unstated dependencies in vignettes ... OK
* checking package vignettes in ‘inst/doc’ ... OK
* checking running R code from vignettes ... SKIPPED
* checking re-building of vignette outputs ... SKIPPED
* checking PDF version of manual ... OK
* DONE
Status: 2 WARNINGs, 3 NOTEs
See
‘/Users/biocbuild/bbs-3.18-bioc-mac-arm64/meat/flagme.Rcheck/00check.log’
for details.
flagme.Rcheck/00install.out
############################################################################## ############################################################################## ### ### Running command: ### ### /Library/Frameworks/R.framework/Resources/bin/R CMD INSTALL flagme ### ############################################################################## ############################################################################## * installing to library ‘/Library/Frameworks/R.framework/Versions/4.3-arm64/Resources/library’ * installing *source* package ‘flagme’ ... ** using staged installation ** libs using C compiler: ‘Apple clang version 15.0.0 (clang-1500.0.40.1)’ using SDK: ‘MacOSX11.3.sdk’ clang -arch arm64 -I"/Library/Frameworks/R.framework/Resources/include" -DNDEBUG -I/opt/R/arm64/include -fPIC -falign-functions=64 -Wall -g -O2 -c dp.c -o dp.o clang -arch arm64 -I"/Library/Frameworks/R.framework/Resources/include" -DNDEBUG -I/opt/R/arm64/include -fPIC -falign-functions=64 -Wall -g -O2 -c init.c -o init.o clang -arch arm64 -I"/Library/Frameworks/R.framework/Resources/include" -DNDEBUG -I/opt/R/arm64/include -fPIC -falign-functions=64 -Wall -g -O2 -c pearson.c -o pearson.o clang -arch arm64 -dynamiclib -Wl,-headerpad_max_install_names -undefined dynamic_lookup -L/Library/Frameworks/R.framework/Resources/lib -L/opt/R/arm64/lib -o flagme.so dp.o init.o pearson.o -F/Library/Frameworks/R.framework/.. -framework R -Wl,-framework -Wl,CoreFoundation installing to /Library/Frameworks/R.framework/Versions/4.3-arm64/Resources/library/00LOCK-flagme/00new/flagme/libs ** R ** inst ** byte-compile and prepare package for lazy loading ** help *** installing help indices ** building package indices ** installing vignettes ** testing if installed package can be loaded from temporary location ** checking absolute paths in shared objects and dynamic libraries ** testing if installed package can be loaded from final location ** testing if installed package keeps a record of temporary installation path * DONE (flagme)
flagme.Rcheck/flagme-Ex.timings
| name | user | system | elapsed | |
| addAMDISPeaks | 6.365 | 0.121 | 6.753 | |
| addChromaTOFPeaks | 5.174 | 0.107 | 5.461 | |
| addXCMSPeaks | 56.516 | 8.290 | 46.516 | |
| betweenAlignment | 0 | 0 | 0 | |
| calcTimeDiffs | 7.480 | 0.315 | 8.083 | |
| clusterAlignment | 6.314 | 0.162 | 6.922 | |
| corPrt | 52.288 | 8.789 | 42.170 | |
| dp | 5.734 | 0.220 | 6.038 | |
| dynRT | 47.865 | 8.527 | 38.572 | |
| gatherInfo | 7.272 | 0.364 | 7.687 | |
| imputePeaks | 8.724 | 0.318 | 9.088 | |
| multipleAlignment-class | 7.025 | 0.256 | 7.300 | |
| ndpRT | 49.294 | 8.889 | 39.980 | |
| normDotProduct | 5.986 | 0.214 | 6.199 | |
| parseChromaTOF | 2.128 | 0.032 | 2.160 | |
| parseELU | 1.681 | 0.012 | 1.693 | |
| peaksAlignment-class | 47.677 | 8.912 | 38.982 | |
| peaksDataset | 5.256 | 0.204 | 5.494 | |
| plotAlignedFrags | 102.777 | 18.050 | 64.494 | |
| plotAlignment-peaksAlignment-method | 52.390 | 9.598 | 43.578 | |
| plotChrom-peaksDataset-method | 8.269 | 0.345 | 8.639 | |
| plotClustAlignment-clusterAlignment-method | 6.147 | 0.171 | 6.327 | |
| plotFrags | 48.690 | 8.829 | 39.995 | |
| plotImage | 3.799 | 0.155 | 3.970 | |
| progressiveAlignment-class | 51.597 | 9.127 | 42.006 | |
| retFatMatrix | 50.431 | 9.170 | 41.280 | |
| rmaFitUnit | 7.128 | 0.396 | 7.546 | |