| Back to Mac ARM64 build report for BioC 3.18 |
|
This page was generated on 2024-04-18 11:32:09 -0400 (Thu, 18 Apr 2024).
| Hostname | OS | Arch (*) | R version | Installed pkgs |
|---|---|---|---|---|
| kjohnson1 | macOS 13.6.1 Ventura | arm64 | 4.3.3 (2024-02-29) -- "Angel Food Cake" | 4388 |
| Click on any hostname to see more info about the system (e.g. compilers) (*) as reported by 'uname -p', except on Windows and Mac OS X | ||||
| Package 622/2266 | Hostname | OS / Arch | INSTALL | BUILD | CHECK | BUILD BIN | ||||||||
| ecolitk 1.74.0 (landing page) Laurent Gautier
| kjohnson1 | macOS 13.6.1 Ventura / arm64 | OK | OK | WARNINGS | OK | ||||||||
|
To the developers/maintainers of the ecolitk package: - Use the following Renviron settings to reproduce errors and warnings. - If 'R CMD check' started to fail recently on the Linux builder(s) over a missing dependency, add the missing dependency to 'Suggests:' in your DESCRIPTION file. See Renviron.bioc for more information. |
| Package: ecolitk |
| Version: 1.74.0 |
| Command: /Library/Frameworks/R.framework/Resources/bin/R CMD check --install=check:ecolitk.install-out.txt --library=/Library/Frameworks/R.framework/Resources/library --no-vignettes --timings ecolitk_1.74.0.tar.gz |
| StartedAt: 2024-04-17 12:37:24 -0400 (Wed, 17 Apr 2024) |
| EndedAt: 2024-04-17 12:38:04 -0400 (Wed, 17 Apr 2024) |
| EllapsedTime: 40.7 seconds |
| RetCode: 0 |
| Status: WARNINGS |
| CheckDir: ecolitk.Rcheck |
| Warnings: 1 |
##############################################################################
##############################################################################
###
### Running command:
###
### /Library/Frameworks/R.framework/Resources/bin/R CMD check --install=check:ecolitk.install-out.txt --library=/Library/Frameworks/R.framework/Resources/library --no-vignettes --timings ecolitk_1.74.0.tar.gz
###
##############################################################################
##############################################################################
* using log directory ‘/Users/biocbuild/bbs-3.18-bioc-mac-arm64/meat/ecolitk.Rcheck’
* using R version 4.3.3 (2024-02-29)
* using platform: aarch64-apple-darwin20 (64-bit)
* R was compiled by
Apple clang version 14.0.0 (clang-1400.0.29.202)
GNU Fortran (GCC) 12.2.0
* running under: macOS Ventura 13.6.1
* using session charset: UTF-8
* using option ‘--no-vignettes’
* checking for file ‘ecolitk/DESCRIPTION’ ... OK
* this is package ‘ecolitk’ version ‘1.74.0’
* checking package namespace information ... OK
* checking package dependencies ... OK
* checking if this is a source package ... OK
* checking if there is a namespace ... OK
* checking for hidden files and directories ... OK
* checking for portable file names ... OK
* checking for sufficient/correct file permissions ... OK
* checking whether package ‘ecolitk’ can be installed ... WARNING
Found the following significant warnings:
Note: possible error in 'strsplit(line, "\t", ': unused argument (extended = TRUE)
See ‘/Users/biocbuild/bbs-3.18-bioc-mac-arm64/meat/ecolitk.Rcheck/00install.out’ for details.
Information on the location(s) of code generating the ‘Note’s can be
obtained by re-running with environment variable R_KEEP_PKG_SOURCE set
to ‘yes’.
* checking installed package size ... OK
* checking package directory ... OK
* checking ‘build’ directory ... OK
* checking DESCRIPTION meta-information ... OK
* checking top-level files ... OK
* checking for left-over files ... OK
* checking index information ... OK
* checking package subdirectories ... OK
* checking R files for non-ASCII characters ... OK
* checking R files for syntax errors ... OK
* checking whether the package can be loaded ... OK
* checking whether the package can be loaded with stated dependencies ... OK
* checking whether the package can be unloaded cleanly ... OK
* checking whether the namespace can be loaded with stated dependencies ... OK
* checking whether the namespace can be unloaded cleanly ... OK
* checking dependencies in R code ... NOTE
'library' or 'require' call to ‘graph’ in package code.
Please use :: or requireNamespace() instead.
See section 'Suggested packages' in the 'Writing R Extensions' manual.
* checking S3 generic/method consistency ... OK
* checking replacement functions ... OK
* checking foreign function calls ... OK
* checking R code for possible problems ... NOTE
.buildGENEPRODFUN: possible error in strsplit(line, "\t", extended =
TRUE): unused argument (extended = TRUE)
* checking Rd files ... NOTE
prepare_Rd: multiFun.Rd:16-18: Dropping empty section \details
prepare_Rd: polar2xy.Rd:28-33: Dropping empty section \value
prepare_Rd: polygonChrom.Rd:59: Dropping empty section \seealso
prepare_Rd: wstringapply.Rd:24-25: Dropping empty section \examples
* checking Rd metadata ... OK
* checking Rd cross-references ... OK
* checking for missing documentation entries ... OK
* checking for code/documentation mismatches ... OK
* checking Rd \usage sections ... OK
* checking Rd contents ... OK
* checking for unstated dependencies in examples ... OK
* checking contents of ‘data’ directory ... OK
* checking data for non-ASCII characters ... OK
* checking data for ASCII and uncompressed saves ... OK
* checking sizes of PDF files under ‘inst/doc’ ... OK
* checking files in ‘vignettes’ ... OK
* checking examples ... OK
* checking for unstated dependencies in vignettes ... OK
* checking package vignettes in ‘inst/doc’ ... OK
* checking running R code from vignettes ... SKIPPED
* checking re-building of vignette outputs ... SKIPPED
* checking PDF version of manual ... OK
* DONE
Status: 1 WARNING, 3 NOTEs
See
‘/Users/biocbuild/bbs-3.18-bioc-mac-arm64/meat/ecolitk.Rcheck/00check.log’
for details.
ecolitk.Rcheck/00install.out
############################################################################## ############################################################################## ### ### Running command: ### ### /Library/Frameworks/R.framework/Resources/bin/R CMD INSTALL ecolitk ### ############################################################################## ############################################################################## * installing to library ‘/Library/Frameworks/R.framework/Versions/4.3-arm64/Resources/library’ * installing *source* package ‘ecolitk’ ... ** using staged installation ** R ** data ** byte-compile and prepare package for lazy loading Note: possible error in 'strsplit(line, "\t", ': unused argument (extended = TRUE) ** help *** installing help indices ** building package indices ** installing vignettes ** testing if installed package can be loaded from temporary location ** testing if installed package can be loaded from final location ** testing if installed package keeps a record of temporary installation path * DONE (ecolitk)
ecolitk.Rcheck/ecolitk-Ex.timings
| name | user | system | elapsed | |
| ecoli.data | 0.159 | 0.010 | 0.169 | |
| ecoligenome.operon | 0.050 | 0.006 | 0.055 | |
| linkedmultiget | 0.078 | 0.007 | 0.085 | |
| multiFun | 0 | 0 | 0 | |
| pointsCircle | 0.055 | 0.006 | 0.062 | |
| polar2xy | 0.031 | 0.001 | 0.033 | |
| polygonChrom | 0.070 | 0.005 | 0.076 | |