| Back to Mac ARM64 build report for BioC 3.18 |
|
This page was generated on 2024-04-18 11:32:08 -0400 (Thu, 18 Apr 2024).
| Hostname | OS | Arch (*) | R version | Installed pkgs |
|---|---|---|---|---|
| kjohnson1 | macOS 13.6.1 Ventura | arm64 | 4.3.3 (2024-02-29) -- "Angel Food Cake" | 4388 |
| Click on any hostname to see more info about the system (e.g. compilers) (*) as reported by 'uname -p', except on Windows and Mac OS X | ||||
| Package 409/2266 | Hostname | OS / Arch | INSTALL | BUILD | CHECK | BUILD BIN | ||||||||
| coMET 1.34.0 (landing page) Tiphaine Martin
| kjohnson1 | macOS 13.6.1 Ventura / arm64 | OK | OK | WARNINGS | OK | ||||||||
|
To the developers/maintainers of the coMET package: - Use the following Renviron settings to reproduce errors and warnings. - If 'R CMD check' started to fail recently on the Linux builder(s) over a missing dependency, add the missing dependency to 'Suggests:' in your DESCRIPTION file. See Renviron.bioc for more information. |
| Package: coMET |
| Version: 1.34.0 |
| Command: /Library/Frameworks/R.framework/Resources/bin/R CMD check --install=check:coMET.install-out.txt --library=/Library/Frameworks/R.framework/Resources/library --no-vignettes --timings coMET_1.34.0.tar.gz |
| StartedAt: 2024-04-17 09:48:16 -0400 (Wed, 17 Apr 2024) |
| EndedAt: 2024-04-17 09:58:19 -0400 (Wed, 17 Apr 2024) |
| EllapsedTime: 602.6 seconds |
| RetCode: 0 |
| Status: WARNINGS |
| CheckDir: coMET.Rcheck |
| Warnings: 1 |
##############################################################################
##############################################################################
###
### Running command:
###
### /Library/Frameworks/R.framework/Resources/bin/R CMD check --install=check:coMET.install-out.txt --library=/Library/Frameworks/R.framework/Resources/library --no-vignettes --timings coMET_1.34.0.tar.gz
###
##############################################################################
##############################################################################
* using log directory ‘/Users/biocbuild/bbs-3.18-bioc-mac-arm64/meat/coMET.Rcheck’
* using R version 4.3.3 (2024-02-29)
* using platform: aarch64-apple-darwin20 (64-bit)
* R was compiled by
Apple clang version 14.0.0 (clang-1400.0.29.202)
GNU Fortran (GCC) 12.2.0
* running under: macOS Ventura 13.6.1
* using session charset: UTF-8
* using option ‘--no-vignettes’
* checking for file ‘coMET/DESCRIPTION’ ... OK
* checking extension type ... Package
* this is package ‘coMET’ version ‘1.34.0’
* checking package namespace information ... OK
* checking package dependencies ... OK
* checking if this is a source package ... OK
* checking if there is a namespace ... OK
* checking for hidden files and directories ... OK
* checking for portable file names ... OK
* checking for sufficient/correct file permissions ... OK
* checking whether package ‘coMET’ can be installed ... WARNING
Found the following significant warnings:
Warning: replacing previous import 'utils::findMatches' by 'S4Vectors::findMatches' when loading 'coMET'
See ‘/Users/biocbuild/bbs-3.18-bioc-mac-arm64/meat/coMET.Rcheck/00install.out’ for details.
* checking installed package size ... NOTE
installed size is 18.9Mb
sub-directories of 1Mb or more:
data 7.6Mb
extdata 10.7Mb
* checking package directory ... OK
* checking ‘build’ directory ... OK
* checking DESCRIPTION meta-information ... OK
* checking top-level files ... NOTE
File
LICENSE
is not mentioned in the DESCRIPTION file.
* checking for left-over files ... OK
* checking index information ... OK
* checking package subdirectories ... OK
* checking R files for non-ASCII characters ... OK
* checking R files for syntax errors ... OK
* checking whether the package can be loaded ... OK
* checking whether the package can be loaded with stated dependencies ... OK
* checking whether the package can be unloaded cleanly ... OK
* checking whether the namespace can be loaded with stated dependencies ... OK
* checking whether the namespace can be unloaded cleanly ... OK
* checking dependencies in R code ... OK
* checking S3 generic/method consistency ... OK
* checking replacement functions ... OK
* checking foreign function calls ... OK
* checking R code for possible problems ... NOTE
draw.plot.annotation : <anonymous>: no visible global function
definition for 'ggplotGrob'
draw.plot.annotation: no visible global function definition for
'viewTracks'
draw.plot.annotation: no visible global function definition for
'trackList'
eQTL: no visible binding for global variable 'chromosome_stop'
eQTL: no visible binding for global variable 'chromosome_start'
eQTL: no visible binding for global variable 'chromosome_name'
eQTL_GTEx: no visible binding for global variable 'snp_pos'
eQTL_GTEx: no visible binding for global variable 'snp_chrom'
eQTL_GTEx: no visible binding for global variable 'gene_start'
eQTL_GTEx: no visible binding for global variable 'gene_stop'
eQTL_GTEx: no visible binding for global variable 'gene_chr'
geneExpression_GTEx: no visible global function definition for 'as'
metQTL: no visible binding for global variable 'chromosome_stop'
metQTL: no visible binding for global variable 'chromosome_start'
metQTL: no visible binding for global variable 'chromosome_name'
pizza: no visible global function definition for 'par'
pizza: no visible global function definition for 'plot.new'
pizza: no visible global function definition for 'plot.window'
pizza: no visible global function definition for 'polygon'
pizza: no visible global function definition for 'lines'
pizza: no visible global function definition for 'text'
psiQTL_GTEx: no visible binding for global variable 'pos_snp'
psiQTL_GTEx: no visible binding for global variable 'chr_snp'
psiQTL_GTEx: no visible binding for global variable 'pos_middle_exon'
psiQTL_GTEx: no visible binding for global variable 'chr_exon'
Undefined global functions or variables:
as chr_exon chr_snp chromosome_name chromosome_start chromosome_stop
gene_chr gene_start gene_stop ggplotGrob lines par plot.new
plot.window polygon pos_middle_exon pos_snp snp_chrom snp_pos text
trackList viewTracks
Consider adding
importFrom("graphics", "lines", "par", "plot.new", "plot.window",
"polygon", "text")
importFrom("methods", "as")
to your NAMESPACE file (and ensure that your DESCRIPTION Imports field
contains 'methods').
* checking Rd files ... NOTE
checkRd: (-1) ChIPTF_ENCODE.Rd:36: Escaped LaTeX specials: \#
* checking Rd metadata ... OK
* checking Rd cross-references ... OK
* checking for missing documentation entries ... OK
* checking for code/documentation mismatches ... OK
* checking Rd \usage sections ... OK
* checking Rd contents ... OK
* checking for unstated dependencies in examples ... OK
* checking contents of ‘data’ directory ... OK
* checking data for non-ASCII characters ... OK
* checking data for ASCII and uncompressed saves ... OK
* checking sizes of PDF files under ‘inst/doc’ ... OK
* checking files in ‘vignettes’ ... OK
* checking examples ... OK
Examples with CPU (user + system) or elapsed time > 5s
user system elapsed
comet.web 9.664 0.303 20.854
coMET-package 7.389 0.178 15.884
* checking for unstated dependencies in ‘tests’ ... OK
* checking tests ...
Running ‘runTests.R’
OK
* checking for unstated dependencies in vignettes ... OK
* checking package vignettes in ‘inst/doc’ ... OK
* checking running R code from vignettes ... SKIPPED
* checking re-building of vignette outputs ... SKIPPED
* checking PDF version of manual ... OK
* DONE
Status: 1 WARNING, 4 NOTEs
See
‘/Users/biocbuild/bbs-3.18-bioc-mac-arm64/meat/coMET.Rcheck/00check.log’
for details.
coMET.Rcheck/00install.out
############################################################################## ############################################################################## ### ### Running command: ### ### /Library/Frameworks/R.framework/Resources/bin/R CMD INSTALL coMET ### ############################################################################## ############################################################################## * installing to library ‘/Library/Frameworks/R.framework/Versions/4.3-arm64/Resources/library’ * installing *source* package ‘coMET’ ... ** using staged installation ** R ** data ** inst ** byte-compile and prepare package for lazy loading Warning: replacing previous import 'utils::findMatches' by 'S4Vectors::findMatches' when loading 'coMET' ** help *** installing help indices ** building package indices ** installing vignettes ** testing if installed package can be loaded from temporary location Warning: replacing previous import 'utils::findMatches' by 'S4Vectors::findMatches' when loading 'coMET' ** testing if installed package can be loaded from final location Warning: replacing previous import 'utils::findMatches' by 'S4Vectors::findMatches' when loading 'coMET' ** testing if installed package keeps a record of temporary installation path * DONE (coMET)
coMET.Rcheck/tests/runTests.Rout
R version 4.3.3 (2024-02-29) -- "Angel Food Cake"
Copyright (C) 2024 The R Foundation for Statistical Computing
Platform: aarch64-apple-darwin20 (64-bit)
R is free software and comes with ABSOLUTELY NO WARRANTY.
You are welcome to redistribute it under certain conditions.
Type 'license()' or 'licence()' for distribution details.
R is a collaborative project with many contributors.
Type 'contributors()' for more information and
'citation()' on how to cite R or R packages in publications.
Type 'demo()' for some demos, 'help()' for on-line help, or
'help.start()' for an HTML browser interface to help.
Type 'q()' to quit R.
> require("coMET") || stop("unable to load Package:coMET")
Loading required package: coMET
Loading required package: grid
Loading required package: biomaRt
Loading required package: Gviz
Loading required package: S4Vectors
Loading required package: stats4
Loading required package: BiocGenerics
Attaching package: 'BiocGenerics'
The following objects are masked from 'package:stats':
IQR, mad, sd, var, xtabs
The following objects are masked from 'package:base':
Filter, Find, Map, Position, Reduce, anyDuplicated, aperm, append,
as.data.frame, basename, cbind, colnames, dirname, do.call,
duplicated, eval, evalq, get, grep, grepl, intersect, is.unsorted,
lapply, mapply, match, mget, order, paste, pmax, pmax.int, pmin,
pmin.int, rank, rbind, rownames, sapply, setdiff, sort, table,
tapply, union, unique, unsplit, which.max, which.min
Attaching package: 'S4Vectors'
The following object is masked from 'package:utils':
findMatches
The following objects are masked from 'package:base':
I, expand.grid, unname
Loading required package: IRanges
Loading required package: GenomicRanges
Loading required package: GenomeInfoDb
Loading required package: psych
Attaching package: 'psych'
The following object is masked from 'package:GenomicRanges':
distance
The following objects are masked from 'package:IRanges':
distance, reflect
[1] TRUE
Warning message:
replacing previous import 'utils::findMatches' by 'S4Vectors::findMatches' when loading 'coMET'
> BiocGenerics:::testPackage("coMET")
RUNIT TEST PROTOCOL -- Wed Apr 17 09:58:05 2024
***********************************************
Number of test functions: 1
Number of errors: 0
Number of failures: 0
1 Test Suite :
coMET RUnit Tests - 1 test function, 0 errors, 0 failures
Number of test functions: 1
Number of errors: 0
Number of failures: 0
>
> proc.time()
user system elapsed
20.360 0.768 21.478
coMET.Rcheck/coMET-Ex.timings
| name | user | system | elapsed | |
| COSMIC_UCSC | 2.378 | 0.025 | 2.431 | |
| ChIPTF_ENCODE | 0.782 | 0.041 | 0.827 | |
| ClinVarCnv_UCSC | 0.432 | 0.009 | 0.442 | |
| ClinVarMain_UCSC | 0.429 | 0.006 | 0.437 | |
| CoreillCNV_UCSC | 0.451 | 0.007 | 0.462 | |
| DNAse_UCSC | 0 | 0 | 0 | |
| DNaseI_FANTOM | 0.794 | 0.011 | 0.814 | |
| DNaseI_RoadMap | 0.241 | 0.006 | 0.248 | |
| GAD_UCSC | 0.460 | 0.006 | 0.470 | |
| GWAScatalog_UCSC | 0.374 | 0.005 | 0.380 | |
| GeneReviews_UCSC | 0.594 | 0.006 | 0.604 | |
| HiCdata2matrix | 0.038 | 0.006 | 0.045 | |
| HistoneAll_UCSC | 4.575 | 0.036 | 4.650 | |
| HistoneOne_UCSC | 0.383 | 0.007 | 0.392 | |
| ISCA_UCSC | 0.486 | 0.007 | 0.498 | |
| TFBS_FANTOM | 0.441 | 0.005 | 0.450 | |
| bindingMotifsBiomart_ENSEMBL | 0.149 | 0.011 | 0.161 | |
| chrUCSC2ENSEMBL | 0.000 | 0.000 | 0.001 | |
| chromHMM_RoadMap | 0.728 | 0.016 | 0.756 | |
| chromatinHMMAll_UCSC | 4.597 | 0.028 | 4.661 | |
| chromatinHMMOne_UCSC | 0.508 | 0.007 | 0.523 | |
| coMET-package | 7.389 | 0.178 | 15.884 | |
| col2HSV | 0.000 | 0.001 | 0.001 | |
| comet | 3.012 | 0.042 | 3.072 | |
| comet.list | 0.701 | 0.015 | 0.724 | |
| comet.web | 9.664 | 0.303 | 20.854 | |
| complementary | 0.026 | 0.002 | 0.027 | |
| cpgIslands_UCSC | 0.136 | 0.004 | 0.140 | |
| dgfootprints_RoadMap | 0.880 | 0.011 | 0.897 | |
| eQTL | 1.425 | 0.016 | 1.452 | |
| eQTL_GTEx | 1.367 | 0.012 | 1.388 | |
| gcContent_UCSC | 1.670 | 0.010 | 1.697 | |
| genesName_ENSEMBL | 0.003 | 0.003 | 0.006 | |
| genes_ENSEMBL | 0.869 | 0.008 | 0.887 | |
| imprintedGenes_GTEx | 3.813 | 0.048 | 3.894 | |
| interestGenes_ENSEMBL | 0.778 | 0.007 | 0.792 | |
| interestTranscript_ENSEMBL | 0.850 | 0.008 | 0.870 | |
| knownGenes_UCSC | 0.943 | 0.007 | 0.956 | |
| metQTL | 1.342 | 0.018 | 1.373 | |
| miRNATargetRegionsBiomart_ENSEMBL | 0.050 | 0.003 | 0.054 | |
| otherRegulatoryRegionsBiomart_ENSEMBL | 0.105 | 0.008 | 0.117 | |
| pizza | 0.006 | 0.001 | 0.008 | |
| psiQTL_GTEx | 1.179 | 0.011 | 1.203 | |
| refGenes_UCSC | 0.939 | 0.007 | 0.957 | |
| regulationBiomart_ENSEMBL | 0.376 | 0.005 | 0.385 | |
| regulatoryEvidenceBiomart_ENSEMBL | 0.148 | 0.012 | 0.166 | |
| regulatoryFeaturesBiomart_ENSEMBL | 0.142 | 0.011 | 0.155 | |
| regulatorySegmentsBiomart_ENSEMBL | 0.148 | 0.011 | 0.160 | |
| repeatMasker_UCSC | 0.545 | 0.005 | 0.555 | |
| segmentalDups_UCSC | 0.424 | 0.005 | 0.441 | |
| setColors | 0 | 0 | 0 | |
| snpBiomart_ENSEMBL | 0.462 | 0.005 | 0.473 | |
| snpLocations_UCSC | 1.083 | 0.007 | 1.095 | |
| structureBiomart_ENSEMBL | 0.430 | 0.006 | 0.437 | |
| transcript_ENSEMBL | 1.343 | 0.009 | 1.360 | |
| xenorefGenes_UCSC | 0.648 | 0.007 | 0.665 | |