| Back to Mac ARM64 build report for BioC 3.18 |
|
This page was generated on 2024-04-18 11:32:06 -0400 (Thu, 18 Apr 2024).
| Hostname | OS | Arch (*) | R version | Installed pkgs |
|---|---|---|---|---|
| kjohnson1 | macOS 13.6.1 Ventura | arm64 | 4.3.3 (2024-02-29) -- "Angel Food Cake" | 4388 |
| Click on any hostname to see more info about the system (e.g. compilers) (*) as reported by 'uname -p', except on Windows and Mac OS X | ||||
| Package 123/2266 | Hostname | OS / Arch | INSTALL | BUILD | CHECK | BUILD BIN | ||||||||
| bandle 1.6.0 (landing page) Oliver M. Crook
| kjohnson1 | macOS 13.6.1 Ventura / arm64 | OK | OK | WARNINGS | OK | ||||||||
|
To the developers/maintainers of the bandle package: - Use the following Renviron settings to reproduce errors and warnings. - If 'R CMD check' started to fail recently on the Linux builder(s) over a missing dependency, add the missing dependency to 'Suggests:' in your DESCRIPTION file. See Renviron.bioc for more information. |
| Package: bandle |
| Version: 1.6.0 |
| Command: /Library/Frameworks/R.framework/Resources/bin/R CMD check --install=check:bandle.install-out.txt --library=/Library/Frameworks/R.framework/Resources/library --no-vignettes --timings bandle_1.6.0.tar.gz |
| StartedAt: 2024-04-17 06:17:31 -0400 (Wed, 17 Apr 2024) |
| EndedAt: 2024-04-17 06:27:33 -0400 (Wed, 17 Apr 2024) |
| EllapsedTime: 602.0 seconds |
| RetCode: 0 |
| Status: WARNINGS |
| CheckDir: bandle.Rcheck |
| Warnings: 1 |
##############################################################################
##############################################################################
###
### Running command:
###
### /Library/Frameworks/R.framework/Resources/bin/R CMD check --install=check:bandle.install-out.txt --library=/Library/Frameworks/R.framework/Resources/library --no-vignettes --timings bandle_1.6.0.tar.gz
###
##############################################################################
##############################################################################
* using log directory ‘/Users/biocbuild/bbs-3.18-bioc-mac-arm64/meat/bandle.Rcheck’
* using R version 4.3.3 (2024-02-29)
* using platform: aarch64-apple-darwin20 (64-bit)
* R was compiled by
Apple clang version 14.0.0 (clang-1400.0.29.202)
GNU Fortran (GCC) 12.2.0
* running under: macOS Ventura 13.6.1
* using session charset: UTF-8
* using option ‘--no-vignettes’
* checking for file ‘bandle/DESCRIPTION’ ... OK
* checking extension type ... Package
* this is package ‘bandle’ version ‘1.6.0’
* package encoding: UTF-8
* checking package namespace information ... OK
* checking package dependencies ... OK
* checking if this is a source package ... OK
* checking if there is a namespace ... OK
* checking for hidden files and directories ... OK
* checking for portable file names ... OK
* checking for sufficient/correct file permissions ... OK
* checking whether package ‘bandle’ can be installed ... WARNING
Found the following significant warnings:
/Library/Frameworks/R.framework/Versions/4.3-arm64/Resources/library/BH/include/boost/math/tools/config.hpp:23:6: warning: "The minimum language standard to use Boost.Math will be C++14 starting in July 2023 (Boost 1.82 release)" [-W#warnings]
# warning "The minimum language standard to use Boost.Math will be C++14 starting in July 2023 (Boost 1.82 release)"
See ‘/Users/biocbuild/bbs-3.18-bioc-mac-arm64/meat/bandle.Rcheck/00install.out’ for details.
* used C++ compiler: ‘Apple clang version 15.0.0 (clang-1500.0.40.1)’
* used SDK: ‘MacOSX11.3.sdk’
* checking C++ specification ... NOTE
Specified C++11: please drop specification unless essential
* checking installed package size ... OK
* checking package directory ... OK
* checking ‘build’ directory ... OK
* checking DESCRIPTION meta-information ... OK
* checking top-level files ... OK
* checking for left-over files ... OK
* checking index information ... OK
* checking package subdirectories ... OK
* checking R files for non-ASCII characters ... OK
* checking R files for syntax errors ... OK
* checking whether the package can be loaded ... OK
* checking whether the package can be loaded with stated dependencies ... OK
* checking whether the package can be unloaded cleanly ... OK
* checking whether the namespace can be loaded with stated dependencies ... OK
* checking whether the namespace can be unloaded cleanly ... OK
* checking dependencies in R code ... NOTE
'library' or 'require' call to ‘Biobase’ which was already attached by Depends.
Please remove these calls from your code.
':::' call which should be '::': ‘dplyr:::summarise’
See the note in ?`:::` about the use of this operator.
* checking S3 generic/method consistency ... OK
* checking replacement functions ... OK
* checking foreign function calls ... OK
* checking R code for possible problems ... OK
* checking Rd files ... OK
* checking Rd metadata ... OK
* checking Rd cross-references ... OK
* checking for missing documentation entries ... OK
* checking for code/documentation mismatches ... OK
* checking Rd \usage sections ... OK
* checking Rd contents ... OK
* checking for unstated dependencies in examples ... OK
* checking line endings in C/C++/Fortran sources/headers ... OK
* checking line endings in Makefiles ... OK
* checking compilation flags in Makevars ... OK
* checking for GNU extensions in Makefiles ... OK
* checking for portable use of $(BLAS_LIBS) and $(LAPACK_LIBS) ... OK
* checking use of PKG_*FLAGS in Makefiles ... OK
* checking compiled code ... NOTE
Note: information on .o files is not available
* checking files in ‘vignettes’ ... OK
* checking examples ... OK
Examples with CPU (user + system) or elapsed time > 5s
user system elapsed
bandle-differentiallocalisation 21.384 0.696 22.127
bandle-gpfit 16.425 0.321 16.800
bandle 9.980 0.313 10.309
bandle-EFDR 9.833 0.456 10.299
bandle-prior 8.062 0.544 8.615
bandle-plots-translocations 7.857 0.203 8.081
bandle-predict 7.469 0.091 7.612
bandle-process 6.954 0.093 7.056
bandle-plots-translocations-table 6.130 0.147 6.312
bandle-plots-convergence 6.148 0.088 6.244
bandle-plots-prob 5.417 0.122 5.541
* checking for unstated dependencies in ‘tests’ ... OK
* checking tests ...
Running ‘spelling.R’
Running ‘testthat.R’
OK
* checking for unstated dependencies in vignettes ... OK
* checking package vignettes in ‘inst/doc’ ... OK
* checking running R code from vignettes ... SKIPPED
* checking re-building of vignette outputs ... SKIPPED
* checking PDF version of manual ... OK
* DONE
Status: 1 WARNING, 3 NOTEs
See
‘/Users/biocbuild/bbs-3.18-bioc-mac-arm64/meat/bandle.Rcheck/00check.log’
for details.
bandle.Rcheck/00install.out
##############################################################################
##############################################################################
###
### Running command:
###
### /Library/Frameworks/R.framework/Resources/bin/R CMD INSTALL bandle
###
##############################################################################
##############################################################################
* installing to library ‘/Library/Frameworks/R.framework/Versions/4.3-arm64/Resources/library’
* installing *source* package ‘bandle’ ...
** using staged installation
** libs
using C++ compiler: ‘Apple clang version 15.0.0 (clang-1500.0.40.1)’
using C++11
using SDK: ‘MacOSX11.3.sdk’
clang++ -arch arm64 -std=gnu++11 -I"/Library/Frameworks/R.framework/Resources/include" -DNDEBUG -I'/Library/Frameworks/R.framework/Versions/4.3-arm64/Resources/library/Rcpp/include' -I'/Library/Frameworks/R.framework/Versions/4.3-arm64/Resources/library/RcppArmadillo/include' -I'/Library/Frameworks/R.framework/Versions/4.3-arm64/Resources/library/BH/include' -I/opt/R/arm64/include -fPIC -falign-functions=64 -Wall -g -O2 -c Bessel2ndKind.cpp -o Bessel2ndKind.o
In file included from Bessel2ndKind.cpp:3:
In file included from /Library/Frameworks/R.framework/Versions/4.3-arm64/Resources/library/BH/include/boost/math/special_functions/bessel.hpp:19:
In file included from /Library/Frameworks/R.framework/Versions/4.3-arm64/Resources/library/BH/include/boost/math/special_functions/math_fwd.hpp:29:
In file included from /Library/Frameworks/R.framework/Versions/4.3-arm64/Resources/library/BH/include/boost/math/special_functions/detail/round_fwd.hpp:11:
/Library/Frameworks/R.framework/Versions/4.3-arm64/Resources/library/BH/include/boost/math/tools/config.hpp:23:6: warning: "The minimum language standard to use Boost.Math will be C++14 starting in July 2023 (Boost 1.82 release)" [-W#warnings]
# warning "The minimum language standard to use Boost.Math will be C++14 starting in July 2023 (Boost 1.82 release)"
^
1 warning generated.
clang++ -arch arm64 -std=gnu++11 -I"/Library/Frameworks/R.framework/Resources/include" -DNDEBUG -I'/Library/Frameworks/R.framework/Versions/4.3-arm64/Resources/library/Rcpp/include' -I'/Library/Frameworks/R.framework/Versions/4.3-arm64/Resources/library/RcppArmadillo/include' -I'/Library/Frameworks/R.framework/Versions/4.3-arm64/Resources/library/BH/include' -I/opt/R/arm64/include -fPIC -falign-functions=64 -Wall -g -O2 -c RcppExports.cpp -o RcppExports.o
clang++ -arch arm64 -std=gnu++11 -I"/Library/Frameworks/R.framework/Resources/include" -DNDEBUG -I'/Library/Frameworks/R.framework/Versions/4.3-arm64/Resources/library/Rcpp/include' -I'/Library/Frameworks/R.framework/Versions/4.3-arm64/Resources/library/RcppArmadillo/include' -I'/Library/Frameworks/R.framework/Versions/4.3-arm64/Resources/library/BH/include' -I/opt/R/arm64/include -fPIC -falign-functions=64 -Wall -g -O2 -c dmvtCpp.cpp -o dmvtCpp.o
clang++ -arch arm64 -std=gnu++11 -I"/Library/Frameworks/R.framework/Resources/include" -DNDEBUG -I'/Library/Frameworks/R.framework/Versions/4.3-arm64/Resources/library/Rcpp/include' -I'/Library/Frameworks/R.framework/Versions/4.3-arm64/Resources/library/RcppArmadillo/include' -I'/Library/Frameworks/R.framework/Versions/4.3-arm64/Resources/library/BH/include' -I/opt/R/arm64/include -fPIC -falign-functions=64 -Wall -g -O2 -c leapfrogGPcpp.cpp -o leapfrogGPcpp.o
clang++ -arch arm64 -std=gnu++11 -I"/Library/Frameworks/R.framework/Resources/include" -DNDEBUG -I'/Library/Frameworks/R.framework/Versions/4.3-arm64/Resources/library/Rcpp/include' -I'/Library/Frameworks/R.framework/Versions/4.3-arm64/Resources/library/RcppArmadillo/include' -I'/Library/Frameworks/R.framework/Versions/4.3-arm64/Resources/library/BH/include' -I/opt/R/arm64/include -fPIC -falign-functions=64 -Wall -g -O2 -c pg_sample.cpp -o pg_sample.o
clang++ -arch arm64 -std=gnu++11 -dynamiclib -Wl,-headerpad_max_install_names -undefined dynamic_lookup -L/Library/Frameworks/R.framework/Resources/lib -L/opt/R/arm64/lib -o bandle.so Bessel2ndKind.o RcppExports.o dmvtCpp.o leapfrogGPcpp.o pg_sample.o -L/Library/Frameworks/R.framework/Resources/lib -lRlapack -L/Library/Frameworks/R.framework/Resources/lib -lRblas -L/opt/gfortran/lib/gcc/aarch64-apple-darwin20.0/12.2.0 -L/opt/gfortran/lib -lgfortran -lemutls_w -lquadmath -F/Library/Frameworks/R.framework/.. -framework R -Wl,-framework -Wl,CoreFoundation
installing to /Library/Frameworks/R.framework/Versions/4.3-arm64/Resources/library/00LOCK-bandle/00new/bandle/libs
** R
** inst
** byte-compile and prepare package for lazy loading
Creating a generic function from function ‘posteriorEstimates’ in package ‘bandle’
Creating a generic function from function ‘bandleJoint’ in package ‘bandle’
** help
*** installing help indices
** building package indices
** installing vignettes
** testing if installed package can be loaded from temporary location
** checking absolute paths in shared objects and dynamic libraries
** testing if installed package can be loaded from final location
** testing if installed package keeps a record of temporary installation path
* DONE (bandle)
bandle.Rcheck/tests/spelling.Rout
R version 4.3.3 (2024-02-29) -- "Angel Food Cake"
Copyright (C) 2024 The R Foundation for Statistical Computing
Platform: aarch64-apple-darwin20 (64-bit)
R is free software and comes with ABSOLUTELY NO WARRANTY.
You are welcome to redistribute it under certain conditions.
Type 'license()' or 'licence()' for distribution details.
R is a collaborative project with many contributors.
Type 'contributors()' for more information and
'citation()' on how to cite R or R packages in publications.
Type 'demo()' for some demos, 'help()' for on-line help, or
'help.start()' for an HTML browser interface to help.
Type 'q()' to quit R.
> #if(requireNamespace('spelling', quietly = TRUE))
> # spelling::spell_check_test(vignettes = TRUE, error = FALSE,
> # skip_on_cran = TRUE)
>
> proc.time()
user system elapsed
0.227 0.054 0.264
bandle.Rcheck/tests/testthat.Rout
R version 4.3.3 (2024-02-29) -- "Angel Food Cake"
Copyright (C) 2024 The R Foundation for Statistical Computing
Platform: aarch64-apple-darwin20 (64-bit)
R is free software and comes with ABSOLUTELY NO WARRANTY.
You are welcome to redistribute it under certain conditions.
Type 'license()' or 'licence()' for distribution details.
R is a collaborative project with many contributors.
Type 'contributors()' for more information and
'citation()' on how to cite R or R packages in publications.
Type 'demo()' for some demos, 'help()' for on-line help, or
'help.start()' for an HTML browser interface to help.
Type 'q()' to quit R.
> # The setting of R_TESTS exists to work around an R bug. See
> # https://github.com/hadley/testthat/issues/144
> # We should remove it when the issue is resolved.
> Sys.setenv("R_TESTS" = "")
>
> library("testthat")
> library("bandle")
Loading required package: S4Vectors
Loading required package: stats4
Loading required package: BiocGenerics
Attaching package: 'BiocGenerics'
The following objects are masked from 'package:stats':
IQR, mad, sd, var, xtabs
The following objects are masked from 'package:base':
Filter, Find, Map, Position, Reduce, anyDuplicated, aperm, append,
as.data.frame, basename, cbind, colnames, dirname, do.call,
duplicated, eval, evalq, get, grep, grepl, intersect, is.unsorted,
lapply, mapply, match, mget, order, paste, pmax, pmax.int, pmin,
pmin.int, rank, rbind, rownames, sapply, setdiff, sort, table,
tapply, union, unique, unsplit, which.max, which.min
Attaching package: 'S4Vectors'
The following object is masked from 'package:utils':
findMatches
The following objects are masked from 'package:base':
I, expand.grid, unname
Loading required package: Biobase
Welcome to Bioconductor
Vignettes contain introductory material; view with
'browseVignettes()'. To cite Bioconductor, see
'citation("Biobase")', and for packages 'citation("pkgname")'.
Loading required package: MSnbase
Loading required package: mzR
Loading required package: Rcpp
Loading required package: ProtGenerics
Attaching package: 'ProtGenerics'
The following object is masked from 'package:stats':
smooth
This is MSnbase version 2.28.1
Visit https://lgatto.github.io/MSnbase/ to get started.
Attaching package: 'MSnbase'
The following object is masked from 'package:base':
trimws
Loading required package: pRoloc
Loading required package: MLInterfaces
Loading required package: annotate
Loading required package: AnnotationDbi
Loading required package: IRanges
Loading required package: XML
Attaching package: 'annotate'
The following object is masked from 'package:mzR':
nChrom
Loading required package: cluster
Loading required package: BiocParallel
This is pRoloc version 1.42.0
Visit https://lgatto.github.io/pRoloc/ to get started.
Attaching package: 'bandle'
The following object is masked from 'package:pRoloc':
spatial2D
> library("pRolocdata")
This is pRolocdata version 1.40.0.
Use 'pRolocdata()' to list available data sets.
>
> test_check("bandle")
[1] "markers"
[1] "markers"
[1] "markers"
|
| | 0%
|
|============== | 20%
|
|============================ | 40%
|
|========================================== | 60%[1] "markers"
[1] "markers"
|
| | 0%
|
|============== | 20%
|
|============================ | 40%
|
|========================================== | 60%[1] "xx"
[1] "xx"
|
| | 0%
|
|============== | 20%
|
|============================ | 40%
|
|========================================== | 60%[1] "xx"
[1] "xx"
|
| | 0%
|
|============== | 20%
|
|============================ | 40%
|
|========================================== | 60%[1] "markers"
[1] "markers"
|
| | 0%
|
|============== | 20%
|
|============================ | 40%
|
|========================================== | 60%[1] "markers"
[1] "markers"
|
| | 0%
|
|============== | 20%
|
|============================ | 40%
|
|========================================== | 60%[1] "xx"
[1] "xx"
|
| | 0%
|
|============== | 20%
|
|============================ | 40%
|
|========================================== | 60%[1] "xx"
[1] "xx"
|
| | 0%
|
|============== | 20%
|
|============================ | 40%
|
|========================================== | 60%[1] "markers"
[1] "markers"
|
| | 0%
|
|============== | 20%
|
|============================ | 40%
|
|========================================== | 60%[1] "markers"
[1] "markers"
|
| | 0%
|
|============== | 20%
|
|============================ | 40%
|
|========================================== | 60%[1] "xx"
[1] "xx"
|
| | 0%
|
|============== | 20%
|
|============================ | 40%
|
|========================================== | 60%[1] "xx"
[1] "xx"
|
| | 0%
|
|============== | 20%
|
|============================ | 40%
|
|========================================== | 60%[1] "markers"
[1] "markers"
|
| | 0%
|
|============== | 20%
|
|============================ | 40%
|
|========================================== | 60%[1] "markers"
[1] "markers"
|
| | 0%
|
|============== | 20%
|
|============================ | 40%
|
|========================================== | 60%[1] "xx"
[1] "xx"
|
| | 0%
|
|============== | 20%
|
|============================ | 40%
|
|========================================== | 60%[1] "xx"
[1] "xx"
|
| | 0%
|
|============== | 20%
|
|============================ | 40%
|
|========================================== | 60%[1] "markers"
[1] "markers"
|
| | 0%
|
|==== | 5%
|
|======= | 10%
|
|========== | 15%
|
|============== | 20%
|
|================== | 25%
|
|===================== | 30%
|
|======================== | 35%
|
|============================ | 40%
|
|================================ | 45%
|
|=================================== | 50%
|
|====================================== | 55%
|
|========================================== | 60%
|
|============================================== | 65%
|
|================================================= | 70%
|
|==================================================== | 75%
|
|======================================================== | 80%
|
|============================================================ | 85%
|
|=============================================================== | 90%[1] "markers"
[1] "markers"
|
| | 0%
|
|==== | 5%
|
|======= | 10%
|
|========== | 15%
|
|============== | 20%
|
|================== | 25%
|
|===================== | 30%
|
|======================== | 35%
|
|============================ | 40%
|
|================================ | 45%
|
|=================================== | 50%
|
|====================================== | 55%
|
|========================================== | 60%
|
|============================================== | 65%
|
|================================================= | 70%
|
|==================================================== | 75%
|
|======================================================== | 80%
|
|============================================================ | 85%
|
|=============================================================== | 90%[1] "xx"
[1] "xx"
|
| | 0%
|
|==== | 5%
|
|======= | 10%
|
|========== | 15%
|
|============== | 20%
|
|================== | 25%
|
|===================== | 30%
|
|======================== | 35%
|
|============================ | 40%
|
|================================ | 45%
|
|=================================== | 50%
|
|====================================== | 55%
|
|========================================== | 60%
|
|============================================== | 65%
|
|================================================= | 70%
|
|==================================================== | 75%
|
|======================================================== | 80%
|
|============================================================ | 85%
|
|=============================================================== | 90%[1] "xx"
[1] "xx"
|
| | 0%
|
|==== | 5%
|
|======= | 10%
|
|========== | 15%
|
|============== | 20%
|
|================== | 25%
|
|===================== | 30%
|
|======================== | 35%
|
|============================ | 40%
|
|================================ | 45%
|
|=================================== | 50%
|
|====================================== | 55%
|
|========================================== | 60%
|
|============================================== | 65%
|
|================================================= | 70%
|
|==================================================== | 75%
|
|======================================================== | 80%
|
|============================================================ | 85%
|
|=============================================================== | 90%[1] "markers"
[1] "markers"
[1] "markers"
|
| | 0%
|
|============== | 20%
|
|============================ | 40%
|
|========================================== | 60%[1] "markers"
[1] "markers"
|
| | 0%
|
|============== | 20%
|
|============================ | 40%
|
|========================================== | 60%[1] "markers"
[1] "markers"
|
| | 0%
|
|============== | 20%
|
|============================ | 40%
|
|========================================== | 60%[1] "markers"
[1] "markers"
|
| | 0%
|
|============== | 20%
|
|============================ | 40%
|
|========================================== | 60%[1] "markers"
[1] "markers"
[1] "markers"
|
| | 0%
|
|======= | 10%
|
|============== | 20%
|
|===================== | 30%
|
|============================ | 40%
|
|=================================== | 50%
|
|========================================== | 60%
|
|================================================= | 70%
|
|======================================================== | 80%[1] "markers"
[1] "markers"
|
| | 0%
|
|======= | 10%
|
|============== | 20%
|
|===================== | 30%
|
|============================ | 40%
|
|=================================== | 50%
|
|========================================== | 60%
|
|================================================= | 70%
|
|======================================================== | 80%[1] "markers"
[1] "markers"
|
| | 0%
|
|======= | 10%
|
|============== | 20%
|
|===================== | 30%
|
|============================ | 40%
|
|=================================== | 50%
|
|========================================== | 60%
|
|================================================= | 70%
|
|======================================================== | 80%[1] "markers"
[1] "markers"
|
| | 0%
|
|======= | 10%
|
|============== | 20%
|
|===================== | 30%
|
|============================ | 40%
|
|=================================== | 50%
|
|========================================== | 60%
|
|================================================= | 70%
|
|======================================================== | 80%[1] "markers"
[1] "markers"
|
| | 0%
|
|======= | 10%
|
|============== | 20%
|
|===================== | 30%
|
|============================ | 40%
|
|=================================== | 50%
|
|========================================== | 60%
|
|================================================= | 70%
|
|======================================================== | 80%[1] "markers"
[1] "markers"
|
| | 0%
|
|======= | 10%
|
|============== | 20%
|
|===================== | 30%
|
|============================ | 40%
|
|=================================== | 50%
|
|========================================== | 60%
|
|================================================= | 70%
|
|======================================================== | 80%[1] "markers"
[1] "markers"
[1] "markers"
[1] "markers"
[ FAIL 0 | WARN 0 | SKIP 0 | PASS 36 ]
>
> proc.time()
user system elapsed
115.509 5.616 121.687
bandle.Rcheck/bandle-Ex.timings
| name | user | system | elapsed | |
| bandle-EFDR | 9.833 | 0.456 | 10.299 | |
| bandle-cpp | 0.001 | 0.000 | 0.001 | |
| bandle-differentiallocalisation | 21.384 | 0.696 | 22.127 | |
| bandle-gp | 0.000 | 0.000 | 0.001 | |
| bandle-gpfit | 16.425 | 0.321 | 16.800 | |
| bandle-internal | 0.455 | 0.014 | 0.474 | |
| bandle-meanOrganelle | 0.043 | 0.005 | 0.049 | |
| bandle-plots-convergence | 6.148 | 0.088 | 6.244 | |
| bandle-plots-prob | 5.417 | 0.122 | 5.541 | |
| bandle-plots-spatial | 0 | 0 | 0 | |
| bandle-plots-translocations-table | 6.130 | 0.147 | 6.312 | |
| bandle-plots-translocations | 7.857 | 0.203 | 8.081 | |
| bandle-predict | 7.469 | 0.091 | 7.612 | |
| bandle-prior | 8.062 | 0.544 | 8.615 | |
| bandle-process | 6.954 | 0.093 | 7.056 | |
| bandle-sim | 0.423 | 0.009 | 0.432 | |
| bandle | 9.980 | 0.313 | 10.309 | |
| method-mr | 1.903 | 0.045 | 1.948 | |