| Back to Mac ARM64 build report for BioC 3.18 |
|
This page was generated on 2024-04-18 11:32:19 -0400 (Thu, 18 Apr 2024).
| Hostname | OS | Arch (*) | R version | Installed pkgs |
|---|---|---|---|---|
| kjohnson1 | macOS 13.6.1 Ventura | arm64 | 4.3.3 (2024-02-29) -- "Angel Food Cake" | 4388 |
| Click on any hostname to see more info about the system (e.g. compilers) (*) as reported by 'uname -p', except on Windows and Mac OS X | ||||
| Package 1984/2266 | Hostname | OS / Arch | INSTALL | BUILD | CHECK | BUILD BIN | ||||||||
| SMAD 1.18.0 (landing page) Qingzhou Zhang
| kjohnson1 | macOS 13.6.1 Ventura / arm64 | OK | OK | WARNINGS | OK | ||||||||
|
To the developers/maintainers of the SMAD package: - Use the following Renviron settings to reproduce errors and warnings. - If 'R CMD check' started to fail recently on the Linux builder(s) over a missing dependency, add the missing dependency to 'Suggests:' in your DESCRIPTION file. See Renviron.bioc for more information. |
| Package: SMAD |
| Version: 1.18.0 |
| Command: /Library/Frameworks/R.framework/Resources/bin/R CMD check --install=check:SMAD.install-out.txt --library=/Library/Frameworks/R.framework/Resources/library --no-vignettes --timings SMAD_1.18.0.tar.gz |
| StartedAt: 2024-04-18 04:22:26 -0400 (Thu, 18 Apr 2024) |
| EndedAt: 2024-04-18 04:23:30 -0400 (Thu, 18 Apr 2024) |
| EllapsedTime: 64.0 seconds |
| RetCode: 0 |
| Status: WARNINGS |
| CheckDir: SMAD.Rcheck |
| Warnings: 1 |
##############################################################################
##############################################################################
###
### Running command:
###
### /Library/Frameworks/R.framework/Resources/bin/R CMD check --install=check:SMAD.install-out.txt --library=/Library/Frameworks/R.framework/Resources/library --no-vignettes --timings SMAD_1.18.0.tar.gz
###
##############################################################################
##############################################################################
* using log directory ‘/Users/biocbuild/bbs-3.18-bioc-mac-arm64/meat/SMAD.Rcheck’
* using R version 4.3.3 (2024-02-29)
* using platform: aarch64-apple-darwin20 (64-bit)
* R was compiled by
Apple clang version 14.0.0 (clang-1400.0.29.202)
GNU Fortran (GCC) 12.2.0
* running under: macOS Ventura 13.6.1
* using session charset: UTF-8
* using option ‘--no-vignettes’
* checking for file ‘SMAD/DESCRIPTION’ ... OK
* checking extension type ... Package
* this is package ‘SMAD’ version ‘1.18.0’
* package encoding: UTF-8
* checking package namespace information ... OK
* checking package dependencies ... OK
* checking if this is a source package ... OK
* checking if there is a namespace ... OK
* checking for hidden files and directories ... OK
* checking for portable file names ... OK
* checking for sufficient/correct file permissions ... OK
* checking whether package ‘SMAD’ can be installed ... WARNING
Found the following significant warnings:
GetDICE.cpp:16:12: warning: use of bitwise '&' with boolean operands [-Wbitwise-instead-of-logical]
GetDICE.cpp:18:19: warning: use of bitwise '&' with boolean operands [-Wbitwise-instead-of-logical]
GetDICE.cpp:20:19: warning: use of bitwise '&' with boolean operands [-Wbitwise-instead-of-logical]
See ‘/Users/biocbuild/bbs-3.18-bioc-mac-arm64/meat/SMAD.Rcheck/00install.out’ for details.
* used C++ compiler: ‘Apple clang version 15.0.0 (clang-1500.0.40.1)’
* used SDK: ‘MacOSX11.3.sdk’
* checking installed package size ... OK
* checking package directory ... OK
* checking ‘build’ directory ... OK
* checking DESCRIPTION meta-information ... OK
* checking top-level files ... OK
* checking for left-over files ... OK
* checking index information ... OK
* checking package subdirectories ... OK
* checking R files for non-ASCII characters ... OK
* checking R files for syntax errors ... OK
* checking whether the package can be loaded ... OK
* checking whether the package can be loaded with stated dependencies ... OK
* checking whether the package can be unloaded cleanly ... OK
* checking whether the namespace can be loaded with stated dependencies ... OK
* checking whether the namespace can be unloaded cleanly ... OK
* checking dependencies in R code ... OK
* checking S3 generic/method consistency ... OK
* checking replacement functions ... OK
* checking foreign function calls ... OK
* checking R code for possible problems ... OK
* checking Rd files ... OK
* checking Rd metadata ... OK
* checking Rd cross-references ... OK
* checking for missing documentation entries ... OK
* checking for code/documentation mismatches ... OK
* checking Rd \usage sections ... OK
* checking Rd contents ... OK
* checking for unstated dependencies in examples ... OK
* checking contents of ‘data’ directory ... OK
* checking data for non-ASCII characters ... OK
* checking LazyData ... OK
* checking data for ASCII and uncompressed saves ... OK
* checking line endings in C/C++/Fortran sources/headers ... OK
* checking compiled code ... NOTE
Note: information on .o files is not available
* checking files in ‘vignettes’ ... OK
* checking examples ... OK
Examples with CPU (user + system) or elapsed time > 5s
user system elapsed
PE 13.098 1.010 14.437
Hart 4.562 0.492 5.067
* checking for unstated dependencies in ‘tests’ ... OK
* checking tests ...
Running ‘testthat.R’
OK
* checking for unstated dependencies in vignettes ... OK
* checking package vignettes in ‘inst/doc’ ... OK
* checking running R code from vignettes ... SKIPPED
* checking re-building of vignette outputs ... SKIPPED
* checking PDF version of manual ... OK
* DONE
Status: 1 WARNING, 1 NOTE
See
‘/Users/biocbuild/bbs-3.18-bioc-mac-arm64/meat/SMAD.Rcheck/00check.log’
for details.
SMAD.Rcheck/00install.out
##############################################################################
##############################################################################
###
### Running command:
###
### /Library/Frameworks/R.framework/Resources/bin/R CMD INSTALL SMAD
###
##############################################################################
##############################################################################
* installing to library ‘/Library/Frameworks/R.framework/Versions/4.3-arm64/Resources/library’
* installing *source* package ‘SMAD’ ...
** using staged installation
** libs
using C++ compiler: ‘Apple clang version 15.0.0 (clang-1500.0.40.1)’
using SDK: ‘MacOSX11.3.sdk’
clang++ -arch arm64 -std=gnu++17 -I"/Library/Frameworks/R.framework/Resources/include" -DNDEBUG -I'/Library/Frameworks/R.framework/Versions/4.3-arm64/Resources/library/Rcpp/include' -I/opt/R/arm64/include -fPIC -falign-functions=64 -Wall -g -O2 -c GetDICE.cpp -o GetDICE.o
GetDICE.cpp:16:12: warning: use of bitwise '&' with boolean operands [-Wbitwise-instead-of-logical]
if((mat(r, c1) == 1) & (mat(r, c2) == 1)){
^~~~~~~~~~~~~~~~~~~~~~~~~~~~~~~~~~~~~
&&
GetDICE.cpp:16:12: note: cast one or both operands to int to silence this warning
GetDICE.cpp:18:19: warning: use of bitwise '&' with boolean operands [-Wbitwise-instead-of-logical]
} else if((mat(r, c1) == 1) & (mat(r, c2) == 0)){
^~~~~~~~~~~~~~~~~~~~~~~~~~~~~~~~~~~~~
&&
GetDICE.cpp:18:19: note: cast one or both operands to int to silence this warning
GetDICE.cpp:20:19: warning: use of bitwise '&' with boolean operands [-Wbitwise-instead-of-logical]
} else if((mat(r, c1) == 0) & (mat(r, c2) == 1)){
^~~~~~~~~~~~~~~~~~~~~~~~~~~~~~~~~~~~~
&&
GetDICE.cpp:20:19: note: cast one or both operands to int to silence this warning
3 warnings generated.
clang++ -arch arm64 -std=gnu++17 -I"/Library/Frameworks/R.framework/Resources/include" -DNDEBUG -I'/Library/Frameworks/R.framework/Versions/4.3-arm64/Resources/library/Rcpp/include' -I/opt/R/arm64/include -fPIC -falign-functions=64 -Wall -g -O2 -c GetPPN.cpp -o GetPPN.o
clang++ -arch arm64 -std=gnu++17 -I"/Library/Frameworks/R.framework/Resources/include" -DNDEBUG -I'/Library/Frameworks/R.framework/Versions/4.3-arm64/Resources/library/Rcpp/include' -I/opt/R/arm64/include -fPIC -falign-functions=64 -Wall -g -O2 -c RcppExports.cpp -o RcppExports.o
clang++ -arch arm64 -std=gnu++17 -dynamiclib -Wl,-headerpad_max_install_names -undefined dynamic_lookup -L/Library/Frameworks/R.framework/Resources/lib -L/opt/R/arm64/lib -o SMAD.so GetDICE.o GetPPN.o RcppExports.o -F/Library/Frameworks/R.framework/.. -framework R -Wl,-framework -Wl,CoreFoundation
installing to /Library/Frameworks/R.framework/Versions/4.3-arm64/Resources/library/00LOCK-SMAD/00new/SMAD/libs
** R
** data
*** moving datasets to lazyload DB
** byte-compile and prepare package for lazy loading
** help
*** installing help indices
** building package indices
** installing vignettes
** testing if installed package can be loaded from temporary location
** checking absolute paths in shared objects and dynamic libraries
** testing if installed package can be loaded from final location
** testing if installed package keeps a record of temporary installation path
* DONE (SMAD)
SMAD.Rcheck/tests/testthat.Rout
R version 4.3.3 (2024-02-29) -- "Angel Food Cake"
Copyright (C) 2024 The R Foundation for Statistical Computing
Platform: aarch64-apple-darwin20 (64-bit)
R is free software and comes with ABSOLUTELY NO WARRANTY.
You are welcome to redistribute it under certain conditions.
Type 'license()' or 'licence()' for distribution details.
R is a collaborative project with many contributors.
Type 'contributors()' for more information and
'citation()' on how to cite R or R packages in publications.
Type 'demo()' for some demos, 'help()' for on-line help, or
'help.start()' for an HTML browser interface to help.
Type 'q()' to quit R.
> library(testthat)
> library(SMAD)
Loading required package: RcppAlgos
>
> test_check("SMAD")
[ FAIL 0 | WARN 0 | SKIP 0 | PASS 2 ]
>
> proc.time()
user system elapsed
1.297 0.146 1.470
SMAD.Rcheck/SMAD-Ex.timings
| name | user | system | elapsed | |
| CompPASS | 0.486 | 0.015 | 0.501 | |
| DICE | 2.542 | 0.061 | 2.604 | |
| HG | 0.801 | 0.037 | 0.844 | |
| Hart | 4.562 | 0.492 | 5.067 | |
| PE | 13.098 | 1.010 | 14.437 | |