| Back to Mac ARM64 build report for BioC 3.18 |
|
This page was generated on 2024-03-07 14:39:59 -0500 (Thu, 07 Mar 2024).
| Hostname | OS | Arch (*) | R version | Installed pkgs |
|---|---|---|---|---|
| kjohnson1 | macOS 13.6.1 Ventura | arm64 | 4.3.2 (2023-10-31) -- "Eye Holes" | 4346 |
| Click on any hostname to see more info about the system (e.g. compilers) (*) as reported by 'uname -p', except on Windows and Mac OS X | ||||
| Package 1297/2266 | Hostname | OS / Arch | INSTALL | BUILD | CHECK | BUILD BIN | ||||||||
| MOFA2 1.12.1 (landing page) Ricard Argelaguet
| kjohnson1 | macOS 13.6.1 Ventura / arm64 | OK | OK | WARNINGS | OK | ||||||||
|
To the developers/maintainers of the MOFA2 package: - Use the following Renviron settings to reproduce errors and warnings. - If 'R CMD check' started to fail recently on the Linux builder(s) over a missing dependency, add the missing dependency to 'Suggests:' in your DESCRIPTION file. See Renviron.bioc for more information. |
| Package: MOFA2 |
| Version: 1.12.1 |
| Command: /Library/Frameworks/R.framework/Resources/bin/R CMD check --install=check:MOFA2.install-out.txt --library=/Library/Frameworks/R.framework/Resources/library --no-vignettes --timings MOFA2_1.12.1.tar.gz |
| StartedAt: 2024-03-06 19:52:26 -0500 (Wed, 06 Mar 2024) |
| EndedAt: 2024-03-06 19:56:23 -0500 (Wed, 06 Mar 2024) |
| EllapsedTime: 236.6 seconds |
| RetCode: 0 |
| Status: WARNINGS |
| CheckDir: MOFA2.Rcheck |
| Warnings: 1 |
##############################################################################
##############################################################################
###
### Running command:
###
### /Library/Frameworks/R.framework/Resources/bin/R CMD check --install=check:MOFA2.install-out.txt --library=/Library/Frameworks/R.framework/Resources/library --no-vignettes --timings MOFA2_1.12.1.tar.gz
###
##############################################################################
##############################################################################
* using log directory ‘/Users/biocbuild/bbs-3.18-bioc-mac-arm64/meat/MOFA2.Rcheck’
* using R version 4.3.2 (2023-10-31)
* using platform: aarch64-apple-darwin20 (64-bit)
* R was compiled by
Apple clang version 14.0.0 (clang-1400.0.29.202)
GNU Fortran (GCC) 12.2.0
* running under: macOS Ventura 13.6.1
* using session charset: UTF-8
* using option ‘--no-vignettes’
* checking for file ‘MOFA2/DESCRIPTION’ ... OK
* checking extension type ... Package
* this is package ‘MOFA2’ version ‘1.12.1’
* package encoding: UTF-8
* checking package namespace information ... OK
* checking package dependencies ... OK
* checking if this is a source package ... OK
* checking if there is a namespace ... OK
* checking for hidden files and directories ... OK
* checking for portable file names ... OK
* checking for sufficient/correct file permissions ... OK
* checking whether package ‘MOFA2’ can be installed ... NOTE
Found the following notes/warnings:
Non-staged installation was used
See ‘/Users/biocbuild/bbs-3.18-bioc-mac-arm64/meat/MOFA2.Rcheck/00install.out’ for details.
* checking installed package size ... OK
* checking package directory ... OK
* checking ‘build’ directory ... OK
* checking DESCRIPTION meta-information ... OK
* checking top-level files ... OK
* checking for left-over files ... OK
* checking index information ... OK
* checking package subdirectories ... OK
* checking R files for non-ASCII characters ... OK
* checking R files for syntax errors ... OK
* checking whether the package can be loaded ... OK
* checking whether the package can be loaded with stated dependencies ... OK
* checking whether the package can be unloaded cleanly ... OK
* checking whether the namespace can be loaded with stated dependencies ... OK
* checking whether the namespace can be unloaded cleanly ... OK
* checking dependencies in R code ... OK
* checking S3 generic/method consistency ... OK
* checking replacement functions ... OK
* checking foreign function calls ... OK
* checking R code for possible problems ... NOTE
.plot_factors_vs_cov_1d: no visible binding for global variable
‘value.factor’
.plot_factors_vs_cov_1d: no visible binding for global variable
‘value_scaled’
.plot_factors_vs_cov_1d: no visible binding for global variable
‘value.covariate’
.plot_factors_vs_cov_1d: no visible binding for global variable ‘value’
.plot_factors_vs_cov_2d: no visible binding for global variable
‘value.factor’
.set_xax: no visible binding for global variable ‘value’
add_mofa_factors_to_seurat: no visible global function definition for
‘CreateDimReducObject’
create_mofa_from_SingleCellExperiment: no visible global function
definition for ‘colData’
get_interpolated_factors: no visible binding for global variable ‘L1’
get_interpolated_factors: no visible binding for global variable ‘L2’
get_interpolated_factors: no visible binding for global variable
‘value’
get_interpolated_factors: no visible binding for global variable
‘covariate’
get_interpolated_factors: no visible binding for global variable
‘covariate_value’
get_interpolated_factors: no visible binding for global variable
‘sample_id’
interpolate_factors: no visible binding for global variable ‘.’
plot_alignment: no visible binding for global variable ‘group’
plot_alignment: no visible binding for global variable ‘value.warped’
plot_alignment: no visible binding for global variable
‘value.unaligned’
plot_contribution_scores: no visible binding for global variable ‘view’
plot_data_overview: no visible binding for global variable ‘view’
plot_data_overview: no visible binding for global variable ‘ptotal’
plot_data_overview: no visible binding for global variable ‘ntotal’
plot_data_overview: no visible binding for global variable ‘group’
plot_data_overview: no visible binding for global variable
‘group_label’
plot_dimred: no visible binding for global variable ‘.’
plot_enrichment_detailed: no visible binding for global variable
‘pathway’
plot_enrichment_detailed: no visible binding for global variable
‘feature.statistic’
plot_factors_vs_cov: no visible binding for global variable ‘E2’
plot_factors_vs_cov: no visible binding for global variable ‘value’
plot_interpolation_vs_covariate: no visible binding for global variable
‘variance’
plot_interpolation_vs_covariate: no visible binding for global variable
‘group’
plot_interpolation_vs_covariate: no visible binding for global variable
‘value.covariate’
plot_interpolation_vs_covariate: no visible binding for global variable
‘value.factor’
plot_interpolation_vs_covariate: no visible binding for global variable
‘ymin’
plot_interpolation_vs_covariate: no visible binding for global variable
‘ymax’
plot_sharedness: no visible binding for global variable ‘sharedness’
plot_sharedness: no visible binding for global variable ‘value’
plot_smoothness: no visible binding for global variable ‘value’
plot_smoothness: no visible binding for global variable ‘smoothness’
plot_top_weights: no visible binding for global variable ‘value’
plot_weights: no visible binding for global variable ‘value’
plot_weights: no visible binding for global variable ‘.’
summarise_factors: no visible binding for global variable ‘value’
summarise_factors: no visible binding for global variable ‘level’
summarise_factors: no visible binding for global variable ‘group’
Undefined global functions or variables:
. CreateDimReducObject E2 L1 L2 colData covariate covariate_value
feature.statistic group group_label level ntotal pathway ptotal
sample_id sharedness smoothness value value.covariate value.factor
value.unaligned value.warped value_scaled variance view ymax ymin
* checking Rd files ... OK
* checking Rd metadata ... OK
* checking Rd cross-references ... NOTE
Package unavailable to check Rd xrefs: ‘PCGSE’
* checking for missing documentation entries ... OK
* checking for code/documentation mismatches ... WARNING
Codoc mismatches from documentation object 'create_mofa_from_Seurat':
create_mofa_from_Seurat
Code: function(seurat, groups = NULL, assays = NULL, layer = "data",
features = NULL, extract_metadata = FALSE)
Docs: function(seurat, groups = NULL, assays = NULL, slot =
"scale.data", features = NULL, extract_metadata =
FALSE)
Argument names in code not in docs:
layer
Argument names in docs not in code:
slot
Mismatches in argument names:
Position: 4 Code: layer Docs: slot
* checking Rd \usage sections ... OK
* checking Rd contents ... OK
* checking for unstated dependencies in examples ... OK
* checking line endings in shell scripts ... OK
* checking files in ‘vignettes’ ... OK
* checking examples ... OK
* checking for unstated dependencies in ‘tests’ ... OK
* checking tests ...
Running ‘testthat.R’
OK
* checking for unstated dependencies in vignettes ... OK
* checking package vignettes in ‘inst/doc’ ... OK
* checking running R code from vignettes ... SKIPPED
* checking re-building of vignette outputs ... SKIPPED
* checking PDF version of manual ... OK
* DONE
Status: 1 WARNING, 3 NOTEs
See
‘/Users/biocbuild/bbs-3.18-bioc-mac-arm64/meat/MOFA2.Rcheck/00check.log’
for details.
MOFA2.Rcheck/00install.out
############################################################################## ############################################################################## ### ### Running command: ### ### /Library/Frameworks/R.framework/Resources/bin/R CMD INSTALL MOFA2 ### ############################################################################## ############################################################################## * installing to library ‘/Library/Frameworks/R.framework/Versions/4.3-arm64/Resources/library’ * installing *source* package ‘MOFA2’ ... ** using non-staged installation via StagedInstall field ** R ** inst ** byte-compile and prepare package for lazy loading Creating a generic function for ‘rownames’ from package ‘base’ in package ‘MOFA2’ Creating a generic function for ‘colnames’ from package ‘base’ in package ‘MOFA2’ Creating a generic function for ‘nrow’ from package ‘base’ in package ‘MOFA2’ Creating a generic function for ‘ncol’ from package ‘base’ in package ‘MOFA2’ Creating a generic function for ‘rownames<-’ from package ‘base’ in package ‘MOFA2’ Creating a generic function for ‘colnames<-’ from package ‘base’ in package ‘MOFA2’ ** help *** installing help indices ** building package indices ** installing vignettes ** testing if installed package can be loaded * DONE (MOFA2)
MOFA2.Rcheck/tests/testthat.Rout
R version 4.3.2 (2023-10-31) -- "Eye Holes"
Copyright (C) 2023 The R Foundation for Statistical Computing
Platform: aarch64-apple-darwin20 (64-bit)
R is free software and comes with ABSOLUTELY NO WARRANTY.
You are welcome to redistribute it under certain conditions.
Type 'license()' or 'licence()' for distribution details.
R is a collaborative project with many contributors.
Type 'contributors()' for more information and
'citation()' on how to cite R or R packages in publications.
Type 'demo()' for some demos, 'help()' for on-line help, or
'help.start()' for an HTML browser interface to help.
Type 'q()' to quit R.
> library(testthat)
> library(MOFA2)
Attaching package: 'MOFA2'
The following object is masked from 'package:stats':
predict
>
> test_check("MOFA2")
single_group
100
____________
| |
view_0 1000 | 100% |
|____________|
____________
| |
view_1 1000 | 100% |
|____________|
[ FAIL 0 | WARN 0 | SKIP 0 | PASS 25 ]
>
> # setwd("/Users/rargelaguet/mofa/MOFA2/tests/testthat")
>
> proc.time()
user system elapsed
13.451 0.727 14.180
MOFA2.Rcheck/MOFA2-Ex.timings
| name | user | system | elapsed | |
| add_mofa_factors_to_seurat | 0.006 | 0.000 | 0.006 | |
| calculate_contribution_scores | 0.170 | 0.021 | 0.193 | |
| calculate_variance_explained | 2.129 | 0.094 | 2.224 | |
| calculate_variance_explained_per_sample | 0.152 | 0.011 | 0.162 | |
| cluster_samples | 0.153 | 0.013 | 0.167 | |
| compare_elbo | 0.277 | 0.026 | 0.303 | |
| compare_factors | 0.936 | 0.028 | 0.970 | |
| covariates_names | 0.172 | 0.016 | 0.190 | |
| create_mofa | 0.638 | 0.038 | 0.676 | |
| create_mofa_from_df | 0.637 | 0.040 | 0.677 | |
| create_mofa_from_matrix | 0.010 | 0.001 | 0.010 | |
| factors_names | 0.142 | 0.010 | 0.153 | |
| features_metadata | 0.172 | 0.035 | 0.206 | |
| features_names | 0.149 | 0.026 | 0.178 | |
| get_covariates | 0.150 | 0.013 | 0.162 | |
| get_data | 0.471 | 0.055 | 0.527 | |
| get_default_data_options | 1.210 | 0.047 | 1.261 | |
| get_default_mefisto_options | 0.186 | 0.014 | 0.201 | |
| get_default_model_options | 0.640 | 0.034 | 0.675 | |
| get_default_stochastic_options | 0.642 | 0.027 | 0.670 | |
| get_default_training_options | 1.240 | 0.044 | 1.290 | |
| get_dimensions | 0.138 | 0.011 | 0.150 | |
| get_elbo | 0.141 | 0.015 | 0.164 | |
| get_expectations | 0.145 | 0.015 | 0.161 | |
| get_factors | 0.142 | 0.012 | 0.165 | |
| get_imputed_data | 0.099 | 0.012 | 0.114 | |
| get_lengthscales | 0.066 | 0.006 | 0.073 | |
| get_scales | 0.118 | 0.016 | 0.176 | |
| get_variance_explained | 0.085 | 0.011 | 0.097 | |
| get_weights | 0.115 | 0.011 | 0.126 | |
| groups_names | 0.082 | 0.010 | 0.093 | |
| impute | 0.103 | 0.009 | 0.114 | |
| interpolate_factors | 0.143 | 0.011 | 0.155 | |
| load_model | 0.127 | 0.027 | 0.156 | |
| make_example_data | 0.002 | 0.000 | 0.002 | |
| plot_ascii_data | 0.143 | 0.011 | 0.155 | |
| plot_data_heatmap | 0.183 | 0.013 | 0.198 | |
| plot_data_overview | 0.294 | 0.019 | 0.315 | |
| plot_data_scatter | 1.240 | 0.033 | 1.274 | |
| plot_data_vs_cov | 0.448 | 0.014 | 0.463 | |
| plot_dimred | 4.157 | 0.056 | 4.194 | |
| plot_factor | 1.010 | 0.064 | 1.076 | |
| plot_factor_cor | 0.153 | 0.015 | 0.169 | |
| plot_factors | 0.541 | 0.019 | 0.562 | |
| plot_factors_vs_cov | 0.405 | 0.014 | 0.420 | |
| plot_group_kernel | 0.283 | 0.015 | 0.298 | |
| plot_interpolation_vs_covariate | 0.439 | 0.019 | 0.459 | |
| plot_smoothness | 0.191 | 0.015 | 0.205 | |
| plot_top_weights | 0.733 | 0.023 | 0.757 | |
| plot_variance_explained | 1.329 | 0.029 | 1.361 | |
| plot_variance_explained_by_covariates | 0.975 | 0.024 | 0.999 | |
| plot_variance_explained_per_feature | 0.325 | 0.016 | 0.347 | |
| plot_weights | 2.011 | 0.052 | 2.082 | |
| plot_weights_heatmap | 0.366 | 0.026 | 0.403 | |
| plot_weights_scatter | 0.446 | 0.035 | 0.482 | |
| predict | 0.147 | 0.016 | 0.163 | |
| prepare_mofa | 0.669 | 0.027 | 0.697 | |
| run_mofa | 0.659 | 0.025 | 0.685 | |
| run_tsne | 0.154 | 0.010 | 0.163 | |
| run_umap | 0.139 | 0.010 | 0.149 | |
| samples_metadata | 0.158 | 0.013 | 0.173 | |
| samples_names | 0.143 | 0.010 | 0.154 | |
| set_covariates | 0.035 | 0.002 | 0.037 | |
| subset_factors | 0.180 | 0.021 | 0.201 | |
| subset_groups | 0.143 | 0.011 | 0.154 | |
| subset_samples | 0.141 | 0.013 | 0.155 | |
| subset_views | 0.158 | 0.014 | 0.172 | |
| views_names | 0.144 | 0.012 | 0.157 | |