| Back to Mac ARM64 build report for BioC 3.18 |
|
This page was generated on 2024-03-07 14:39:57 -0500 (Thu, 07 Mar 2024).
| Hostname | OS | Arch (*) | R version | Installed pkgs |
|---|---|---|---|---|
| kjohnson1 | macOS 13.6.1 Ventura | arm64 | 4.3.2 (2023-10-31) -- "Eye Holes" | 4346 |
| Click on any hostname to see more info about the system (e.g. compilers) (*) as reported by 'uname -p', except on Windows and Mac OS X | ||||
| Package 1046/2266 | Hostname | OS / Arch | INSTALL | BUILD | CHECK | BUILD BIN | ||||||||
| IRISFGM 1.10.0 (landing page) Yuzhou Chang
| kjohnson1 | macOS 13.6.1 Ventura / arm64 | OK | OK | WARNINGS | OK | ||||||||
|
To the developers/maintainers of the IRISFGM package: - Use the following Renviron settings to reproduce errors and warnings. - If 'R CMD check' started to fail recently on the Linux builder(s) over a missing dependency, add the missing dependency to 'Suggests:' in your DESCRIPTION file. See Renviron.bioc for more information. |
| Package: IRISFGM |
| Version: 1.10.0 |
| Command: /Library/Frameworks/R.framework/Resources/bin/R CMD check --install=check:IRISFGM.install-out.txt --library=/Library/Frameworks/R.framework/Resources/library --no-vignettes --timings IRISFGM_1.10.0.tar.gz |
| StartedAt: 2024-03-06 16:55:50 -0500 (Wed, 06 Mar 2024) |
| EndedAt: 2024-03-06 17:04:10 -0500 (Wed, 06 Mar 2024) |
| EllapsedTime: 499.9 seconds |
| RetCode: 0 |
| Status: WARNINGS |
| CheckDir: IRISFGM.Rcheck |
| Warnings: 1 |
##############################################################################
##############################################################################
###
### Running command:
###
### /Library/Frameworks/R.framework/Resources/bin/R CMD check --install=check:IRISFGM.install-out.txt --library=/Library/Frameworks/R.framework/Resources/library --no-vignettes --timings IRISFGM_1.10.0.tar.gz
###
##############################################################################
##############################################################################
* using log directory ‘/Users/biocbuild/bbs-3.18-bioc-mac-arm64/meat/IRISFGM.Rcheck’
* using R version 4.3.2 (2023-10-31)
* using platform: aarch64-apple-darwin20 (64-bit)
* R was compiled by
Apple clang version 14.0.0 (clang-1400.0.29.202)
GNU Fortran (GCC) 12.2.0
* running under: macOS Ventura 13.6.1
* using session charset: UTF-8
* using option ‘--no-vignettes’
* checking for file ‘IRISFGM/DESCRIPTION’ ... OK
* checking extension type ... Package
* this is package ‘IRISFGM’ version ‘1.10.0’
* package encoding: UTF-8
* checking package namespace information ... OK
* checking package dependencies ... OK
* checking if this is a source package ... OK
* checking if there is a namespace ... OK
* checking for hidden files and directories ... OK
* checking for portable file names ... OK
* checking for sufficient/correct file permissions ... OK
* checking whether package ‘IRISFGM’ can be installed ... WARNING
Found the following significant warnings:
read_array.cpp:882:43: warning: format specifies type 'int' but the argument has type 'value_type' (aka 'unsigned long') [-Wformat]
read_array.cpp:1376:43: warning: format specifies type 'int' but the argument has type 'value_type' (aka 'unsigned long') [-Wformat]
See ‘/Users/biocbuild/bbs-3.18-bioc-mac-arm64/meat/IRISFGM.Rcheck/00install.out’ for details.
* used C compiler: ‘Apple clang version 15.0.0 (clang-1500.0.40.1)’
* used C++ compiler: ‘Apple clang version 15.0.0 (clang-1500.0.40.1)’
* used SDK: ‘MacOSX11.3.sdk’
* checking C++ specification ... NOTE
Specified C++11: please drop specification unless essential
* checking installed package size ... OK
* checking package directory ... OK
* checking ‘build’ directory ... OK
* checking DESCRIPTION meta-information ... OK
* checking top-level files ... OK
* checking for left-over files ... OK
* checking index information ... OK
* checking package subdirectories ... OK
* checking R files for non-ASCII characters ... OK
* checking R files for syntax errors ... OK
* checking whether the package can be loaded ... OK
* checking whether the package can be loaded with stated dependencies ... OK
* checking whether the package can be unloaded cleanly ... OK
* checking whether the namespace can be loaded with stated dependencies ... OK
* checking whether the namespace can be unloaded cleanly ... OK
* checking dependencies in R code ... OK
* checking S3 generic/method consistency ... OK
* checking replacement functions ... OK
* checking foreign function calls ... OK
* checking R code for possible problems ... OK
* checking Rd files ... OK
* checking Rd metadata ... OK
* checking Rd cross-references ... OK
* checking for missing documentation entries ... OK
* checking for code/documentation mismatches ... OK
* checking Rd \usage sections ... OK
* checking Rd contents ... OK
* checking for unstated dependencies in examples ... OK
* checking contents of ‘data’ directory ... OK
* checking data for non-ASCII characters ... OK
* checking data for ASCII and uncompressed saves ... OK
* checking line endings in C/C++/Fortran sources/headers ... OK
* checking line endings in Makefiles ... OK
* checking compilation flags in Makevars ... OK
* checking for GNU extensions in Makefiles ... OK
* checking for portable use of $(BLAS_LIBS) and $(LAPACK_LIBS) ... OK
* checking use of PKG_*FLAGS in Makefiles ... OK
* checking compiled code ... NOTE
Note: information on .o files is not available
* checking files in ‘vignettes’ ... OK
* checking examples ... OK
Examples with CPU (user + system) or elapsed time > 5s
user system elapsed
RunDimensionReduction 6.826 0.044 6.895
* checking for unstated dependencies in vignettes ... OK
* checking package vignettes in ‘inst/doc’ ... OK
* checking running R code from vignettes ... SKIPPED
* checking re-building of vignette outputs ... SKIPPED
* checking PDF version of manual ... OK
* DONE
Status: 1 WARNING, 2 NOTEs
See
‘/Users/biocbuild/bbs-3.18-bioc-mac-arm64/meat/IRISFGM.Rcheck/00check.log’
for details.
IRISFGM.Rcheck/00install.out
##############################################################################
##############################################################################
###
### Running command:
###
### /Library/Frameworks/R.framework/Resources/bin/R CMD INSTALL IRISFGM
###
##############################################################################
##############################################################################
* installing to library ‘/Library/Frameworks/R.framework/Versions/4.3-arm64/Resources/library’
* installing *source* package ‘IRISFGM’ ...
** using staged installation
** libs
using C compiler: ‘Apple clang version 15.0.0 (clang-1500.0.40.1)’
using C++ compiler: ‘Apple clang version 15.0.0 (clang-1500.0.40.1)’
using C++11
using SDK: ‘MacOSX11.3.sdk’
clang++ -arch arm64 -std=gnu++11 -I"/Library/Frameworks/R.framework/Resources/include" -DNDEBUG -I'/Library/Frameworks/R.framework/Versions/4.3-arm64/Resources/library/Rcpp/include' -I/opt/R/arm64/include -DVER=2.08 -fPIC -falign-functions=64 -Wall -g -O2 -c RcppExports.cpp -o RcppExports.o
clang++ -arch arm64 -std=gnu++11 -I"/Library/Frameworks/R.framework/Resources/include" -DNDEBUG -I'/Library/Frameworks/R.framework/Versions/4.3-arm64/Resources/library/Rcpp/include' -I/opt/R/arm64/include -DVER=2.08 -fPIC -falign-functions=64 -Wall -g -O2 -c cluster.cpp -o cluster.o
clang++ -arch arm64 -std=gnu++11 -I"/Library/Frameworks/R.framework/Resources/include" -DNDEBUG -I'/Library/Frameworks/R.framework/Versions/4.3-arm64/Resources/library/Rcpp/include' -I/opt/R/arm64/include -DVER=2.08 -fPIC -falign-functions=64 -Wall -g -O2 -c expand.cpp -o expand.o
clang++ -arch arm64 -std=gnu++11 -I"/Library/Frameworks/R.framework/Resources/include" -DNDEBUG -I'/Library/Frameworks/R.framework/Versions/4.3-arm64/Resources/library/Rcpp/include' -I/opt/R/arm64/include -DVER=2.08 -fPIC -falign-functions=64 -Wall -g -O2 -c get_options.cpp -o get_options.o
clang -arch arm64 -I"/Library/Frameworks/R.framework/Resources/include" -DNDEBUG -I'/Library/Frameworks/R.framework/Versions/4.3-arm64/Resources/library/Rcpp/include' -I/opt/R/arm64/include -fPIC -falign-functions=64 -Wall -g -O2 -c getline.c -o getline.o
clang++ -arch arm64 -std=gnu++11 -I"/Library/Frameworks/R.framework/Resources/include" -DNDEBUG -I'/Library/Frameworks/R.framework/Versions/4.3-arm64/Resources/library/Rcpp/include' -I/opt/R/arm64/include -DVER=2.08 -fPIC -falign-functions=64 -Wall -g -O2 -c main.cpp -o main.o
clang++ -arch arm64 -std=gnu++11 -I"/Library/Frameworks/R.framework/Resources/include" -DNDEBUG -I'/Library/Frameworks/R.framework/Versions/4.3-arm64/Resources/library/Rcpp/include' -I/opt/R/arm64/include -DVER=2.08 -fPIC -falign-functions=64 -Wall -g -O2 -c make_graph.cpp -o make_graph.o
make_graph.cpp:51:5: warning: variable 'i' is incremented both in the loop header and in the loop body [-Wfor-loop-analysis]
i++;
^
make_graph.cpp:45:29: note: incremented here
for (int i = 0; i < cols; i++) {
^
1 warning generated.
clang++ -arch arm64 -std=gnu++11 -I"/Library/Frameworks/R.framework/Resources/include" -DNDEBUG -I'/Library/Frameworks/R.framework/Versions/4.3-arm64/Resources/library/Rcpp/include' -I/opt/R/arm64/include -DVER=2.08 -fPIC -falign-functions=64 -Wall -g -O2 -c rcpp_irisfgm.cpp -o rcpp_irisfgm.o
clang++ -arch arm64 -std=gnu++11 -I"/Library/Frameworks/R.framework/Resources/include" -DNDEBUG -I'/Library/Frameworks/R.framework/Versions/4.3-arm64/Resources/library/Rcpp/include' -I/opt/R/arm64/include -DVER=2.08 -fPIC -falign-functions=64 -Wall -g -O2 -c read_array.cpp -o read_array.o
read_array.cpp:882:43: warning: format specifies type 'int' but the argument has type 'value_type' (aka 'unsigned long') [-Wformat]
fprintf(F2, "%s_%d", genes_n[id], eflags[id][i]);
~~ ^~~~~~~~~~~~~
%lu
read_array.cpp:1376:43: warning: format specifies type 'int' but the argument has type 'value_type' (aka 'unsigned long') [-Wformat]
fprintf(F2, "%s_%d", genes_n[id], eflags[id][i]);
~~ ^~~~~~~~~~~~~
%lu
2 warnings generated.
clang++ -arch arm64 -std=gnu++11 -I"/Library/Frameworks/R.framework/Resources/include" -DNDEBUG -I'/Library/Frameworks/R.framework/Versions/4.3-arm64/Resources/library/Rcpp/include' -I/opt/R/arm64/include -DVER=2.08 -fPIC -falign-functions=64 -Wall -g -O2 -c struct.cpp -o struct.o
struct.cpp:75:15: warning: variable 'lastTime' set but not used [-Wunused-but-set-variable]
static long lastTime = 0;
^
1 warning generated.
clang++ -arch arm64 -std=gnu++11 -I"/Library/Frameworks/R.framework/Resources/include" -DNDEBUG -I'/Library/Frameworks/R.framework/Versions/4.3-arm64/Resources/library/Rcpp/include' -I/opt/R/arm64/include -DVER=2.08 -fPIC -falign-functions=64 -Wall -g -O2 -c write_block.cpp -o write_block.o
clang++ -arch arm64 -std=gnu++11 -dynamiclib -Wl,-headerpad_max_install_names -undefined dynamic_lookup -L/Library/Frameworks/R.framework/Resources/lib -L/opt/R/arm64/lib -o IRISFGM.so RcppExports.o cluster.o expand.o get_options.o getline.o main.o make_graph.o rcpp_irisfgm.o read_array.o struct.o write_block.o -F/Library/Frameworks/R.framework/.. -framework R -Wl,-framework -Wl,CoreFoundation
installing to /Library/Frameworks/R.framework/Versions/4.3-arm64/Resources/library/00LOCK-IRISFGM/00new/IRISFGM/libs
** R
** data
** byte-compile and prepare package for lazy loading
Creating a generic function from function ‘ReadFrom10X_h5’ in package ‘IRISFGM’
Creating a generic function from function ‘ReadFrom10X_folder’ in package ‘IRISFGM’
** help
*** installing help indices
** building package indices
** installing vignettes
** testing if installed package can be loaded from temporary location
** checking absolute paths in shared objects and dynamic libraries
** testing if installed package can be loaded from final location
** testing if installed package keeps a record of temporary installation path
* DONE (IRISFGM)
IRISFGM.Rcheck/IRISFGM-Ex.timings
| name | user | system | elapsed | |
| AddMeta | 0.005 | 0.001 | 0.005 | |
| CalBinaryMultiSignal | 0.533 | 0.025 | 0.558 | |
| CalBinarySingleSignal | 0.624 | 0.008 | 0.633 | |
| CreateIRISFGMObject | 0.002 | 0.000 | 0.002 | |
| DotPlotPathway | 0.433 | 0.015 | 0.454 | |
| FindClassBasedOnMC | 3.792 | 0.177 | 3.986 | |
| FindGlobalMarkers | 2.605 | 0.036 | 2.652 | |
| FindMarker | 0.382 | 0.007 | 0.389 | |
| GetBinaryMultiSignal | 0.342 | 0.008 | 0.349 | |
| GetBinarySingleSignal | 0.391 | 0.006 | 0.399 | |
| GetLTMGmatrix | 0.378 | 0.007 | 0.388 | |
| PlotDimension | 0.673 | 0.012 | 0.689 | |
| PlotHeatmap | 0.529 | 0.014 | 0.545 | |
| PlotMarkerHeatmap | 1.132 | 0.032 | 1.181 | |
| PlotMeta | 0.385 | 0.005 | 0.391 | |
| PlotModuleNetwork | 1.396 | 0.043 | 1.442 | |
| PlotNetwork | 0.834 | 0.015 | 0.853 | |
| ProcessData | 0.370 | 0.009 | 0.382 | |
| RunBicluster | 3.739 | 0.184 | 3.953 | |
| RunClassification | 0.656 | 0.017 | 0.682 | |
| RunDimensionReduction | 6.826 | 0.044 | 6.895 | |
| RunDiscretization | 0.393 | 0.006 | 0.398 | |
| RunLTMG | 3.368 | 0.228 | 3.621 | |
| RunPathway | 0.387 | 0.005 | 0.395 | |
| SubsetData | 0.366 | 0.006 | 0.374 | |
| getMeta | 0.388 | 0.006 | 0.395 | |