| Back to Mac ARM64 build report for BioC 3.18 |
|
This page was generated on 2024-04-18 11:32:10 -0400 (Thu, 18 Apr 2024).
| Hostname | OS | Arch (*) | R version | Installed pkgs |
|---|---|---|---|---|
| kjohnson1 | macOS 13.6.1 Ventura | arm64 | 4.3.3 (2024-02-29) -- "Angel Food Cake" | 4388 |
| Click on any hostname to see more info about the system (e.g. compilers) (*) as reported by 'uname -p', except on Windows and Mac OS X | ||||
| Package 712/2266 | Hostname | OS / Arch | INSTALL | BUILD | CHECK | BUILD BIN | ||||||||
| FISHalyseR 1.36.0 (landing page) Karesh Arunakirinathan
| kjohnson1 | macOS 13.6.1 Ventura / arm64 | OK | OK | WARNINGS | OK | ||||||||
|
To the developers/maintainers of the FISHalyseR package: - Use the following Renviron settings to reproduce errors and warnings. - If 'R CMD check' started to fail recently on the Linux builder(s) over a missing dependency, add the missing dependency to 'Suggests:' in your DESCRIPTION file. See Renviron.bioc for more information. |
| Package: FISHalyseR |
| Version: 1.36.0 |
| Command: /Library/Frameworks/R.framework/Resources/bin/R CMD check --install=check:FISHalyseR.install-out.txt --library=/Library/Frameworks/R.framework/Resources/library --no-vignettes --timings FISHalyseR_1.36.0.tar.gz |
| StartedAt: 2024-04-17 13:45:26 -0400 (Wed, 17 Apr 2024) |
| EndedAt: 2024-04-17 13:46:17 -0400 (Wed, 17 Apr 2024) |
| EllapsedTime: 50.7 seconds |
| RetCode: 0 |
| Status: WARNINGS |
| CheckDir: FISHalyseR.Rcheck |
| Warnings: 2 |
##############################################################################
##############################################################################
###
### Running command:
###
### /Library/Frameworks/R.framework/Resources/bin/R CMD check --install=check:FISHalyseR.install-out.txt --library=/Library/Frameworks/R.framework/Resources/library --no-vignettes --timings FISHalyseR_1.36.0.tar.gz
###
##############################################################################
##############################################################################
* using log directory ‘/Users/biocbuild/bbs-3.18-bioc-mac-arm64/meat/FISHalyseR.Rcheck’
* using R version 4.3.3 (2024-02-29)
* using platform: aarch64-apple-darwin20 (64-bit)
* R was compiled by
Apple clang version 14.0.0 (clang-1400.0.29.202)
GNU Fortran (GCC) 12.2.0
* running under: macOS Ventura 13.6.1
* using session charset: UTF-8
* using option ‘--no-vignettes’
* checking for file ‘FISHalyseR/DESCRIPTION’ ... OK
* checking extension type ... Package
* this is package ‘FISHalyseR’ version ‘1.36.0’
* checking package namespace information ... OK
* checking package dependencies ... OK
* checking if this is a source package ... OK
* checking if there is a namespace ... OK
* checking for hidden files and directories ... OK
* checking for portable file names ... OK
* checking for sufficient/correct file permissions ... OK
* checking whether package ‘FISHalyseR’ can be installed ... WARNING
Found the following significant warnings:
Warning: replacing previous import ‘EBImage::abind’ by ‘abind::abind’ when loading ‘FISHalyseR’
See ‘/Users/biocbuild/bbs-3.18-bioc-mac-arm64/meat/FISHalyseR.Rcheck/00install.out’ for details.
* checking installed package size ... OK
* checking package directory ... OK
* checking ‘build’ directory ... OK
* checking DESCRIPTION meta-information ... OK
* checking top-level files ... OK
* checking for left-over files ... OK
* checking index information ... OK
* checking package subdirectories ... OK
* checking R files for non-ASCII characters ... OK
* checking R files for syntax errors ... OK
* checking whether the package can be loaded ... OK
* checking whether the package can be loaded with stated dependencies ... OK
* checking whether the package can be unloaded cleanly ... OK
* checking whether the namespace can be loaded with stated dependencies ... OK
* checking whether the namespace can be unloaded cleanly ... OK
* checking dependencies in R code ... OK
* checking S3 generic/method consistency ... OK
* checking replacement functions ... OK
* checking foreign function calls ... OK
* checking R code for possible problems ... NOTE
computeIlluminationCorrection: warning in gblur(I, s = 5): partial
argument match of 's' to 'sigma'
GetDistances: no visible global function definition for ‘na.exclude’
plotLabelMatrix: no visible global function definition for ‘jpeg’
plotLabelMatrix: no visible global function definition for ‘text’
plotLabelMatrix: no visible global function definition for ‘dev.off’
processFISH: no visible global function definition for ‘write.table’
Undefined global functions or variables:
dev.off jpeg na.exclude text write.table
Consider adding
importFrom("grDevices", "dev.off", "jpeg")
importFrom("graphics", "text")
importFrom("stats", "na.exclude")
importFrom("utils", "write.table")
to your NAMESPACE file.
* checking Rd files ... OK
* checking Rd metadata ... OK
* checking Rd cross-references ... OK
* checking for missing documentation entries ... OK
* checking for code/documentation mismatches ... OK
* checking Rd \usage sections ... OK
* checking Rd contents ... OK
* checking for unstated dependencies in examples ... OK
* checking sizes of PDF files under ‘inst/doc’ ... OK
* checking files in ‘vignettes’ ... OK
* checking examples ... WARNING
Found the following significant warnings:
Warning: working directory was changed to ‘/private/tmp/Rtmpii9RB2SampleFISH.jpg’, resetting
* checking for unstated dependencies in vignettes ... OK
* checking package vignettes in ‘inst/doc’ ... OK
* checking running R code from vignettes ... SKIPPED
* checking re-building of vignette outputs ... SKIPPED
* checking PDF version of manual ... OK
* DONE
Status: 2 WARNINGs, 1 NOTE
See
‘/Users/biocbuild/bbs-3.18-bioc-mac-arm64/meat/FISHalyseR.Rcheck/00check.log’
for details.
FISHalyseR.Rcheck/00install.out
############################################################################## ############################################################################## ### ### Running command: ### ### /Library/Frameworks/R.framework/Resources/bin/R CMD INSTALL FISHalyseR ### ############################################################################## ############################################################################## * installing to library ‘/Library/Frameworks/R.framework/Versions/4.3-arm64/Resources/library’ * installing *source* package ‘FISHalyseR’ ... ** using staged installation ** R ** inst ** byte-compile and prepare package for lazy loading Warning: replacing previous import ‘EBImage::abind’ by ‘abind::abind’ when loading ‘FISHalyseR’ ** help *** installing help indices ** building package indices ** installing vignettes ** testing if installed package can be loaded from temporary location Warning: replacing previous import ‘EBImage::abind’ by ‘abind::abind’ when loading ‘FISHalyseR’ ** testing if installed package can be loaded from final location Warning: replacing previous import ‘EBImage::abind’ by ‘abind::abind’ when loading ‘FISHalyseR’ ** testing if installed package keeps a record of temporary installation path * DONE (FISHalyseR)
FISHalyseR.Rcheck/FISHalyseR-Ex.timings
| name | user | system | elapsed | |
| analyseParticles | 0.104 | 0.020 | 0.126 | |
| calculateMaxEntropy | 0.145 | 0.024 | 0.169 | |
| calculateThreshold | 0.182 | 0.025 | 0.208 | |
| computeIlluminationCorrection | 0.001 | 0.001 | 0.001 | |