| Back to Mac ARM64 build report for BioC 3.18 |
|
This page was generated on 2024-04-18 11:32:06 -0400 (Thu, 18 Apr 2024).
| Hostname | OS | Arch (*) | R version | Installed pkgs |
|---|---|---|---|---|
| kjohnson1 | macOS 13.6.1 Ventura | arm64 | 4.3.3 (2024-02-29) -- "Angel Food Cake" | 4388 |
| Click on any hostname to see more info about the system (e.g. compilers) (*) as reported by 'uname -p', except on Windows and Mac OS X | ||||
| Package 99/2266 | Hostname | OS / Arch | INSTALL | BUILD | CHECK | BUILD BIN | ||||||||
| ASpli 2.12.0 (landing page) Ariel Chernomoretz
| kjohnson1 | macOS 13.6.1 Ventura / arm64 | OK | OK | WARNINGS | OK | ||||||||
|
To the developers/maintainers of the ASpli package: - Use the following Renviron settings to reproduce errors and warnings. - If 'R CMD check' started to fail recently on the Linux builder(s) over a missing dependency, add the missing dependency to 'Suggests:' in your DESCRIPTION file. See Renviron.bioc for more information. |
| Package: ASpli |
| Version: 2.12.0 |
| Command: /Library/Frameworks/R.framework/Resources/bin/R CMD check --install=check:ASpli.install-out.txt --library=/Library/Frameworks/R.framework/Resources/library --no-vignettes --timings ASpli_2.12.0.tar.gz |
| StartedAt: 2024-04-17 05:54:40 -0400 (Wed, 17 Apr 2024) |
| EndedAt: 2024-04-17 06:15:33 -0400 (Wed, 17 Apr 2024) |
| EllapsedTime: 1253.6 seconds |
| RetCode: 0 |
| Status: WARNINGS |
| CheckDir: ASpli.Rcheck |
| Warnings: 1 |
##############################################################################
##############################################################################
###
### Running command:
###
### /Library/Frameworks/R.framework/Resources/bin/R CMD check --install=check:ASpli.install-out.txt --library=/Library/Frameworks/R.framework/Resources/library --no-vignettes --timings ASpli_2.12.0.tar.gz
###
##############################################################################
##############################################################################
* using log directory ‘/Users/biocbuild/bbs-3.18-bioc-mac-arm64/meat/ASpli.Rcheck’
* using R version 4.3.3 (2024-02-29)
* using platform: aarch64-apple-darwin20 (64-bit)
* R was compiled by
Apple clang version 14.0.0 (clang-1400.0.29.202)
GNU Fortran (GCC) 12.2.0
* running under: macOS Ventura 13.6.1
* using session charset: UTF-8
* using option ‘--no-vignettes’
* checking for file ‘ASpli/DESCRIPTION’ ... OK
* checking extension type ... Package
* this is package ‘ASpli’ version ‘2.12.0’
* checking package namespace information ... OK
* checking package dependencies ... OK
* checking if this is a source package ... OK
* checking if there is a namespace ... OK
* checking for hidden files and directories ... OK
* checking for portable file names ... OK
* checking for sufficient/correct file permissions ... OK
* checking whether package ‘ASpli’ can be installed ... WARNING
Found the following significant warnings:
Warning: replacing previous import ‘utils::findMatches’ by ‘S4Vectors::findMatches’ when loading ‘ASpli’
See ‘/Users/biocbuild/bbs-3.18-bioc-mac-arm64/meat/ASpli.Rcheck/00install.out’ for details.
* checking installed package size ... OK
* checking package directory ... OK
* checking ‘build’ directory ... OK
* checking DESCRIPTION meta-information ... OK
* checking top-level files ... OK
* checking for left-over files ... OK
* checking index information ... OK
* checking package subdirectories ... OK
* checking R files for non-ASCII characters ... OK
* checking R files for syntax errors ... OK
* checking whether the package can be loaded ... OK
* checking whether the package can be loaded with stated dependencies ... OK
* checking whether the package can be unloaded cleanly ... OK
* checking whether the namespace can be loaded with stated dependencies ... OK
* checking whether the namespace can be unloaded cleanly ... OK
* checking dependencies in R code ... OK
* checking S3 generic/method consistency ... OK
* checking replacement functions ... OK
* checking foreign function calls ... OK
* checking R code for possible problems ... OK
* checking Rd files ... OK
* checking Rd metadata ... OK
* checking Rd cross-references ... OK
* checking for missing documentation entries ... OK
* checking for code/documentation mismatches ... OK
* checking Rd \usage sections ... OK
* checking Rd contents ... OK
* checking for unstated dependencies in examples ... OK
* checking sizes of PDF files under ‘inst/doc’ ... OK
* checking installed files from ‘inst/doc’ ... OK
* checking files in ‘vignettes’ ... OK
* checking examples ... OK
Examples with CPU (user + system) or elapsed time > 5s
user system elapsed
ASpli-package 166.967 0.552 167.672
exportIntegratedSignals 87.242 0.360 87.781
exportSplicingReports 86.394 0.294 86.758
integrateSignals 86.329 0.221 86.616
splicingReport 86.058 0.236 86.556
jDUreport 84.445 0.259 85.322
jCounts-methods 84.286 0.223 84.712
gbCounts 75.084 0.167 75.309
gbDUreport-method 73.901 0.200 74.246
* checking for unstated dependencies in vignettes ... OK
* checking package vignettes in ‘inst/doc’ ... OK
* checking running R code from vignettes ... SKIPPED
* checking re-building of vignette outputs ... SKIPPED
* checking PDF version of manual ... OK
* DONE
Status: 1 WARNING
See
‘/Users/biocbuild/bbs-3.18-bioc-mac-arm64/meat/ASpli.Rcheck/00check.log’
for details.
ASpli.Rcheck/00install.out
############################################################################## ############################################################################## ### ### Running command: ### ### /Library/Frameworks/R.framework/Resources/bin/R CMD INSTALL ASpli ### ############################################################################## ############################################################################## * installing to library ‘/Library/Frameworks/R.framework/Versions/4.3-arm64/Resources/library’ * installing *source* package ‘ASpli’ ... ** using staged installation ** R ** inst ** byte-compile and prepare package for lazy loading Warning: replacing previous import ‘utils::findMatches’ by ‘S4Vectors::findMatches’ when loading ‘ASpli’ ** help *** installing help indices ** building package indices ** installing vignettes ** testing if installed package can be loaded from temporary location Warning: replacing previous import ‘utils::findMatches’ by ‘S4Vectors::findMatches’ when loading ‘ASpli’ ** testing if installed package can be loaded from final location Warning: replacing previous import ‘utils::findMatches’ by ‘S4Vectors::findMatches’ when loading ‘ASpli’ ** testing if installed package keeps a record of temporary installation path * DONE (ASpli)
ASpli.Rcheck/ASpli-Ex.timings
| name | user | system | elapsed | |
| ASpli-package | 166.967 | 0.552 | 167.672 | |
| DUreport | 0 | 0 | 0 | |
| DUreport.norm | 0 | 0 | 0 | |
| DUreport.offset | 0 | 0 | 0 | |
| DUreportBinSplice-method | 0 | 0 | 0 | |
| acc_AS | 0.000 | 0.000 | 0.001 | |
| acc_DU | 0.000 | 0.000 | 0.001 | |
| acc_counts | 0.000 | 0.000 | 0.001 | |
| acc_features | 0.183 | 0.001 | 0.185 | |
| binGenome | 3.578 | 0.050 | 3.630 | |
| containsJunctions-function | 0 | 0 | 0 | |
| example_data | 0 | 0 | 0 | |
| exportIntegratedSignals | 87.242 | 0.360 | 87.781 | |
| exportSplicingReports | 86.394 | 0.294 | 86.758 | |
| filterDU-method | 0.000 | 0.001 | 0.001 | |
| filterSignals | 0 | 0 | 0 | |
| gbCounts | 75.084 | 0.167 | 75.309 | |
| gbDUreport-method | 73.901 | 0.200 | 74.246 | |
| getConditions-function | 0 | 0 | 0 | |
| integrateSignals | 86.329 | 0.221 | 86.616 | |
| jCounts-methods | 84.286 | 0.223 | 84.712 | |
| jDUreport | 84.445 | 0.259 | 85.322 | |
| junctionDUreport | 0 | 0 | 0 | |
| loadBAM | 0 | 0 | 0 | |
| mergeBinDUAS-method | 0 | 0 | 0 | |
| plotBins | 0.000 | 0.001 | 0.001 | |
| plotGenomicRegions | 0.000 | 0.001 | 0.000 | |
| rds | 0.001 | 0.000 | 0.001 | |
| splicingReport | 86.058 | 0.236 | 86.556 | |
| subset-methods | 0.000 | 0.001 | 0.001 | |