| Back to Multiple platform build/check report for BioC 3.18: simplified long |
|
This page was generated on 2024-04-17 11:37:09 -0400 (Wed, 17 Apr 2024).
| Hostname | OS | Arch (*) | R version | Installed pkgs |
|---|---|---|---|---|
| nebbiolo2 | Linux (Ubuntu 22.04.3 LTS) | x86_64 | 4.3.3 (2024-02-29) -- "Angel Food Cake" | 4676 |
| palomino4 | Windows Server 2022 Datacenter | x64 | 4.3.3 (2024-02-29 ucrt) -- "Angel Food Cake" | 4414 |
| merida1 | macOS 12.7.1 Monterey | x86_64 | 4.3.3 (2024-02-29) -- "Angel Food Cake" | 4437 |
| Click on any hostname to see more info about the system (e.g. compilers) (*) as reported by 'uname -p', except on Windows and Mac OS X | ||||
| Package 1620/2266 | Hostname | OS / Arch | INSTALL | BUILD | CHECK | BUILD BIN | ||||||||
| qckitfastq 1.18.0 (landing page) August Guang
| nebbiolo2 | Linux (Ubuntu 22.04.3 LTS) / x86_64 | OK | OK | OK | |||||||||
| palomino4 | Windows Server 2022 Datacenter / x64 | OK | ERROR | skipped | skipped | |||||||||
| merida1 | macOS 12.7.1 Monterey / x86_64 | OK | OK | OK | OK | |||||||||
| kjohnson1 | macOS 13.6.1 Ventura / arm64 | see weekly results here | ||||||||||||
|
To the developers/maintainers of the qckitfastq package: - Allow up to 24 hours (and sometimes 48 hours) for your latest push to git@git.bioconductor.org:packages/qckitfastq.git to reflect on this report. See Troubleshooting Build Report for more information. - Use the following Renviron settings to reproduce errors and warnings. - If 'R CMD check' started to fail recently on the Linux builder(s) over a missing dependency, add the missing dependency to 'Suggests:' in your DESCRIPTION file. See Renviron.bioc for more information. |
| Package: qckitfastq |
| Version: 1.18.0 |
| Command: chmod a+r qckitfastq -R && F:\biocbuild\bbs-3.18-bioc\R\bin\R.exe CMD build --keep-empty-dirs --no-resave-data qckitfastq |
| StartedAt: 2024-04-15 20:27:12 -0400 (Mon, 15 Apr 2024) |
| EndedAt: 2024-04-15 20:28:14 -0400 (Mon, 15 Apr 2024) |
| EllapsedTime: 61.8 seconds |
| RetCode: 1 |
| Status: ERROR |
| PackageFile: None |
| PackageFileSize: NA |
############################################################################## ############################################################################## ### ### Running command: ### ### chmod a+r qckitfastq -R && F:\biocbuild\bbs-3.18-bioc\R\bin\R.exe CMD build --keep-empty-dirs --no-resave-data qckitfastq ### ############################################################################## ############################################################################## * checking for file 'qckitfastq/DESCRIPTION' ... OK * preparing 'qckitfastq': * checking DESCRIPTION meta-information ... OK * cleaning src * installing the package to build vignettes * creating vignettes ... ERROR --- re-building 'vignette-qckitfastq.Rmd' using rmarkdown !!! Error: Cannot call Ghostscript: `mgs' (No such file or directory/The system cannot find the file specified)! pdfcrop: major issue: User/administrator updates are out-of-sync. !!! Error: Cannot call Ghostscript: `mgs' (No such file or directory/The system cannot find the file specified)! pdfcrop: major issue: User/administrator updates are out-of-sync. !!! Error: Cannot call Ghostscript: `mgs' (No such file or directory/The system cannot find the file specified)! pdfcrop: major issue: User/administrator updates are out-of-sync. !!! Error: Cannot call Ghostscript: `mgs' (No such file or directory/The system cannot find the file specified)! pdfcrop: major issue: User/administrator updates are out-of-sync. !!! Error: Cannot call Ghostscript: `mgs' (No such file or directory/The system cannot find the file specified)! pdfcrop: major issue: User/administrator updates are out-of-sync. !!! Error: Cannot call Ghostscript: `mgs' (No such file or directory/The system cannot find the file specified)! pdfcrop: major issue: User/administrator updates are out-of-sync. !!! Error: Cannot call Ghostscript: `mgs' (No such file or directory/The system cannot find the file specified)! pdfcrop: major issue: User/administrator updates are out-of-sync. ! LaTeX Error: File `tabu.sty' not found. ! Emergency stop. <read *> ! pdflatex: major issue: User/administrator updates are out-of-sync. Error: processing vignette 'vignette-qckitfastq.Rmd' failed with diagnostics: LaTeX failed to compile F:/biocbuild/bbs-3.18-bioc/tmpdir/RtmpiWBPYl/Rbuild3dcc4a333224/qckitfastq/vignettes/vignette-qckitfastq.tex. See https://yihui.org/tinytex/r/#debugging for debugging tips. See vignette-qckitfastq.log for more info. --- failed re-building 'vignette-qckitfastq.Rmd' SUMMARY: processing the following file failed: 'vignette-qckitfastq.Rmd' Error: Vignette re-building failed. Execution halted