| Back to Multiple platform build/check report for BioC 3.18: simplified long |
|
This page was generated on 2024-04-17 11:38:04 -0400 (Wed, 17 Apr 2024).
| Hostname | OS | Arch (*) | R version | Installed pkgs |
|---|---|---|---|---|
| nebbiolo2 | Linux (Ubuntu 22.04.3 LTS) | x86_64 | 4.3.3 (2024-02-29) -- "Angel Food Cake" | 4676 |
| palomino4 | Windows Server 2022 Datacenter | x64 | 4.3.3 (2024-02-29 ucrt) -- "Angel Food Cake" | 4414 |
| merida1 | macOS 12.7.1 Monterey | x86_64 | 4.3.3 (2024-02-29) -- "Angel Food Cake" | 4437 |
| Click on any hostname to see more info about the system (e.g. compilers) (*) as reported by 'uname -p', except on Windows and Mac OS X | ||||
| Package 1566/2266 | Hostname | OS / Arch | INSTALL | BUILD | CHECK | BUILD BIN | ||||||||
| plyranges 1.22.0 (landing page) Stuart Lee
| nebbiolo2 | Linux (Ubuntu 22.04.3 LTS) / x86_64 | OK | OK | WARNINGS | |||||||||
| palomino4 | Windows Server 2022 Datacenter / x64 | OK | OK | WARNINGS | OK | |||||||||
| merida1 | macOS 12.7.1 Monterey / x86_64 | OK | OK | WARNINGS | OK | |||||||||
| kjohnson1 | macOS 13.6.1 Ventura / arm64 | see weekly results here | ||||||||||||
|
To the developers/maintainers of the plyranges package: - Allow up to 24 hours (and sometimes 48 hours) for your latest push to git@git.bioconductor.org:packages/plyranges.git to reflect on this report. See Troubleshooting Build Report for more information. - Use the following Renviron settings to reproduce errors and warnings. - If 'R CMD check' started to fail recently on the Linux builder(s) over a missing dependency, add the missing dependency to 'Suggests:' in your DESCRIPTION file. See Renviron.bioc for more information. |
| Package: plyranges |
| Version: 1.22.0 |
| Command: /Library/Frameworks/R.framework/Resources/bin/R CMD check --install=check:plyranges.install-out.txt --library=/Library/Frameworks/R.framework/Resources/library --no-vignettes --timings plyranges_1.22.0.tar.gz |
| StartedAt: 2024-04-16 07:00:39 -0400 (Tue, 16 Apr 2024) |
| EndedAt: 2024-04-16 07:10:45 -0400 (Tue, 16 Apr 2024) |
| EllapsedTime: 606.5 seconds |
| RetCode: 0 |
| Status: WARNINGS |
| CheckDir: plyranges.Rcheck |
| Warnings: 2 |
##############################################################################
##############################################################################
###
### Running command:
###
### /Library/Frameworks/R.framework/Resources/bin/R CMD check --install=check:plyranges.install-out.txt --library=/Library/Frameworks/R.framework/Resources/library --no-vignettes --timings plyranges_1.22.0.tar.gz
###
##############################################################################
##############################################################################
* using log directory ‘/Users/biocbuild/bbs-3.18-bioc/meat/plyranges.Rcheck’
* using R version 4.3.3 (2024-02-29)
* using platform: x86_64-apple-darwin20 (64-bit)
* R was compiled by
Apple clang version 14.0.0 (clang-1400.0.29.202)
GNU Fortran (GCC) 12.2.0
* running under: macOS Monterey 12.7.1
* using session charset: UTF-8
* using option ‘--no-vignettes’
* checking for file ‘plyranges/DESCRIPTION’ ... OK
* checking extension type ... Package
* this is package ‘plyranges’ version ‘1.22.0’
* package encoding: UTF-8
* checking package namespace information ... OK
* checking package dependencies ... OK
* checking if this is a source package ... OK
* checking if there is a namespace ... OK
* checking for hidden files and directories ... OK
* checking for portable file names ... OK
* checking for sufficient/correct file permissions ... OK
* checking whether package ‘plyranges’ can be installed ... OK
* checking installed package size ... OK
* checking package directory ... OK
* checking ‘build’ directory ... OK
* checking DESCRIPTION meta-information ... OK
* checking top-level files ... OK
* checking for left-over files ... OK
* checking index information ... OK
* checking package subdirectories ... OK
* checking R files for non-ASCII characters ... OK
* checking R files for syntax errors ... OK
* checking whether the package can be loaded ... OK
* checking whether the package can be loaded with stated dependencies ... OK
* checking whether the package can be unloaded cleanly ... OK
* checking whether the namespace can be loaded with stated dependencies ... OK
* checking whether the namespace can be unloaded cleanly ... OK
* checking dependencies in R code ... OK
* checking S3 generic/method consistency ... WARNING
group_split:
function(.tbl, ..., .keep)
group_split.GroupedGenomicRanges:
function(.data, ..., keep)
group_split:
function(.tbl, ..., .keep)
group_split.GroupedIntegerRanges:
function(.data, ..., keep)
group_split:
function(.tbl, ..., .keep)
group_split.Ranges:
function(.data, ..., keep)
group_keys:
function(.tbl, ...)
group_keys.Ranges:
function(.data, ...)
group_keys:
function(.tbl, ...)
group_keys.GroupedGenomicRanges:
function(.data, ...)
group_keys:
function(.tbl, ...)
group_keys.GroupedIntegerRanges:
function(.data, ...)
See section ‘Generic functions and methods’ in the ‘Writing R
Extensions’ manual.
* checking replacement functions ... OK
* checking foreign function calls ... OK
* checking R code for possible problems ... OK
* checking Rd files ... OK
* checking Rd metadata ... OK
* checking Rd cross-references ... WARNING
Missing link or links in documentation object 'ranges-info.Rd':
‘[GenomeInfoDb:fetchExtendedChromInfoFromUCSC]{GenomeInfoDb::fetchExtendedChromInfoFromUCSC()}’
See section 'Cross-references' in the 'Writing R Extensions' manual.
* checking for missing documentation entries ... OK
* checking for code/documentation mismatches ... OK
* checking Rd \usage sections ... OK
* checking Rd contents ... OK
* checking for unstated dependencies in examples ... OK
* checking files in ‘vignettes’ ... OK
* checking examples ... OK
Examples with CPU (user + system) or elapsed time > 5s
user system elapsed
io-bed-read 4.872 1.16 6.497
* checking for unstated dependencies in ‘tests’ ... OK
* checking tests ...
Running ‘testthat.R’
OK
* checking for unstated dependencies in vignettes ... OK
* checking package vignettes in ‘inst/doc’ ... OK
* checking running R code from vignettes ... SKIPPED
* checking re-building of vignette outputs ... SKIPPED
* checking PDF version of manual ... OK
* DONE
Status: 2 WARNINGs
See
‘/Users/biocbuild/bbs-3.18-bioc/meat/plyranges.Rcheck/00check.log’
for details.
plyranges.Rcheck/00install.out
############################################################################## ############################################################################## ### ### Running command: ### ### /Library/Frameworks/R.framework/Resources/bin/R CMD INSTALL plyranges ### ############################################################################## ############################################################################## * installing to library ‘/Library/Frameworks/R.framework/Versions/4.3-x86_64/Resources/library’ * installing *source* package ‘plyranges’ ... ** using staged installation ** R ** inst ** byte-compile and prepare package for lazy loading ** help *** installing help indices *** copying figures ** building package indices ** installing vignettes ** testing if installed package can be loaded from temporary location ** testing if installed package can be loaded from final location ** testing if installed package keeps a record of temporary installation path * DONE (plyranges)
plyranges.Rcheck/tests/testthat.Rout
R version 4.3.3 (2024-02-29) -- "Angel Food Cake"
Copyright (C) 2024 The R Foundation for Statistical Computing
Platform: x86_64-apple-darwin20 (64-bit)
R is free software and comes with ABSOLUTELY NO WARRANTY.
You are welcome to redistribute it under certain conditions.
Type 'license()' or 'licence()' for distribution details.
R is a collaborative project with many contributors.
Type 'contributors()' for more information and
'citation()' on how to cite R or R packages in publications.
Type 'demo()' for some demos, 'help()' for on-line help, or
'help.start()' for an HTML browser interface to help.
Type 'q()' to quit R.
> library(testthat)
> library(plyranges)
Loading required package: BiocGenerics
Attaching package: 'BiocGenerics'
The following objects are masked from 'package:stats':
IQR, mad, sd, var, xtabs
The following objects are masked from 'package:base':
Filter, Find, Map, Position, Reduce, anyDuplicated, aperm, append,
as.data.frame, basename, cbind, colnames, dirname, do.call,
duplicated, eval, evalq, get, grep, grepl, intersect, is.unsorted,
lapply, mapply, match, mget, order, paste, pmax, pmax.int, pmin,
pmin.int, rank, rbind, rownames, sapply, setdiff, sort, table,
tapply, union, unique, unsplit, which.max, which.min
Loading required package: IRanges
Loading required package: S4Vectors
Loading required package: stats4
Attaching package: 'S4Vectors'
The following object is masked from 'package:utils':
findMatches
The following objects are masked from 'package:base':
I, expand.grid, unname
Loading required package: GenomicRanges
Loading required package: GenomeInfoDb
Attaching package: 'plyranges'
The following object is masked from 'package:IRanges':
slice
The following object is masked from 'package:stats':
filter
>
> test_check("plyranges")
[ FAIL 0 | WARN 8 | SKIP 0 | PASS 390 ]
[ FAIL 0 | WARN 8 | SKIP 0 | PASS 390 ]
>
> proc.time()
user system elapsed
96.729 3.309 105.520
plyranges.Rcheck/plyranges-Ex.timings
| name | user | system | elapsed | |
| add-nearest-distance | 0.735 | 0.037 | 0.775 | |
| as_ranges | 0.195 | 0.026 | 0.222 | |
| compute_coverage | 0.032 | 0.007 | 0.039 | |
| element-setops | 0.236 | 0.036 | 0.274 | |
| filter-ranges | 1.304 | 0.029 | 1.344 | |
| group_by-ranges | 0.661 | 0.057 | 0.720 | |
| io-bam-read | 1.957 | 0.108 | 2.118 | |
| io-bed-read | 4.872 | 1.160 | 6.497 | |
| io-bed-write | 0.001 | 0.001 | 0.001 | |
| io-bigwig-read | 0.215 | 0.004 | 0.228 | |
| io-bigwig-write | 0.000 | 0.001 | 0.000 | |
| io-gff-read | 0.819 | 0.025 | 0.890 | |
| io-gff-write | 0.000 | 0.001 | 0.001 | |
| io-wig-read | 0.731 | 0.021 | 0.786 | |
| mutate-ranges | 1.695 | 0.077 | 1.842 | |
| n | 0.562 | 0.004 | 0.593 | |
| n_distinct | 0.069 | 0.001 | 0.075 | |
| overlap-joins | 0.427 | 0.006 | 0.451 | |
| ranges-anchor | 0.261 | 0.009 | 0.280 | |
| ranges-arrange | 0.109 | 0.002 | 0.119 | |
| ranges-bind | 0.374 | 0.006 | 0.400 | |
| ranges-chop | 0.648 | 0.013 | 0.685 | |
| ranges-construct | 0.249 | 0.009 | 0.270 | |
| ranges-count-overlaps | 0.141 | 0.003 | 0.149 | |
| ranges-disjoin | 1.571 | 0.012 | 1.657 | |
| ranges-expand | 1.078 | 0.012 | 1.140 | |
| ranges-filter-overlaps | 0.167 | 0.003 | 0.176 | |
| ranges-flank | 0.221 | 0.004 | 0.240 | |
| ranges-follow | 0.367 | 0.005 | 0.382 | |
| ranges-info | 0.107 | 0.003 | 0.118 | |
| ranges-interweave | 0.327 | 0.004 | 0.345 | |
| ranges-names | 0.364 | 0.009 | 0.389 | |
| ranges-nearest | 0.894 | 0.008 | 0.948 | |
| ranges-overlaps-self | 0.302 | 0.006 | 0.338 | |
| ranges-overlaps | 0.396 | 0.013 | 0.437 | |
| ranges-pairs | 0.789 | 0.022 | 0.849 | |
| ranges-precede | 0.348 | 0.008 | 0.369 | |
| ranges-reduce | 1.769 | 0.014 | 1.891 | |
| ranges-select | 0.162 | 0.010 | 0.177 | |
| ranges-setops | 1.780 | 0.012 | 1.868 | |
| ranges-shift | 0.329 | 0.006 | 0.338 | |
| ranges-summarise | 0.310 | 0.003 | 0.315 | |
| ranges-tile | 0.196 | 0.006 | 0.203 | |
| slice-ranges | 1.317 | 0.014 | 1.433 | |
| stretch | 0.480 | 0.007 | 0.511 | |