| Back to Multiple platform build/check report for BioC 3.18: simplified long |
|
This page was generated on 2024-03-04 11:37:37 -0500 (Mon, 04 Mar 2024).
| Hostname | OS | Arch (*) | R version | Installed pkgs |
|---|---|---|---|---|
| nebbiolo2 | Linux (Ubuntu 22.04.3 LTS) | x86_64 | 4.3.2 Patched (2023-11-13 r85521) -- "Eye Holes" | 4692 |
| palomino4 | Windows Server 2022 Datacenter | x64 | 4.3.2 (2023-10-31 ucrt) -- "Eye Holes" | 4445 |
| lconway | macOS 12.7.1 Monterey | x86_64 | 4.3.2 Patched (2023-11-01 r85457) -- "Eye Holes" | 4466 |
| Click on any hostname to see more info about the system (e.g. compilers) (*) as reported by 'uname -p', except on Windows and Mac OS X | ||||
| Package 1400/2266 | Hostname | OS / Arch | INSTALL | BUILD | CHECK | BUILD BIN | ||||||||
Shailesh tripathi
| nebbiolo2 | Linux (Ubuntu 22.04.3 LTS) / x86_64 | OK | OK | WARNINGS | |||||||||
| palomino4 | Windows Server 2022 Datacenter / x64 | OK | OK | WARNINGS | OK | |||||||||
| lconway | macOS 12.7.1 Monterey / x86_64 | OK | OK | WARNINGS | OK | |||||||||
| kjohnson1 | macOS 13.6.1 Ventura / arm64 | see weekly results here | ||||||||||||
|
To the developers/maintainers of the netbiov package: - Allow up to 24 hours (and sometimes 48 hours) for your latest push to git@git.bioconductor.org:packages/netbiov.git to reflect on this report. See Troubleshooting Build Report for more information. - Use the following Renviron settings to reproduce errors and warnings. - If 'R CMD check' started to fail recently on the Linux builder(s) over a missing dependency, add the missing dependency to 'Suggests:' in your DESCRIPTION file. See Renviron.bioc for more information. |
| Package: netbiov |
| Version: 1.36.0 |
| Command: /Library/Frameworks/R.framework/Resources/bin/R CMD check --install=check:netbiov.install-out.txt --library=/Library/Frameworks/R.framework/Resources/library --no-vignettes --timings netbiov_1.36.0.tar.gz |
| StartedAt: 2024-03-03 22:10:35 -0500 (Sun, 03 Mar 2024) |
| EndedAt: 2024-03-03 22:14:08 -0500 (Sun, 03 Mar 2024) |
| EllapsedTime: 212.7 seconds |
| RetCode: 0 |
| Status: WARNINGS |
| CheckDir: netbiov.Rcheck |
| Warnings: 2 |
##############################################################################
##############################################################################
###
### Running command:
###
### /Library/Frameworks/R.framework/Resources/bin/R CMD check --install=check:netbiov.install-out.txt --library=/Library/Frameworks/R.framework/Resources/library --no-vignettes --timings netbiov_1.36.0.tar.gz
###
##############################################################################
##############################################################################
* using log directory ‘/Users/biocbuild/bbs-3.18-bioc/meat/netbiov.Rcheck’
* using R version 4.3.2 Patched (2023-11-01 r85457)
* using platform: x86_64-apple-darwin20 (64-bit)
* R was compiled by
Apple clang version 14.0.3 (clang-1403.0.22.14.1)
GNU Fortran (GCC) 12.2.0
* running under: macOS Monterey 12.7.1
* using session charset: UTF-8
* using option ‘--no-vignettes’
* checking for file ‘netbiov/DESCRIPTION’ ... OK
* checking extension type ... Package
* this is package ‘netbiov’ version ‘1.36.0’
* checking package namespace information ... OK
* checking package dependencies ... OK
* checking if this is a source package ... OK
* checking if there is a namespace ... OK
* checking for hidden files and directories ... OK
* checking for portable file names ... OK
* checking for sufficient/correct file permissions ... OK
* checking whether package ‘netbiov’ can be installed ... WARNING
Found the following significant warnings:
Warning: Package 'netbiov' is deprecated and will be removed from Bioconductor
See ‘/Users/biocbuild/bbs-3.18-bioc/meat/netbiov.Rcheck/00install.out’ for details.
* checking installed package size ... OK
* checking package directory ... OK
* checking ‘build’ directory ... OK
* checking DESCRIPTION meta-information ... NOTE
Malformed Description field: should contain one or more complete sentences.
* checking top-level files ... OK
* checking for left-over files ... OK
* checking index information ... OK
* checking package subdirectories ... OK
* checking R files for non-ASCII characters ... OK
* checking R files for syntax errors ... OK
* checking whether the package can be loaded ... OK
* checking whether the package can be loaded with stated dependencies ... OK
* checking whether the package can be unloaded cleanly ... OK
* checking whether the namespace can be loaded with stated dependencies ... OK
* checking whether the namespace can be unloaded cleanly ... OK
* checking startup messages can be suppressed ... OK
* checking dependencies in R code ... OK
* checking S3 generic/method consistency ... OK
* checking replacement functions ... OK
* checking foreign function calls ... OK
* checking R code for possible problems ... NOTE
.edgeCol: no visible global function definition for ‘colors’
.get.coord.abstract : dst: no visible global function definition for
‘dist’
.get.coord.mod : dst: no visible global function definition for ‘dist’
.get.coord.mod_abs : dst: no visible global function definition for
‘dist’
.getalllevels: no visible global function definition for ‘pdf’
.getalllevels: no visible global function definition for ‘dev.off’
.getcrd.mod : dst: no visible global function definition for ‘dist’
.getcrd.mod: no visible global function definition for ‘rnorm’
.getcrd.mod.nodes : dst: no visible global function definition for
‘dist’
.getcrd.mod_abs : dst: no visible global function definition for ‘dist’
.getcrd.mod_abs: no visible global function definition for ‘rnorm’
.getcrd.mod_mst : dst: no visible global function definition for ‘dist’
.getcrd.mod_mst: no visible global function definition for ‘rnorm’
.set.mst.node.col: no visible global function definition for
‘heat.colors’
.set.mst.node.col_mod: no visible global function definition for
‘heat.colors’
.set.rank.abstract: no visible global function definition for ‘colors’
.set.rank.abstract: no visible global function definition for ‘hist’
.set.rank.abstract: no visible global function definition for
‘heat.colors’
.set.rank.mod: no visible global function definition for ‘hist’
.set.rank.mod: no visible global function definition for ‘colors’
.set.rank.mod: no visible global function definition for ‘heat.colors’
.set.rank.mod_abs: no visible global function definition for ‘hist’
.set.rank.mod_abs: no visible global function definition for ‘colors’
.set.rank.mod_abs: no visible global function definition for
‘heat.colors’
.set.rank.nodes: no visible global function definition for ‘hist’
.set.rank.nodes: no visible global function definition for ‘colors’
.set.rank.nodes: no visible global function definition for
‘heat.colors’
.set.rank.spiral: no visible global function definition for ‘hist’
.set.rank.spiral: no visible global function definition for ‘colors’
.set.rank.spiral: no visible global function definition for
‘heat.colors’
.set.split.vertex.color: no visible global function definition for
‘colors’
level.plot: no visible global function definition for ‘colors’
plot.NetworkSperical: no visible global function definition for
‘colors’
plot.NetworkSperical: no visible global function definition for
‘palette’
plot.NetworkSperical.startSet: no visible global function definition
for ‘colors’
plot.NetworkSperical.startSet: no visible global function definition
for ‘palette’
plot.netbiov: no visible global function definition for ‘par’
plot.spiral.graph : dst: no visible global function definition for
‘dist’
tkplot.netbiov: no visible global function definition for ‘par’
Undefined global functions or variables:
colors dev.off dist heat.colors hist palette par pdf rnorm
Consider adding
importFrom("grDevices", "colors", "dev.off", "heat.colors", "palette",
"pdf")
importFrom("graphics", "hist", "par")
importFrom("stats", "dist", "rnorm")
to your NAMESPACE file.
* checking Rd files ... OK
* checking Rd metadata ... OK
* checking Rd cross-references ... OK
* checking for missing documentation entries ... OK
* checking for code/documentation mismatches ... OK
* checking Rd \usage sections ... WARNING
Documented arguments not in \usage in documentation object 'level.plot':
‘...’
Documented arguments not in \usage in documentation object 'mst.plot':
‘...’
Documented arguments not in \usage in documentation object 'mst.plot.mod':
‘...’
Functions with \usage entries need to have the appropriate \alias
entries, and all their arguments documented.
The \usage entries must correspond to syntactically valid R code.
See chapter ‘Writing R documentation files’ in the ‘Writing R
Extensions’ manual.
* checking Rd contents ... OK
* checking for unstated dependencies in examples ... OK
* checking contents of ‘data’ directory ... OK
* checking data for non-ASCII characters ... OK
* checking data for ASCII and uncompressed saves ... OK
* checking sizes of PDF files under ‘inst/doc’ ... OK
* checking files in ‘vignettes’ ... NOTE
The following files are already in R: ‘Sweave.sty’
Please remove them from your package.
* checking examples ... OK
Examples with CPU (user + system) or elapsed time > 5s
user system elapsed
level.plot 73.983 3.737 78.448
plot.abstract.module 26.382 0.828 27.450
plot.modules 24.769 0.687 25.720
mst.plot 9.011 0.200 9.295
mst.plot.mod 8.118 0.218 8.401
* checking for unstated dependencies in ‘tests’ ... OK
* checking tests ...
Running ‘runTests.R’
OK
* checking for unstated dependencies in vignettes ... OK
* checking package vignettes in ‘inst/doc’ ... OK
* checking running R code from vignettes ... SKIPPED
* checking re-building of vignette outputs ... SKIPPED
* checking PDF version of manual ... OK
* DONE
Status: 2 WARNINGs, 3 NOTEs
See
‘/Users/biocbuild/bbs-3.18-bioc/meat/netbiov.Rcheck/00check.log’
for details.
netbiov.Rcheck/00install.out
############################################################################## ############################################################################## ### ### Running command: ### ### /Library/Frameworks/R.framework/Resources/bin/R CMD INSTALL netbiov ### ############################################################################## ############################################################################## * installing to library ‘/Library/Frameworks/R.framework/Versions/4.3-x86_64/Resources/library’ * installing *source* package ‘netbiov’ ... ** using staged installation ** R ** data ** inst ** byte-compile and prepare package for lazy loading ** help *** installing help indices ** building package indices ** installing vignettes ** testing if installed package can be loaded from temporary location Warning: Package 'netbiov' is deprecated and will be removed from Bioconductor version 3.19 ** testing if installed package can be loaded from final location Warning: Package 'netbiov' is deprecated and will be removed from Bioconductor version 3.19 ** testing if installed package keeps a record of temporary installation path * DONE (netbiov)
netbiov.Rcheck/tests/runTests.Rout
R version 4.3.2 Patched (2023-11-01 r85457) -- "Eye Holes"
Copyright (C) 2023 The R Foundation for Statistical Computing
Platform: x86_64-apple-darwin20 (64-bit)
R is free software and comes with ABSOLUTELY NO WARRANTY.
You are welcome to redistribute it under certain conditions.
Type 'license()' or 'licence()' for distribution details.
R is a collaborative project with many contributors.
Type 'contributors()' for more information and
'citation()' on how to cite R or R packages in publications.
Type 'demo()' for some demos, 'help()' for on-line help, or
'help.start()' for an HTML browser interface to help.
Type 'q()' to quit R.
> require("RUnit")
Loading required package: RUnit
> require("netbiov")
Loading required package: netbiov
Loading required package: igraph
Attaching package: 'igraph'
The following objects are masked from 'package:stats':
decompose, spectrum
The following object is masked from 'package:base':
union
Warning message:
Package 'netbiov' is deprecated and will be removed from Bioconductor
version 3.19
>
> pattern="^test_.*\\.R$"
> runitDirs <- c(".")
> TEST_DATA_DIR <- "data"
> BiocGenerics:::testPackage("netbiov")
This graph was created by an old(er) igraph version.
Call upgrade_graph() on it to use with the current igraph version
For now we convert it on the fly...
RUNIT TEST PROTOCOL -- Sun Mar 3 22:13:59 2024
***********************************************
Number of test functions: 1
Number of errors: 0
Number of failures: 0
1 Test Suite :
netbiov RUnit Tests - 1 test function, 0 errors, 0 failures
Number of test functions: 1
Number of errors: 0
Number of failures: 0
> suite <- defineTestSuite(name="NetBioV Suite",
+ dirs=runitDirs,
+ testFileRegexp=pattern,
+ rngKind="default",
+ rngNormalKind="default")
> result <- runTestSuite(suite)
> printTextProtocol(result)
RUNIT TEST PROTOCOL -- Sun Mar 3 22:13:59 2024
***********************************************
Number of test functions: 0
Number of errors: 0
Number of failures: 0
1 Test Suite :
NetBioV Suite - 0 test functions, 0 errors, 0 failures
Details
***************************
Test Suite: NetBioV Suite
Test function regexp: ^test.+
Test file regexp: ^test_.*\.R$
Involved directory:
.
no test files
>
> proc.time()
user system elapsed
9.635 0.590 10.324
netbiov.Rcheck/netbiov-Ex.timings
| name | user | system | elapsed | |
| PPI_Athalina | 0.021 | 0.006 | 0.027 | |
| level.plot | 73.983 | 3.737 | 78.448 | |
| mst.plot | 9.011 | 0.200 | 9.295 | |
| mst.plot.mod | 8.118 | 0.218 | 8.401 | |
| plot.NetworkSperical | 0.511 | 0.010 | 0.525 | |
| plot.NetworkSperical.startSet | 0.305 | 0.034 | 0.340 | |
| plot.abstract.module | 26.382 | 0.828 | 27.450 | |
| plot.abstract.nodes | 0.147 | 0.012 | 0.162 | |
| plot.modules | 24.769 | 0.687 | 25.720 | |
| plot.netbiov | 0.867 | 0.022 | 0.899 | |
| plot.spiral.graph | 0.326 | 0.017 | 0.358 | |
| split.mst | 0.663 | 0.020 | 0.689 | |