| Back to Multiple platform build/check report for BioC 3.18: simplified long |
|
This page was generated on 2024-03-04 11:37:33 -0500 (Mon, 04 Mar 2024).
| Hostname | OS | Arch (*) | R version | Installed pkgs |
|---|---|---|---|---|
| nebbiolo2 | Linux (Ubuntu 22.04.3 LTS) | x86_64 | 4.3.2 Patched (2023-11-13 r85521) -- "Eye Holes" | 4692 |
| palomino4 | Windows Server 2022 Datacenter | x64 | 4.3.2 (2023-10-31 ucrt) -- "Eye Holes" | 4445 |
| lconway | macOS 12.7.1 Monterey | x86_64 | 4.3.2 Patched (2023-11-01 r85457) -- "Eye Holes" | 4466 |
| Click on any hostname to see more info about the system (e.g. compilers) (*) as reported by 'uname -p', except on Windows and Mac OS X | ||||
| Package 1259/2266 | Hostname | OS / Arch | INSTALL | BUILD | CHECK | BUILD BIN | ||||||||
| mina 1.10.0 (landing page) Rui Guan
| nebbiolo2 | Linux (Ubuntu 22.04.3 LTS) / x86_64 | OK | OK | WARNINGS | |||||||||
| palomino4 | Windows Server 2022 Datacenter / x64 | OK | OK | WARNINGS | OK | |||||||||
| lconway | macOS 12.7.1 Monterey / x86_64 | OK | OK | WARNINGS | OK | |||||||||
| kjohnson1 | macOS 13.6.1 Ventura / arm64 | see weekly results here | ||||||||||||
|
To the developers/maintainers of the mina package: - Allow up to 24 hours (and sometimes 48 hours) for your latest push to git@git.bioconductor.org:packages/mina.git to reflect on this report. See Troubleshooting Build Report for more information. - Use the following Renviron settings to reproduce errors and warnings. - If 'R CMD check' started to fail recently on the Linux builder(s) over a missing dependency, add the missing dependency to 'Suggests:' in your DESCRIPTION file. See Renviron.bioc for more information. |
| Package: mina |
| Version: 1.10.0 |
| Command: /Library/Frameworks/R.framework/Resources/bin/R CMD check --install=check:mina.install-out.txt --library=/Library/Frameworks/R.framework/Resources/library --no-vignettes --timings mina_1.10.0.tar.gz |
| StartedAt: 2024-03-03 21:48:30 -0500 (Sun, 03 Mar 2024) |
| EndedAt: 2024-03-03 21:52:41 -0500 (Sun, 03 Mar 2024) |
| EllapsedTime: 250.5 seconds |
| RetCode: 0 |
| Status: WARNINGS |
| CheckDir: mina.Rcheck |
| Warnings: 1 |
##############################################################################
##############################################################################
###
### Running command:
###
### /Library/Frameworks/R.framework/Resources/bin/R CMD check --install=check:mina.install-out.txt --library=/Library/Frameworks/R.framework/Resources/library --no-vignettes --timings mina_1.10.0.tar.gz
###
##############################################################################
##############################################################################
* using log directory ‘/Users/biocbuild/bbs-3.18-bioc/meat/mina.Rcheck’
* using R version 4.3.2 Patched (2023-11-01 r85457)
* using platform: x86_64-apple-darwin20 (64-bit)
* R was compiled by
Apple clang version 14.0.3 (clang-1403.0.22.14.1)
GNU Fortran (GCC) 12.2.0
* running under: macOS Monterey 12.7.1
* using session charset: UTF-8
* using option ‘--no-vignettes’
* checking for file ‘mina/DESCRIPTION’ ... OK
* this is package ‘mina’ version ‘1.10.0’
* package encoding: UTF-8
* checking package namespace information ... OK
* checking package dependencies ... OK
* checking if this is a source package ... OK
* checking if there is a namespace ... OK
* checking for hidden files and directories ... OK
* checking for portable file names ... OK
* checking for sufficient/correct file permissions ... OK
* checking whether package ‘mina’ can be installed ... OK
* used C++ compiler: ‘Apple clang version 14.0.0 (clang-1400.0.29.202)’
* used SDK: ‘MacOSX11.3.sdk’
* checking installed package size ... NOTE
installed size is 8.0Mb
sub-directories of 1Mb or more:
data 7.4Mb
* checking package directory ... OK
* checking ‘build’ directory ... OK
* checking DESCRIPTION meta-information ... OK
* checking top-level files ... OK
* checking for left-over files ... OK
* checking index information ... OK
* checking package subdirectories ... OK
* checking R files for non-ASCII characters ... OK
* checking R files for syntax errors ... OK
* checking whether the package can be loaded ... OK
* checking whether the package can be loaded with stated dependencies ... OK
* checking whether the package can be unloaded cleanly ... OK
* checking whether the namespace can be loaded with stated dependencies ... OK
* checking whether the namespace can be unloaded cleanly ... OK
* checking dependencies in R code ... OK
* checking S3 generic/method consistency ... OK
* checking replacement functions ... OK
* checking foreign function calls ... OK
* checking R code for possible problems ... NOTE
sparcc: no visible binding for global variable ‘i’
net_dis_pcoa,character: no visible binding for global variable ‘y’
net_dis_pcoa,character: no visible binding for global variable ‘Group’
net_dis_plot,mina: no visible binding for global variable ‘Group1’
net_dis_plot,mina: no visible binding for global variable ‘Group2’
net_dis_plot,mina: no visible binding for global variable ‘Distance’
net_dis_plot,mina: no visible binding for global variable ‘Sig’
Undefined global functions or variables:
Distance Group Group1 Group2 Sig i y
* checking Rd files ... OK
* checking Rd metadata ... OK
* checking Rd cross-references ... OK
* checking for missing documentation entries ... OK
* checking for code/documentation mismatches ... OK
* checking Rd \usage sections ... OK
* checking Rd contents ... OK
* checking for unstated dependencies in examples ... OK
* checking contents of ‘data’ directory ... OK
* checking data for non-ASCII characters ... OK
* checking LazyData ... WARNING
LazyData DB of 7.4 MB without LazyDataCompression set
See §1.1.6 of 'Writing R Extensions'
* checking data for ASCII and uncompressed saves ... OK
* checking line endings in C/C++/Fortran sources/headers ... OK
* checking compiled code ... NOTE
Note: information on .o files is not available
* checking files in ‘vignettes’ ... OK
* checking examples ... OK
Examples with CPU (user + system) or elapsed time > 5s
user system elapsed
net_dis_plot 37.866 34.408 41.155
net_dis-mina 19.534 20.731 21.646
dis_stat_accessor 14.885 15.774 15.961
bs_pm-mina 8.739 13.679 7.349
com_plot-mina 11.909 3.105 2.000
net_cls-mina 11.575 0.728 11.909
net_cls 7.321 0.760 7.728
net_cls-matrix 7.221 0.568 7.412
* checking for unstated dependencies in vignettes ... OK
* checking package vignettes in ‘inst/doc’ ... OK
* checking running R code from vignettes ... SKIPPED
* checking re-building of vignette outputs ... SKIPPED
* checking PDF version of manual ... OK
* DONE
Status: 1 WARNING, 3 NOTEs
See
‘/Users/biocbuild/bbs-3.18-bioc/meat/mina.Rcheck/00check.log’
for details.
mina.Rcheck/00install.out
############################################################################## ############################################################################## ### ### Running command: ### ### /Library/Frameworks/R.framework/Resources/bin/R CMD INSTALL mina ### ############################################################################## ############################################################################## * installing to library ‘/Library/Frameworks/R.framework/Versions/4.3-x86_64/Resources/library’ * installing *source* package ‘mina’ ... ** using staged installation ** libs using C++ compiler: ‘Apple clang version 14.0.0 (clang-1400.0.29.202)’ using SDK: ‘MacOSX11.3.sdk’ clang++ -arch x86_64 -std=gnu++17 -I"/Library/Frameworks/R.framework/Resources/include" -DNDEBUG -I'/Library/Frameworks/R.framework/Versions/4.3-x86_64/Resources/library/Rcpp/include' -I'/Library/Frameworks/R.framework/Versions/4.3-x86_64/Resources/library/RcppParallel/include' -I'/Library/Frameworks/R.framework/Versions/4.3-x86_64/Resources/library/RcppArmadillo/include' -I/opt/R/x86_64/include -fPIC -falign-functions=64 -Wall -g -O2 -c RcppExports.cpp -o RcppExports.o clang++ -arch x86_64 -std=gnu++17 -I"/Library/Frameworks/R.framework/Resources/include" -DNDEBUG -I'/Library/Frameworks/R.framework/Versions/4.3-x86_64/Resources/library/Rcpp/include' -I'/Library/Frameworks/R.framework/Versions/4.3-x86_64/Resources/library/RcppParallel/include' -I'/Library/Frameworks/R.framework/Versions/4.3-x86_64/Resources/library/RcppArmadillo/include' -I/opt/R/x86_64/include -fPIC -falign-functions=64 -Wall -g -O2 -c cp_cor.cpp -o cp_cor.o clang++ -arch x86_64 -std=gnu++17 -dynamiclib -Wl,-headerpad_max_install_names -undefined dynamic_lookup -L/Library/Frameworks/R.framework/Resources/lib -L/opt/R/x86_64/lib -o mina.so RcppExports.o cp_cor.o -F/Library/Frameworks/R.framework/.. -framework R -Wl,-framework -Wl,CoreFoundation installing to /Library/Frameworks/R.framework/Versions/4.3-x86_64/Resources/library/00LOCK-mina/00new/mina/libs ** R ** data *** moving datasets to lazyload DB ** byte-compile and prepare package for lazy loading Creating a new generic function for ‘norm’ in package ‘mina’ ** help *** installing help indices ** building package indices ** installing vignettes ** testing if installed package can be loaded from temporary location ** checking absolute paths in shared objects and dynamic libraries ** testing if installed package can be loaded from final location ** testing if installed package keeps a record of temporary installation path * DONE (mina)
mina.Rcheck/mina-Ex.timings
| name | user | system | elapsed | |
| adj-matrix | 0.616 | 0.146 | 0.372 | |
| adj-mina | 0.765 | 0.285 | 0.524 | |
| adj | 1.127 | 0.186 | 0.885 | |
| adj_method_list | 0.079 | 0.137 | 0.159 | |
| bs_pm-mina | 8.739 | 13.679 | 7.349 | |
| bs_pm | 2.124 | 2.272 | 2.131 | |
| check_mina | 0.093 | 0.026 | 0.119 | |
| check_mina_de | 0.080 | 0.021 | 0.103 | |
| check_mina_qu | 0.077 | 0.023 | 0.101 | |
| cls_tab | 0.083 | 0.062 | 0.154 | |
| com_dis-matrix | 0.514 | 0.143 | 0.293 | |
| com_dis-mina | 0.301 | 0.122 | 0.077 | |
| com_dis | 0.510 | 0.131 | 0.291 | |
| com_dis_list | 0.109 | 0.134 | 0.166 | |
| com_plot-mina | 11.909 | 3.105 | 2.000 | |
| com_plot | 0.179 | 0.187 | 0.180 | |
| com_r2-mina | 0.767 | 0.188 | 0.550 | |
| com_r2 | 1.197 | 0.286 | 0.947 | |
| data-hmp | 0.002 | 0.002 | 0.003 | |
| data-maize | 0.001 | 0.002 | 0.002 | |
| des_accessor | 0.003 | 0.001 | 0.004 | |
| dis_accessor | 0.296 | 0.085 | 0.085 | |
| dis_stat_accessor | 14.885 | 15.774 | 15.961 | |
| dmr-matrix | 0.616 | 0.182 | 0.495 | |
| dmr-mina | 0.589 | 0.119 | 0.354 | |
| dmr | 0.635 | 0.143 | 0.412 | |
| dmr_accessor | 0.616 | 0.112 | 0.395 | |
| fit_tabs-mina | 0.738 | 0.211 | 0.963 | |
| fit_tabs | 1.082 | 0.205 | 1.299 | |
| get_net_cls_tab-matrix-data.frame-method | 1.648 | 0.332 | 1.494 | |
| get_net_cls_tab | 1.848 | 0.282 | 1.722 | |
| get_r2-mat | 0.727 | 0.123 | 0.500 | |
| get_r2 | 0.769 | 0.184 | 0.578 | |
| get_rep-matrix | 0.322 | 0.045 | 0.372 | |
| get_rep-mima | 0.820 | 0.079 | 0.911 | |
| hmp_des | 0.000 | 0.001 | 0.002 | |
| hmp_otu | 0.001 | 0.001 | 0.003 | |
| maize_asv | 0.001 | 0.001 | 0.002 | |
| maize_asv2 | 0.001 | 0.001 | 0.002 | |
| maize_des | 0.001 | 0.001 | 0.003 | |
| maize_des2 | 0.001 | 0.001 | 0.002 | |
| mina-class | 0.001 | 0.000 | 0.001 | |
| net_cls-matrix | 7.221 | 0.568 | 7.412 | |
| net_cls-mina | 11.575 | 0.728 | 11.909 | |
| net_cls | 7.321 | 0.760 | 7.728 | |
| net_cls_tab-mina-method | 1.854 | 0.216 | 1.595 | |
| net_cls_tab | 1.639 | 0.409 | 1.598 | |
| net_dis-mina | 19.534 | 20.731 | 21.646 | |
| net_dis | 2.111 | 2.270 | 2.340 | |
| net_dis_indi | 0.000 | 0.001 | 0.001 | |
| net_dis_pcoa | 0.000 | 0.001 | 0.000 | |
| net_dis_plot | 37.866 | 34.408 | 41.155 | |
| net_grp_cmp | 0.000 | 0.000 | 0.001 | |
| net_node_cmp | 0 | 0 | 0 | |
| norm_accessor | 0.033 | 0.001 | 0.034 | |
| norm_tab-matrix | 0.809 | 0.127 | 0.942 | |
| norm_tab-mina | 0.769 | 0.058 | 0.834 | |
| norm_tab | 0.024 | 0.000 | 0.025 | |
| norm_tab_method_list | 0.063 | 0.039 | 0.120 | |
| pcoa_plot | 1.260 | 0.359 | 0.811 | |
| sim_par | 0 | 0 | 0 | |
| sparcc | 0 | 0 | 0 | |
| tab_accessor | 0.000 | 0.000 | 0.001 | |
| tina-matrix-method | 0.000 | 0.000 | 0.001 | |
| tina | 0 | 0 | 0 | |