| Back to Multiple platform build/check report for BioC 3.18: simplified long |
|
This page was generated on 2024-03-04 11:37:31 -0500 (Mon, 04 Mar 2024).
| Hostname | OS | Arch (*) | R version | Installed pkgs |
|---|---|---|---|---|
| nebbiolo2 | Linux (Ubuntu 22.04.3 LTS) | x86_64 | 4.3.2 Patched (2023-11-13 r85521) -- "Eye Holes" | 4692 |
| palomino4 | Windows Server 2022 Datacenter | x64 | 4.3.2 (2023-10-31 ucrt) -- "Eye Holes" | 4445 |
| lconway | macOS 12.7.1 Monterey | x86_64 | 4.3.2 Patched (2023-11-01 r85457) -- "Eye Holes" | 4466 |
| Click on any hostname to see more info about the system (e.g. compilers) (*) as reported by 'uname -p', except on Windows and Mac OS X | ||||
| Package 1187/2266 | Hostname | OS / Arch | INSTALL | BUILD | CHECK | BUILD BIN | ||||||||
| memes 1.10.0 (landing page) Spencer Nystrom
| nebbiolo2 | Linux (Ubuntu 22.04.3 LTS) / x86_64 | OK | OK | WARNINGS | |||||||||
| palomino4 | Windows Server 2022 Datacenter / x64 | OK | OK | WARNINGS | OK | |||||||||
| lconway | macOS 12.7.1 Monterey / x86_64 | OK | OK | WARNINGS | OK | |||||||||
| kjohnson1 | macOS 13.6.1 Ventura / arm64 | see weekly results here | ||||||||||||
|
To the developers/maintainers of the memes package: - Allow up to 24 hours (and sometimes 48 hours) for your latest push to git@git.bioconductor.org:packages/memes.git to reflect on this report. See Troubleshooting Build Report for more information. - Use the following Renviron settings to reproduce errors and warnings. - If 'R CMD check' started to fail recently on the Linux builder(s) over a missing dependency, add the missing dependency to 'Suggests:' in your DESCRIPTION file. See Renviron.bioc for more information. |
| Package: memes |
| Version: 1.10.0 |
| Command: /Library/Frameworks/R.framework/Resources/bin/R CMD check --install=check:memes.install-out.txt --library=/Library/Frameworks/R.framework/Resources/library --no-vignettes --timings memes_1.10.0.tar.gz |
| StartedAt: 2024-03-03 21:37:47 -0500 (Sun, 03 Mar 2024) |
| EndedAt: 2024-03-03 21:40:14 -0500 (Sun, 03 Mar 2024) |
| EllapsedTime: 146.9 seconds |
| RetCode: 0 |
| Status: WARNINGS |
| CheckDir: memes.Rcheck |
| Warnings: 1 |
##############################################################################
##############################################################################
###
### Running command:
###
### /Library/Frameworks/R.framework/Resources/bin/R CMD check --install=check:memes.install-out.txt --library=/Library/Frameworks/R.framework/Resources/library --no-vignettes --timings memes_1.10.0.tar.gz
###
##############################################################################
##############################################################################
* using log directory ‘/Users/biocbuild/bbs-3.18-bioc/meat/memes.Rcheck’
* using R version 4.3.2 Patched (2023-11-01 r85457)
* using platform: x86_64-apple-darwin20 (64-bit)
* R was compiled by
Apple clang version 14.0.3 (clang-1403.0.22.14.1)
GNU Fortran (GCC) 12.2.0
* running under: macOS Monterey 12.7.1
* using session charset: UTF-8
* using option ‘--no-vignettes’
* checking for file ‘memes/DESCRIPTION’ ... OK
* checking extension type ... Package
* this is package ‘memes’ version ‘1.10.0’
* package encoding: UTF-8
* checking package namespace information ... OK
* checking package dependencies ... OK
* checking if this is a source package ... OK
* checking if there is a namespace ... OK
* checking for hidden files and directories ... OK
* checking for portable file names ... OK
* checking for sufficient/correct file permissions ... OK
* checking whether package ‘memes’ can be installed ... OK
* checking installed package size ... OK
* checking package directory ... OK
* checking ‘build’ directory ... OK
* checking DESCRIPTION meta-information ... OK
* checking top-level files ... OK
* checking for left-over files ... OK
* checking index information ... OK
* checking package subdirectories ... OK
* checking R files for non-ASCII characters ... OK
* checking R files for syntax errors ... OK
* checking whether the package can be loaded ... OK
* checking whether the package can be loaded with stated dependencies ... OK
* checking whether the package can be unloaded cleanly ... OK
* checking whether the namespace can be loaded with stated dependencies ... OK
* checking whether the namespace can be unloaded cleanly ... OK
* checking dependencies in R code ... OK
* checking S3 generic/method consistency ... WARNING
motif_input:
function(x, ...)
motif_input.universalmotif_df:
function(input, path)
motif_input:
function(x, ...)
motif_input.universalmotif:
function(input, path)
motif_input:
function(x, ...)
motif_input.list:
function(input, path)
motif_input:
function(x, ...)
motif_input.character:
function(input, path)
motif_input:
function(x, ...)
motif_input.data.frame:
function(input, path)
sequence_input:
function(x)
sequence_input.DNAStringSet:
function(input)
sequence_input:
function(x)
sequence_input.character:
function(input)
sequence_input:
function(x)
sequence_input.BStringSet:
function(input)
sequence_input:
function(x)
sequence_input.AAStringSet:
function(input)
See section ‘Generic functions and methods’ in the ‘Writing R
Extensions’ manual.
* checking replacement functions ... OK
* checking foreign function calls ... OK
* checking R code for possible problems ... OK
* checking Rd files ... OK
* checking Rd metadata ... OK
* checking Rd cross-references ... OK
* checking for missing documentation entries ... OK
* checking for code/documentation mismatches ... OK
* checking Rd \usage sections ... OK
* checking Rd contents ... OK
* checking for unstated dependencies in examples ... OK
* checking contents of ‘data’ directory ... OK
* checking data for non-ASCII characters ... OK
* checking LazyData ... OK
* checking data for ASCII and uncompressed saves ... OK
* checking files in ‘vignettes’ ... OK
* checking examples ... OK
Examples with CPU (user + system) or elapsed time > 5s
user system elapsed
add_sequence 8.201 0.334 8.606
plot_sequence_heatmap 4.881 0.172 5.179
* checking for unstated dependencies in vignettes ... OK
* checking package vignettes in ‘inst/doc’ ... OK
* checking running R code from vignettes ... SKIPPED
* checking re-building of vignette outputs ... SKIPPED
* checking PDF version of manual ... OK
* DONE
Status: 1 WARNING
See
‘/Users/biocbuild/bbs-3.18-bioc/meat/memes.Rcheck/00check.log’
for details.
memes.Rcheck/00install.out
############################################################################## ############################################################################## ### ### Running command: ### ### /Library/Frameworks/R.framework/Resources/bin/R CMD INSTALL memes ### ############################################################################## ############################################################################## * installing to library ‘/Library/Frameworks/R.framework/Versions/4.3-x86_64/Resources/library’ * installing *source* package ‘memes’ ... ** using staged installation ** R ** data *** moving datasets to lazyload DB ** inst ** byte-compile and prepare package for lazy loading ** help *** installing help indices *** copying figures ** building package indices ** installing vignettes ** testing if installed package can be loaded from temporary location ** testing if installed package can be loaded from final location ** testing if installed package keeps a record of temporary installation path * DONE (memes)
memes.Rcheck/memes-Ex.timings
| name | user | system | elapsed | |
| add_sequence | 8.201 | 0.334 | 8.606 | |
| ame_compare_heatmap_methods | 1.830 | 0.062 | 1.909 | |
| check_meme_install | 0.568 | 0.070 | 0.645 | |
| drop_best_match | 0.009 | 0.003 | 0.012 | |
| example_ame | 0.080 | 0.009 | 0.091 | |
| example_ame_large | 0.051 | 0.005 | 0.056 | |
| force_best_match | 0.062 | 0.008 | 0.071 | |
| get_sequence | 0.504 | 0.087 | 0.609 | |
| has_duplicate_motifs | 0.197 | 0.011 | 0.212 | |
| importAme | 0.245 | 0.050 | 0.287 | |
| importDremeXML | 0.239 | 0.009 | 0.253 | |
| importFimo | 0.047 | 0.013 | 0.051 | |
| importMeme | 0.112 | 0.002 | 0.116 | |
| importStremeXML | 0.192 | 0.005 | 0.198 | |
| importTomTomXML | 0.340 | 0.008 | 0.353 | |
| meme_is_installed | 0.059 | 0.001 | 0.061 | |
| nest_tomtom | 0.065 | 0.002 | 0.067 | |
| plot_ame_heatmap | 0.605 | 0.017 | 0.628 | |
| plot_sequence_heatmap | 4.881 | 0.172 | 5.179 | |
| remove_duplicate_motifs | 0.002 | 0.001 | 0.004 | |
| runAme | 0.063 | 0.002 | 0.067 | |
| runDreme | 0.054 | 0.001 | 0.055 | |
| runFimo | 0.053 | 0.002 | 0.055 | |
| runMeme | 0.054 | 0.001 | 0.056 | |
| runTomTom | 0.055 | 0.002 | 0.059 | |
| update_best_match | 0.086 | 0.002 | 0.089 | |
| view_tomtom_hits | 1.298 | 0.023 | 1.334 | |
| write_fasta | 0.002 | 0.000 | 0.003 | |