| Back to Multiple platform build/check report for BioC 3.18: simplified long |
|
This page was generated on 2024-03-04 11:37:28 -0500 (Mon, 04 Mar 2024).
| Hostname | OS | Arch (*) | R version | Installed pkgs |
|---|---|---|---|---|
| nebbiolo2 | Linux (Ubuntu 22.04.3 LTS) | x86_64 | 4.3.2 Patched (2023-11-13 r85521) -- "Eye Holes" | 4692 |
| palomino4 | Windows Server 2022 Datacenter | x64 | 4.3.2 (2023-10-31 ucrt) -- "Eye Holes" | 4445 |
| lconway | macOS 12.7.1 Monterey | x86_64 | 4.3.2 Patched (2023-11-01 r85457) -- "Eye Holes" | 4466 |
| Click on any hostname to see more info about the system (e.g. compilers) (*) as reported by 'uname -p', except on Windows and Mac OS X | ||||
| Package 1066/2266 | Hostname | OS / Arch | INSTALL | BUILD | CHECK | BUILD BIN | ||||||||
| iterativeBMAsurv 1.60.0 (landing page) Ka Yee Yeung
| nebbiolo2 | Linux (Ubuntu 22.04.3 LTS) / x86_64 | OK | OK | WARNINGS | |||||||||
| palomino4 | Windows Server 2022 Datacenter / x64 | OK | OK | WARNINGS | OK | |||||||||
| lconway | macOS 12.7.1 Monterey / x86_64 | OK | OK | WARNINGS | OK | |||||||||
| kjohnson1 | macOS 13.6.1 Ventura / arm64 | see weekly results here | ||||||||||||
|
To the developers/maintainers of the iterativeBMAsurv package: - Allow up to 24 hours (and sometimes 48 hours) for your latest push to git@git.bioconductor.org:packages/iterativeBMAsurv.git to reflect on this report. See Troubleshooting Build Report for more information. - Use the following Renviron settings to reproduce errors and warnings. - If 'R CMD check' started to fail recently on the Linux builder(s) over a missing dependency, add the missing dependency to 'Suggests:' in your DESCRIPTION file. See Renviron.bioc for more information. |
| Package: iterativeBMAsurv |
| Version: 1.60.0 |
| Command: /Library/Frameworks/R.framework/Resources/bin/R CMD check --install=check:iterativeBMAsurv.install-out.txt --library=/Library/Frameworks/R.framework/Resources/library --no-vignettes --timings iterativeBMAsurv_1.60.0.tar.gz |
| StartedAt: 2024-03-03 21:23:33 -0500 (Sun, 03 Mar 2024) |
| EndedAt: 2024-03-03 21:25:12 -0500 (Sun, 03 Mar 2024) |
| EllapsedTime: 99.8 seconds |
| RetCode: 0 |
| Status: WARNINGS |
| CheckDir: iterativeBMAsurv.Rcheck |
| Warnings: 1 |
##############################################################################
##############################################################################
###
### Running command:
###
### /Library/Frameworks/R.framework/Resources/bin/R CMD check --install=check:iterativeBMAsurv.install-out.txt --library=/Library/Frameworks/R.framework/Resources/library --no-vignettes --timings iterativeBMAsurv_1.60.0.tar.gz
###
##############################################################################
##############################################################################
* using log directory ‘/Users/biocbuild/bbs-3.18-bioc/meat/iterativeBMAsurv.Rcheck’
* using R version 4.3.2 Patched (2023-11-01 r85457)
* using platform: x86_64-apple-darwin20 (64-bit)
* R was compiled by
Apple clang version 14.0.3 (clang-1403.0.22.14.1)
GNU Fortran (GCC) 12.2.0
* running under: macOS Monterey 12.7.1
* using session charset: UTF-8
* using option ‘--no-vignettes’
* checking for file ‘iterativeBMAsurv/DESCRIPTION’ ... OK
* checking extension type ... Package
* this is package ‘iterativeBMAsurv’ version ‘1.60.0’
* checking package namespace information ... OK
* checking package dependencies ... OK
* checking if this is a source package ... OK
* checking if there is a namespace ... OK
* checking for hidden files and directories ... OK
* checking for portable file names ... OK
* checking for sufficient/correct file permissions ... OK
* checking whether package ‘iterativeBMAsurv’ can be installed ... OK
* checking installed package size ... OK
* checking package directory ... OK
* checking ‘build’ directory ... OK
* checking DESCRIPTION meta-information ... NOTE
Package listed in more than one of Depends, Imports, Suggests, Enhances:
‘survival’
A package should be listed in only one of these fields.
* checking top-level files ... OK
* checking for left-over files ... OK
* checking index information ... OK
* checking package subdirectories ... OK
* checking R files for non-ASCII characters ... OK
* checking R files for syntax errors ... OK
* checking whether the package can be loaded ... OK
* checking whether the package can be loaded with stated dependencies ... OK
* checking whether the package can be unloaded cleanly ... OK
* checking whether the namespace can be loaded with stated dependencies ... OK
* checking whether the namespace can be unloaded cleanly ... OK
* checking dependencies in R code ... NOTE
Packages in Depends field not imported from:
‘BMA’ ‘leaps’ ‘splines’
These packages need to be imported from (in the NAMESPACE file)
for when this namespace is loaded but not attached.
* checking S3 generic/method consistency ... OK
* checking replacement functions ... OK
* checking foreign function calls ... OK
* checking R code for possible problems ... NOTE
iterateBMAsurv.train: no visible global function definition for
‘bic.surv’
iterateBMAsurv.train.wrapper: no visible global function definition for
‘bic.surv’
Undefined global functions or variables:
bic.surv
* checking Rd files ... WARNING
checkRd: (-1) crossVal.Rd:74: Escaped LaTeX specials: \_ \_ \_ \_
checkRd: (5) iterateBMAsurv.train.Rd:67-98: \item in \value must have non-empty label
prepare_Rd: predictBicSurv.Rd:46: Dropping empty section \note
prepare_Rd: predictiveAssessCategory.Rd:52: Dropping empty section \note
prepare_Rd: printTopGenes.Rd:49: Dropping empty section \note
checkRd: (-1) printTopGenes.Rd:22: Escaped LaTeX specials: \_ \_
prepare_Rd: singleGeneCoxph.Rd:54: Dropping empty section \note
checkRd: (-1) singleGeneCoxph.Rd:32: Escaped LaTeX specials: \_
prepare_Rd: testCens.Rd:13-14: Dropping empty section \details
prepare_Rd: testSurv.Rd:13-14: Dropping empty section \details
prepare_Rd: trainCens.Rd:13-14: Dropping empty section \details
prepare_Rd: trainSurv.Rd:13-14: Dropping empty section \details
* checking Rd metadata ... OK
* checking Rd cross-references ... OK
* checking for missing documentation entries ... OK
* checking for code/documentation mismatches ... OK
* checking Rd \usage sections ... OK
* checking Rd contents ... OK
* checking for unstated dependencies in examples ... OK
* checking contents of ‘data’ directory ... OK
* checking data for non-ASCII characters ... OK
* checking data for ASCII and uncompressed saves ... OK
* checking sizes of PDF files under ‘inst/doc’ ... OK
* checking files in ‘vignettes’ ... OK
* checking examples ... OK
Examples with CPU (user + system) or elapsed time > 5s
user system elapsed
imageplot.iterate.bma.surv 11.494 0.146 11.712
iterateBMAsurv.train 5.579 0.079 5.685
predictiveAssessCategory 5.539 0.115 5.683
iterateBMAsurv.train.wrapper 5.233 0.056 5.322
predictBicSurv 5.206 0.070 5.310
* checking for unstated dependencies in vignettes ... OK
* checking package vignettes in ‘inst/doc’ ... OK
* checking running R code from vignettes ... SKIPPED
* checking re-building of vignette outputs ... SKIPPED
* checking PDF version of manual ... OK
* DONE
Status: 1 WARNING, 3 NOTEs
See
‘/Users/biocbuild/bbs-3.18-bioc/meat/iterativeBMAsurv.Rcheck/00check.log’
for details.
iterativeBMAsurv.Rcheck/00install.out
############################################################################## ############################################################################## ### ### Running command: ### ### /Library/Frameworks/R.framework/Resources/bin/R CMD INSTALL iterativeBMAsurv ### ############################################################################## ############################################################################## * installing to library ‘/Library/Frameworks/R.framework/Versions/4.3-x86_64/Resources/library’ * installing *source* package ‘iterativeBMAsurv’ ... ** using staged installation ** R ** data ** byte-compile and prepare package for lazy loading ** help *** installing help indices ** building package indices ** installing vignettes ** testing if installed package can be loaded from temporary location ** testing if installed package can be loaded from final location ** testing if installed package keeps a record of temporary installation path * DONE (iterativeBMAsurv)
iterativeBMAsurv.Rcheck/iterativeBMAsurv-Ex.timings
| name | user | system | elapsed | |
| crossVal | 1.486 | 0.072 | 1.568 | |
| imageplot.iterate.bma.surv | 11.494 | 0.146 | 11.712 | |
| iterateBMAsurv.train | 5.579 | 0.079 | 5.685 | |
| iterateBMAsurv.train.predict.assess | 0.595 | 0.036 | 0.635 | |
| iterateBMAsurv.train.wrapper | 5.233 | 0.056 | 5.322 | |
| iterativeBMAsurv-package | 1.977 | 0.089 | 2.082 | |
| predictBicSurv | 5.206 | 0.070 | 5.310 | |
| predictiveAssessCategory | 5.539 | 0.115 | 5.683 | |
| printTopGenes | 0.300 | 0.008 | 0.310 | |
| singleGeneCoxph | 0.327 | 0.008 | 0.338 | |