| Back to Multiple platform build/check report for BioC 3.18: simplified long |
|
This page was generated on 2024-03-04 11:37:20 -0500 (Mon, 04 Mar 2024).
| Hostname | OS | Arch (*) | R version | Installed pkgs |
|---|---|---|---|---|
| nebbiolo2 | Linux (Ubuntu 22.04.3 LTS) | x86_64 | 4.3.2 Patched (2023-11-13 r85521) -- "Eye Holes" | 4692 |
| palomino4 | Windows Server 2022 Datacenter | x64 | 4.3.2 (2023-10-31 ucrt) -- "Eye Holes" | 4445 |
| lconway | macOS 12.7.1 Monterey | x86_64 | 4.3.2 Patched (2023-11-01 r85457) -- "Eye Holes" | 4466 |
| Click on any hostname to see more info about the system (e.g. compilers) (*) as reported by 'uname -p', except on Windows and Mac OS X | ||||
| Package 724/2266 | Hostname | OS / Arch | INSTALL | BUILD | CHECK | BUILD BIN | ||||||||
| flowCore 2.14.1 (landing page) Mike Jiang
| nebbiolo2 | Linux (Ubuntu 22.04.3 LTS) / x86_64 | OK | OK | WARNINGS | |||||||||
| palomino4 | Windows Server 2022 Datacenter / x64 | OK | OK | WARNINGS | OK | |||||||||
| lconway | macOS 12.7.1 Monterey / x86_64 | OK | OK | WARNINGS | OK | |||||||||
| kjohnson1 | macOS 13.6.1 Ventura / arm64 | see weekly results here | ||||||||||||
|
To the developers/maintainers of the flowCore package: - Allow up to 24 hours (and sometimes 48 hours) for your latest push to git@git.bioconductor.org:packages/flowCore.git to reflect on this report. See Troubleshooting Build Report for more information. - Use the following Renviron settings to reproduce errors and warnings. - If 'R CMD check' started to fail recently on the Linux builder(s) over a missing dependency, add the missing dependency to 'Suggests:' in your DESCRIPTION file. See Renviron.bioc for more information. |
| Package: flowCore |
| Version: 2.14.1 |
| Command: /Library/Frameworks/R.framework/Resources/bin/R CMD check --install=check:flowCore.install-out.txt --library=/Library/Frameworks/R.framework/Resources/library --no-vignettes --timings flowCore_2.14.1.tar.gz |
| StartedAt: 2024-03-03 20:38:59 -0500 (Sun, 03 Mar 2024) |
| EndedAt: 2024-03-03 20:42:12 -0500 (Sun, 03 Mar 2024) |
| EllapsedTime: 193.1 seconds |
| RetCode: 0 |
| Status: WARNINGS |
| CheckDir: flowCore.Rcheck |
| Warnings: 2 |
##############################################################################
##############################################################################
###
### Running command:
###
### /Library/Frameworks/R.framework/Resources/bin/R CMD check --install=check:flowCore.install-out.txt --library=/Library/Frameworks/R.framework/Resources/library --no-vignettes --timings flowCore_2.14.1.tar.gz
###
##############################################################################
##############################################################################
* using log directory ‘/Users/biocbuild/bbs-3.18-bioc/meat/flowCore.Rcheck’
* using R version 4.3.2 Patched (2023-11-01 r85457)
* using platform: x86_64-apple-darwin20 (64-bit)
* R was compiled by
Apple clang version 14.0.3 (clang-1403.0.22.14.1)
GNU Fortran (GCC) 12.2.0
* running under: macOS Monterey 12.7.1
* using session charset: UTF-8
* using option ‘--no-vignettes’
* checking for file ‘flowCore/DESCRIPTION’ ... OK
* this is package ‘flowCore’ version ‘2.14.1’
* package encoding: UTF-8
* checking package namespace information ... OK
* checking package dependencies ... OK
* checking if this is a source package ... OK
* checking if there is a namespace ... OK
* checking for hidden files and directories ... OK
* checking for portable file names ... OK
* checking for sufficient/correct file permissions ... OK
* checking whether package ‘flowCore’ can be installed ... OK
* used C++ compiler: ‘Apple clang version 14.0.0 (clang-1400.0.29.202)’
* used SDK: ‘MacOSX11.3.sdk’
* checking C++ specification ... NOTE
Specified C++11: please drop specification unless essential
* checking installed package size ... NOTE
installed size is 9.1Mb
sub-directories of 1Mb or more:
R 1.1Mb
data 5.4Mb
extdata 1.1Mb
* checking package directory ... OK
* checking ‘build’ directory ... OK
* checking DESCRIPTION meta-information ... OK
* checking top-level files ... OK
* checking for left-over files ... OK
* checking index information ... OK
* checking package subdirectories ... OK
* checking R files for non-ASCII characters ... OK
* checking R files for syntax errors ... OK
* checking whether the package can be loaded ... OK
* checking whether the package can be loaded with stated dependencies ... OK
* checking whether the package can be unloaded cleanly ... OK
* checking whether the namespace can be loaded with stated dependencies ... OK
* checking whether the namespace can be unloaded cleanly ... OK
* checking dependencies in R code ... NOTE
Namespace in Imports field not imported from: ‘Rcpp’
All declared Imports should be used.
* checking S3 generic/method consistency ... OK
* checking replacement functions ... OK
* checking foreign function calls ... OK
* checking R code for possible problems ... NOTE
eval,compensatedParameter-missing : <anonymous>: no visible binding for
global variable ‘mat’
eval,compensatedParameter-missing : <anonymous>: no visible binding for
global variable ‘msv’
show,flowFrame: no visible global function definition for
‘capture.output’
Undefined global functions or variables:
capture.output mat msv
Consider adding
importFrom("utils", "capture.output")
to your NAMESPACE file.
* checking Rd files ... NOTE
checkRd: (-1) identifier-methods.Rd:36: Escaped LaTeX specials: \^
checkRd: (-1) quadraticTransform.Rd:26: Escaped LaTeX specials: \^
checkRd: (-1) read.FCS.Rd:26: Escaped LaTeX specials: \$
* checking Rd metadata ... OK
* checking Rd cross-references ... OK
* checking for missing documentation entries ... WARNING
Undocumented code objects:
‘multiRangeGate’
Undocumented S4 classes:
‘multiRangeGate’
Undocumented S4 methods:
generic '%in%' and siglist 'flowFrame,multiRangeGate'
generic 'show' and siglist 'multiRangeGate'
All user-level objects in a package (including S4 classes and methods)
should have documentation entries.
See chapter ‘Writing R documentation files’ in the ‘Writing R
Extensions’ manual.
* checking for code/documentation mismatches ... OK
* checking Rd \usage sections ... OK
* checking Rd contents ... OK
* checking for unstated dependencies in examples ... OK
* checking contents of ‘data’ directory ... OK
* checking data for non-ASCII characters ... OK
* checking data for ASCII and uncompressed saves ... OK
* checking line endings in C/C++/Fortran sources/headers ... OK
* checking line endings in Makefiles ... OK
* checking compilation flags in Makevars ... OK
* checking for GNU extensions in Makefiles ... OK
* checking for portable use of $(BLAS_LIBS) and $(LAPACK_LIBS) ... OK
* checking use of PKG_*FLAGS in Makefiles ... OK
* checking compiled code ... WARNING
Note: information on .o files is not available
File ‘/Library/Frameworks/R.framework/Versions/4.3-x86_64/Resources/library/flowCore/libs/flowCore.so’:
Found ‘__ZNSt3__14cerrE’, possibly from ‘std::cerr’ (C++)
Found ‘_rand’, possibly from ‘rand’ (C)
Found ‘_sprintf’, possibly from ‘sprintf’ (C)
Found ‘_srand’, possibly from ‘srand’ (C)
Compiled code should not call entry points which might terminate R nor
write to stdout/stderr instead of to the console, nor use Fortran I/O
nor system RNGs nor [v]sprintf. The detected symbols are linked into
the code but might come from libraries and not actually be called.
See ‘Writing portable packages’ in the ‘Writing R Extensions’ manual.
* checking sizes of PDF files under ‘inst/doc’ ... OK
* checking installed files from ‘inst/doc’ ... OK
* checking files in ‘vignettes’ ... OK
* checking examples ... OK
Examples with CPU (user + system) or elapsed time > 5s
user system elapsed
filterResultList-class 5.788 0.314 6.184
* checking for unstated dependencies in ‘tests’ ... OK
* checking tests ...
Running ‘testthat.R’
OK
* checking for unstated dependencies in vignettes ... OK
* checking package vignettes in ‘inst/doc’ ... OK
* checking running R code from vignettes ... SKIPPED
* checking re-building of vignette outputs ... SKIPPED
* checking PDF version of manual ... OK
* DONE
Status: 2 WARNINGs, 5 NOTEs
See
‘/Users/biocbuild/bbs-3.18-bioc/meat/flowCore.Rcheck/00check.log’
for details.
flowCore.Rcheck/00install.out
############################################################################## ############################################################################## ### ### Running command: ### ### /Library/Frameworks/R.framework/Resources/bin/R CMD INSTALL flowCore ### ############################################################################## ############################################################################## * installing to library ‘/Library/Frameworks/R.framework/Versions/4.3-x86_64/Resources/library’ * installing *source* package ‘flowCore’ ... ** using staged installation ** libs using C++ compiler: ‘Apple clang version 14.0.0 (clang-1400.0.29.202)’ using C++11 using SDK: ‘MacOSX11.3.sdk’ clang++ -arch x86_64 -std=gnu++11 -I"/Library/Frameworks/R.framework/Resources/include" -DNDEBUG -I'/Library/Frameworks/R.framework/Versions/4.3-x86_64/Resources/library/cpp11/include' -I'/Library/Frameworks/R.framework/Versions/4.3-x86_64/Resources/library/BH/include' -I'/Library/Frameworks/R.framework/Versions/4.3-x86_64/Resources/library/cytolib/include' -I'/Library/Frameworks/R.framework/Versions/4.3-x86_64/Resources/library/RProtoBufLib/include' -I/opt/R/x86_64/include -fPIC -falign-functions=64 -Wall -g -O2 -c FastLogicle.cpp -o FastLogicle.o clang++ -arch x86_64 -std=gnu++11 -I"/Library/Frameworks/R.framework/Resources/include" -DNDEBUG -I'/Library/Frameworks/R.framework/Versions/4.3-x86_64/Resources/library/cpp11/include' -I'/Library/Frameworks/R.framework/Versions/4.3-x86_64/Resources/library/BH/include' -I'/Library/Frameworks/R.framework/Versions/4.3-x86_64/Resources/library/cytolib/include' -I'/Library/Frameworks/R.framework/Versions/4.3-x86_64/Resources/library/RProtoBufLib/include' -I/opt/R/x86_64/include -fPIC -falign-functions=64 -Wall -g -O2 -c Hyperlog.cpp -o Hyperlog.o clang++ -arch x86_64 -std=gnu++11 -I"/Library/Frameworks/R.framework/Resources/include" -DNDEBUG -I'/Library/Frameworks/R.framework/Versions/4.3-x86_64/Resources/library/cpp11/include' -I'/Library/Frameworks/R.framework/Versions/4.3-x86_64/Resources/library/BH/include' -I'/Library/Frameworks/R.framework/Versions/4.3-x86_64/Resources/library/cytolib/include' -I'/Library/Frameworks/R.framework/Versions/4.3-x86_64/Resources/library/RProtoBufLib/include' -I/opt/R/x86_64/include -fPIC -falign-functions=64 -Wall -g -O2 -c Logicle.cpp -o Logicle.o clang++ -arch x86_64 -std=gnu++11 -I"/Library/Frameworks/R.framework/Resources/include" -DNDEBUG -I'/Library/Frameworks/R.framework/Versions/4.3-x86_64/Resources/library/cpp11/include' -I'/Library/Frameworks/R.framework/Versions/4.3-x86_64/Resources/library/BH/include' -I'/Library/Frameworks/R.framework/Versions/4.3-x86_64/Resources/library/cytolib/include' -I'/Library/Frameworks/R.framework/Versions/4.3-x86_64/Resources/library/RProtoBufLib/include' -I/opt/R/x86_64/include -fPIC -falign-functions=64 -Wall -g -O2 -c biexponential.cpp -o biexponential.o clang++ -arch x86_64 -std=gnu++11 -I"/Library/Frameworks/R.framework/Resources/include" -DNDEBUG -I'/Library/Frameworks/R.framework/Versions/4.3-x86_64/Resources/library/cpp11/include' -I'/Library/Frameworks/R.framework/Versions/4.3-x86_64/Resources/library/BH/include' -I'/Library/Frameworks/R.framework/Versions/4.3-x86_64/Resources/library/cytolib/include' -I'/Library/Frameworks/R.framework/Versions/4.3-x86_64/Resources/library/RProtoBufLib/include' -I/opt/R/x86_64/include -fPIC -falign-functions=64 -Wall -g -O2 -c convertRawBytes.cpp -o convertRawBytes.o clang++ -arch x86_64 -std=gnu++11 -I"/Library/Frameworks/R.framework/Resources/include" -DNDEBUG -I'/Library/Frameworks/R.framework/Versions/4.3-x86_64/Resources/library/cpp11/include' -I'/Library/Frameworks/R.framework/Versions/4.3-x86_64/Resources/library/BH/include' -I'/Library/Frameworks/R.framework/Versions/4.3-x86_64/Resources/library/cytolib/include' -I'/Library/Frameworks/R.framework/Versions/4.3-x86_64/Resources/library/RProtoBufLib/include' -I/opt/R/x86_64/include -fPIC -falign-functions=64 -Wall -g -O2 -c cpp11.cpp -o cpp11.o clang++ -arch x86_64 -std=gnu++11 -I"/Library/Frameworks/R.framework/Resources/include" -DNDEBUG -I'/Library/Frameworks/R.framework/Versions/4.3-x86_64/Resources/library/cpp11/include' -I'/Library/Frameworks/R.framework/Versions/4.3-x86_64/Resources/library/BH/include' -I'/Library/Frameworks/R.framework/Versions/4.3-x86_64/Resources/library/cytolib/include' -I'/Library/Frameworks/R.framework/Versions/4.3-x86_64/Resources/library/RProtoBufLib/include' -I/opt/R/x86_64/include -fPIC -falign-functions=64 -Wall -g -O2 -c fcsTextParse.cpp -o fcsTextParse.o clang++ -arch x86_64 -std=gnu++11 -I"/Library/Frameworks/R.framework/Resources/include" -DNDEBUG -I'/Library/Frameworks/R.framework/Versions/4.3-x86_64/Resources/library/cpp11/include' -I'/Library/Frameworks/R.framework/Versions/4.3-x86_64/Resources/library/BH/include' -I'/Library/Frameworks/R.framework/Versions/4.3-x86_64/Resources/library/cytolib/include' -I'/Library/Frameworks/R.framework/Versions/4.3-x86_64/Resources/library/RProtoBufLib/include' -I/opt/R/x86_64/include -fPIC -falign-functions=64 -Wall -g -O2 -c hyperlogTransform.cpp -o hyperlogTransform.o clang++ -arch x86_64 -std=gnu++11 -I"/Library/Frameworks/R.framework/Resources/include" -DNDEBUG -I'/Library/Frameworks/R.framework/Versions/4.3-x86_64/Resources/library/cpp11/include' -I'/Library/Frameworks/R.framework/Versions/4.3-x86_64/Resources/library/BH/include' -I'/Library/Frameworks/R.framework/Versions/4.3-x86_64/Resources/library/cytolib/include' -I'/Library/Frameworks/R.framework/Versions/4.3-x86_64/Resources/library/RProtoBufLib/include' -I/opt/R/x86_64/include -fPIC -falign-functions=64 -Wall -g -O2 -c inPolygon.cpp -o inPolygon.o clang++ -arch x86_64 -std=gnu++11 -I"/Library/Frameworks/R.framework/Resources/include" -DNDEBUG -I'/Library/Frameworks/R.framework/Versions/4.3-x86_64/Resources/library/cpp11/include' -I'/Library/Frameworks/R.framework/Versions/4.3-x86_64/Resources/library/BH/include' -I'/Library/Frameworks/R.framework/Versions/4.3-x86_64/Resources/library/cytolib/include' -I'/Library/Frameworks/R.framework/Versions/4.3-x86_64/Resources/library/RProtoBufLib/include' -I/opt/R/x86_64/include -fPIC -falign-functions=64 -Wall -g -O2 -c inPolytope.cpp -o inPolytope.o clang++ -arch x86_64 -std=gnu++11 -I"/Library/Frameworks/R.framework/Resources/include" -DNDEBUG -I'/Library/Frameworks/R.framework/Versions/4.3-x86_64/Resources/library/cpp11/include' -I'/Library/Frameworks/R.framework/Versions/4.3-x86_64/Resources/library/BH/include' -I'/Library/Frameworks/R.framework/Versions/4.3-x86_64/Resources/library/cytolib/include' -I'/Library/Frameworks/R.framework/Versions/4.3-x86_64/Resources/library/RProtoBufLib/include' -I/opt/R/x86_64/include -fPIC -falign-functions=64 -Wall -g -O2 -c logicleTransform.cpp -o logicleTransform.o clang++ -arch x86_64 -std=gnu++11 -I"/Library/Frameworks/R.framework/Resources/include" -DNDEBUG -I'/Library/Frameworks/R.framework/Versions/4.3-x86_64/Resources/library/cpp11/include' -I'/Library/Frameworks/R.framework/Versions/4.3-x86_64/Resources/library/BH/include' -I'/Library/Frameworks/R.framework/Versions/4.3-x86_64/Resources/library/cytolib/include' -I'/Library/Frameworks/R.framework/Versions/4.3-x86_64/Resources/library/RProtoBufLib/include' -I/opt/R/x86_64/include -fPIC -falign-functions=64 -Wall -g -O2 -c poly_centroid.cpp -o poly_centroid.o clang++ -arch x86_64 -std=gnu++11 -I"/Library/Frameworks/R.framework/Resources/include" -DNDEBUG -I'/Library/Frameworks/R.framework/Versions/4.3-x86_64/Resources/library/cpp11/include' -I'/Library/Frameworks/R.framework/Versions/4.3-x86_64/Resources/library/BH/include' -I'/Library/Frameworks/R.framework/Versions/4.3-x86_64/Resources/library/cytolib/include' -I'/Library/Frameworks/R.framework/Versions/4.3-x86_64/Resources/library/RProtoBufLib/include' -I/opt/R/x86_64/include -fPIC -falign-functions=64 -Wall -g -O2 -c sortBytes.cpp -o sortBytes.o clang++ -arch x86_64 -std=gnu++11 -I"/Library/Frameworks/R.framework/Resources/include" -DNDEBUG -I'/Library/Frameworks/R.framework/Versions/4.3-x86_64/Resources/library/cpp11/include' -I'/Library/Frameworks/R.framework/Versions/4.3-x86_64/Resources/library/BH/include' -I'/Library/Frameworks/R.framework/Versions/4.3-x86_64/Resources/library/cytolib/include' -I'/Library/Frameworks/R.framework/Versions/4.3-x86_64/Resources/library/RProtoBufLib/include' -I/opt/R/x86_64/include -fPIC -falign-functions=64 -Wall -g -O2 -c uint2double.cpp -o uint2double.o clang++ -arch x86_64 -std=gnu++11 -I"/Library/Frameworks/R.framework/Resources/include" -DNDEBUG -I'/Library/Frameworks/R.framework/Versions/4.3-x86_64/Resources/library/cpp11/include' -I'/Library/Frameworks/R.framework/Versions/4.3-x86_64/Resources/library/BH/include' -I'/Library/Frameworks/R.framework/Versions/4.3-x86_64/Resources/library/cytolib/include' -I'/Library/Frameworks/R.framework/Versions/4.3-x86_64/Resources/library/RProtoBufLib/include' -I/opt/R/x86_64/include -fPIC -falign-functions=64 -Wall -g -O2 -c zeroin.cpp -o zeroin.o clang++ -arch x86_64 -std=gnu++11 -dynamiclib -Wl,-headerpad_max_install_names -undefined dynamic_lookup -L/Library/Frameworks/R.framework/Resources/lib -L/opt/R/x86_64/lib -o flowCore.so FastLogicle.o Hyperlog.o Logicle.o biexponential.o convertRawBytes.o cpp11.o fcsTextParse.o hyperlogTransform.o inPolygon.o inPolytope.o logicleTransform.o poly_centroid.o sortBytes.o uint2double.o zeroin.o /Library/Frameworks/R.framework/Versions/4.3-x86_64/Resources/library/cytolib/lib/libcytolib.a -F/Library/Frameworks/R.framework/.. -framework R -Wl,-framework -Wl,CoreFoundation if [ `uname -s` = 'Darwin' ]; then install_name_tool -change /usr/local/clang4/lib/libc++.1.dylib /usr/lib/libc++.1.dylib flowCore.so; fi installing to /Library/Frameworks/R.framework/Versions/4.3-x86_64/Resources/library/00LOCK-flowCore/00new/flowCore/libs ** R ** data ** inst ** byte-compile and prepare package for lazy loading ** help *** installing help indices ** building package indices ** installing vignettes ** testing if installed package can be loaded from temporary location ** checking absolute paths in shared objects and dynamic libraries ** testing if installed package can be loaded from final location ** testing if installed package keeps a record of temporary installation path * DONE (flowCore)
flowCore.Rcheck/tests/testthat.Rout
R version 4.3.2 Patched (2023-11-01 r85457) -- "Eye Holes"
Copyright (C) 2023 The R Foundation for Statistical Computing
Platform: x86_64-apple-darwin20 (64-bit)
R is free software and comes with ABSOLUTELY NO WARRANTY.
You are welcome to redistribute it under certain conditions.
Type 'license()' or 'licence()' for distribution details.
R is a collaborative project with many contributors.
Type 'contributors()' for more information and
'citation()' on how to cite R or R packages in publications.
Type 'demo()' for some demos, 'help()' for on-line help, or
'help.start()' for an HTML browser interface to help.
Type 'q()' to quit R.
> library(testthat)
> library(flowCore)
> library(flowStats)
Warning message:
replacing previous import 'flowViz::contour' by 'graphics::contour' when loading 'flowStats'
>
>
> test_check("flowCore")
Loading required package: BiocGenerics
Attaching package: 'BiocGenerics'
The following object is masked from 'package:flowStats':
normalize
The following object is masked from 'package:flowCore':
normalize
The following objects are masked from 'package:stats':
IQR, mad, sd, var, xtabs
The following objects are masked from 'package:base':
Filter, Find, Map, Position, Reduce, anyDuplicated, aperm, append,
as.data.frame, basename, cbind, colnames, dirname, do.call,
duplicated, eval, evalq, get, grep, grepl, intersect, is.unsorted,
lapply, mapply, match, mget, order, paste, pmax, pmax.int, pmin,
pmin.int, rank, rbind, rownames, sapply, setdiff, sort, table,
tapply, union, unique, unsplit, which.max, which.min
Welcome to Bioconductor
Vignettes contain introductory material; view with
'browseVignettes()'. To cite Bioconductor, see
'citation("Biobase")', and for packages 'citation("pkgname")'.
[ FAIL 0 | WARN 2 | SKIP 3 | PASS 324 ]
══ Skipped tests (3) ═══════════════════════════════════════════════════════════
• dir.exists(dataPath) is not TRUE (1): 'test-IO-internal.R:4:1'
• file.exists(filename) is not TRUE (2): 'test-IO.R:32:3', 'test-IO.R:40:3'
[ FAIL 0 | WARN 2 | SKIP 3 | PASS 324 ]
>
> #devtools::test("~/rglab/workspace/flowCore")
>
> proc.time()
user system elapsed
27.738 1.840 30.043
flowCore.Rcheck/flowCore-Ex.timings
| name | user | system | elapsed | |
| EHtrans-class | 0.054 | 0.006 | 0.061 | |
| FCSTransTransform | 1.921 | 0.054 | 1.997 | |
| Subset-methods | 0.236 | 0.024 | 0.264 | |
| arcsinhTransform | 0.068 | 0.008 | 0.077 | |
| asinht-class | 0.030 | 0.003 | 0.035 | |
| asinhtGml2-class | 0.035 | 0.005 | 0.040 | |
| biexponentialTransform | 3.989 | 0.102 | 4.132 | |
| boundaryFilter-class | 0.089 | 0.004 | 0.094 | |
| characterOrNumeric-class | 0.001 | 0.001 | 0.002 | |
| characterOrParameters-class | 0.000 | 0.000 | 0.001 | |
| characterOrTransformation-class | 0.001 | 0.001 | 0.002 | |
| coerce | 0.056 | 0.005 | 0.064 | |
| collapse_desc | 1.861 | 0.056 | 1.939 | |
| compensatedParameter-class | 0.147 | 0.017 | 0.172 | |
| compensation-class | 0.322 | 0.034 | 0.365 | |
| decompensate | 0.056 | 0.006 | 0.063 | |
| dg1polynomial-class | 0.036 | 0.007 | 0.045 | |
| each_col | 0.028 | 0.003 | 0.031 | |
| ellipsoidGate-class | 0.069 | 0.005 | 0.078 | |
| exponential-class | 0.029 | 0.003 | 0.033 | |
| expressionFilter-class | 0.101 | 0.005 | 0.107 | |
| filter-methods | 2.076 | 0.072 | 2.181 | |
| filter-on-methods | 0.089 | 0.006 | 0.096 | |
| filterList-class | 0.005 | 0.001 | 0.010 | |
| filterResult-class | 0.001 | 0.001 | 0.001 | |
| filterResultList-class | 5.788 | 0.314 | 6.184 | |
| filterSummary-class | 0.438 | 0.019 | 0.462 | |
| filterSummaryList-class | 1.906 | 0.057 | 1.987 | |
| flowFrame-class | 4.569 | 0.226 | 4.856 | |
| flowSet-class | 3.670 | 0.140 | 3.855 | |
| fr_append_cols | 1.834 | 0.050 | 1.921 | |
| fsApply | 0.159 | 0.021 | 0.184 | |
| getIndexSort | 0.020 | 0.001 | 0.022 | |
| hyperlog-class | 0.954 | 0.039 | 1.004 | |
| hyperlogtGml2-class | 0.027 | 0.001 | 0.029 | |
| identifier-methods | 0.022 | 0.001 | 0.023 | |
| inverseLogicleTransform | 1.938 | 0.040 | 2.009 | |
| invsplitscale-class | 0.028 | 0.001 | 0.029 | |
| keyword-methods | 1.820 | 0.049 | 1.889 | |
| kmeansFilter-class | 0.128 | 0.004 | 0.133 | |
| linearTransform | 0.033 | 0.001 | 0.035 | |
| lintGml2-class | 0.031 | 0.009 | 0.040 | |
| lnTransform | 2.57 | 0.07 | 2.67 | |
| logTransform | 0.029 | 0.002 | 0.032 | |
| logarithm-class | 0.025 | 0.001 | 0.026 | |
| logicalFilterResult-class | 0.000 | 0.000 | 0.001 | |
| logicleTransform | 1.853 | 0.028 | 1.900 | |
| logicletGml2-class | 0.047 | 0.008 | 0.055 | |
| logtGml2-class | 0.024 | 0.001 | 0.026 | |
| manyFilterResult-class | 0.001 | 0.001 | 0.001 | |
| markernames | 1.778 | 0.026 | 1.818 | |
| multipleFilterResult-class | 0.001 | 0.000 | 0.001 | |
| parameters-methods | 0.025 | 0.002 | 0.027 | |
| polygonGate-class | 0.066 | 0.002 | 0.068 | |
| quadGate-class | 0.149 | 0.011 | 0.161 | |
| quadratic-class | 0.022 | 0.001 | 0.023 | |
| quadraticTransform | 0.031 | 0.001 | 0.032 | |
| ratio-class | 0.031 | 0.001 | 0.033 | |
| ratiotGml2-class | 0.024 | 0.001 | 0.025 | |
| read.FCS | 0.080 | 0.004 | 0.085 | |
| read.FCSheader | 0.007 | 0.004 | 0.013 | |
| read.flowSet | 0.091 | 0.003 | 0.095 | |
| rectangleGate-class | 0.081 | 0.003 | 0.094 | |
| rotate_gate | 0.000 | 0.001 | 0.001 | |
| sampleFilter-class | 0.060 | 0.009 | 0.069 | |
| scaleTransform | 0.032 | 0.001 | 0.033 | |
| scale_gate | 0.000 | 0.001 | 0.000 | |
| shift_gate | 0.000 | 0.000 | 0.001 | |
| singleParameterTransform-class | 0.001 | 0.000 | 0.001 | |
| sinht-class | 0.027 | 0.001 | 0.028 | |
| split-methods | 2.521 | 0.055 | 2.601 | |
| splitScaleTransform | 2.516 | 0.057 | 2.597 | |
| splitscale-class | 0.028 | 0.002 | 0.032 | |
| squareroot-class | 0.028 | 0.001 | 0.029 | |
| timeFilter-class | 2.722 | 0.063 | 2.811 | |
| transform-class | 0.001 | 0.001 | 0.002 | |
| transform | 2.247 | 0.041 | 2.308 | |
| transformFilter-class | 0.137 | 0.022 | 0.159 | |
| transformList-class | 1.796 | 0.030 | 1.841 | |
| transformMap-class | 0.001 | 0.000 | 0.001 | |
| transform_gate | 0 | 0 | 0 | |
| truncateTransform | 0.034 | 0.001 | 0.037 | |
| unitytransform-class | 0.021 | 0.001 | 0.022 | |
| write.FCS | 0.040 | 0.003 | 0.043 | |
| write.flowSet | 2.038 | 0.051 | 2.105 | |