| Back to Multiple platform build/check report for BioC 3.18: simplified long |
|
This page was generated on 2024-04-17 11:35:55 -0400 (Wed, 17 Apr 2024).
| Hostname | OS | Arch (*) | R version | Installed pkgs |
|---|---|---|---|---|
| nebbiolo2 | Linux (Ubuntu 22.04.3 LTS) | x86_64 | 4.3.3 (2024-02-29) -- "Angel Food Cake" | 4676 |
| palomino4 | Windows Server 2022 Datacenter | x64 | 4.3.3 (2024-02-29 ucrt) -- "Angel Food Cake" | 4414 |
| merida1 | macOS 12.7.1 Monterey | x86_64 | 4.3.3 (2024-02-29) -- "Angel Food Cake" | 4437 |
| Click on any hostname to see more info about the system (e.g. compilers) (*) as reported by 'uname -p', except on Windows and Mac OS X | ||||
| Package 624/2266 | Hostname | OS / Arch | INSTALL | BUILD | CHECK | BUILD BIN | ||||||||
| edge 2.34.0 (landing page) John D. Storey
| nebbiolo2 | Linux (Ubuntu 22.04.3 LTS) / x86_64 | OK | OK | WARNINGS | |||||||||
| palomino4 | Windows Server 2022 Datacenter / x64 | OK | OK | WARNINGS | OK | |||||||||
| merida1 | macOS 12.7.1 Monterey / x86_64 | OK | OK | WARNINGS | OK | |||||||||
| kjohnson1 | macOS 13.6.1 Ventura / arm64 | see weekly results here | ||||||||||||
|
To the developers/maintainers of the edge package: - Allow up to 24 hours (and sometimes 48 hours) for your latest push to git@git.bioconductor.org:packages/edge.git to reflect on this report. See Troubleshooting Build Report for more information. - Use the following Renviron settings to reproduce errors and warnings. - If 'R CMD check' started to fail recently on the Linux builder(s) over a missing dependency, add the missing dependency to 'Suggests:' in your DESCRIPTION file. See Renviron.bioc for more information. |
| Package: edge |
| Version: 2.34.0 |
| Command: /home/biocbuild/bbs-3.18-bioc/R/bin/R CMD check --install=check:edge.install-out.txt --library=/home/biocbuild/bbs-3.18-bioc/R/site-library --timings edge_2.34.0.tar.gz |
| StartedAt: 2024-04-15 22:24:00 -0400 (Mon, 15 Apr 2024) |
| EndedAt: 2024-04-15 22:28:19 -0400 (Mon, 15 Apr 2024) |
| EllapsedTime: 258.8 seconds |
| RetCode: 0 |
| Status: WARNINGS |
| CheckDir: edge.Rcheck |
| Warnings: 1 |
##############################################################################
##############################################################################
###
### Running command:
###
### /home/biocbuild/bbs-3.18-bioc/R/bin/R CMD check --install=check:edge.install-out.txt --library=/home/biocbuild/bbs-3.18-bioc/R/site-library --timings edge_2.34.0.tar.gz
###
##############################################################################
##############################################################################
* using log directory ‘/home/biocbuild/bbs-3.18-bioc/meat/edge.Rcheck’
* using R version 4.3.3 (2024-02-29)
* using platform: x86_64-pc-linux-gnu (64-bit)
* R was compiled by
gcc (Ubuntu 11.4.0-1ubuntu1~22.04) 11.4.0
GNU Fortran (Ubuntu 11.4.0-1ubuntu1~22.04) 11.4.0
* running under: Ubuntu 22.04.4 LTS
* using session charset: UTF-8
* checking for file ‘edge/DESCRIPTION’ ... OK
* checking extension type ... Package
* this is package ‘edge’ version ‘2.34.0’
* checking package namespace information ... OK
* checking package dependencies ... OK
* checking if this is a source package ... OK
* checking if there is a namespace ... OK
* checking for hidden files and directories ... OK
* checking for portable file names ... OK
* checking for sufficient/correct file permissions ... OK
* checking whether package ‘edge’ can be installed ... OK
* used C compiler: ‘gcc (Ubuntu 11.4.0-1ubuntu1~22.04) 11.4.0’
* checking installed package size ... OK
* checking package directory ... OK
* checking ‘build’ directory ... OK
* checking DESCRIPTION meta-information ... OK
* checking top-level files ... OK
* checking for left-over files ... OK
* checking index information ... OK
* checking package subdirectories ... OK
* checking R files for non-ASCII characters ... OK
* checking R files for syntax errors ... OK
* checking whether the package can be loaded ... OK
* checking whether the package can be loaded with stated dependencies ... OK
* checking whether the package can be unloaded cleanly ... OK
* checking whether the namespace can be loaded with stated dependencies ... OK
* checking whether the namespace can be unloaded cleanly ... OK
* checking loading without being on the library search path ... OK
* checking dependencies in R code ... OK
* checking S3 generic/method consistency ... OK
* checking replacement functions ... OK
* checking foreign function calls ... OK
* checking R code for possible problems ... NOTE
build_study: no visible global function definition for ‘as.formula’
createSet: no visible global function definition for ‘model.matrix’
deSetCheck: no visible global function definition for ‘model.matrix’
fitFDist: no visible global function definition for ‘median’
fitFDist: no visible global function definition for ‘lm.fit’
fitFDist: no visible global function definition for ‘predict’
fit_wmodels: no visible global function definition for ‘model.matrix’
fit_wmodels: no visible global function definition for ‘lm.wfit’
null: no visible global function definition for ‘model.matrix’
apply_sva,deSet: no visible global function definition for ‘as.formula’
apply_sva,deSet: no visible global function definition for ‘terms’
fit_models,deSet: no visible global function definition for
‘model.matrix’
fullModel<-,deSet: no visible global function definition for
‘model.matrix’
lrt,deSet-deFit: no visible global function definition for ‘pf’
nullModel<-,deSet: no visible global function definition for
‘model.matrix’
Undefined global functions or variables:
as.formula lm.fit lm.wfit median model.matrix pf predict terms
Consider adding
importFrom("stats", "as.formula", "lm.fit", "lm.wfit", "median",
"model.matrix", "pf", "predict", "terms")
to your NAMESPACE file.
* checking Rd files ... OK
* checking Rd metadata ... OK
* checking Rd cross-references ... OK
* checking for missing documentation entries ... OK
* checking for code/documentation mismatches ... OK
* checking Rd \usage sections ... WARNING
Documented arguments not in \usage in documentation object 'show':
‘...’
Functions with \usage entries need to have the appropriate \alias
entries, and all their arguments documented.
The \usage entries must correspond to syntactically valid R code.
See chapter ‘Writing R documentation files’ in the ‘Writing R
Extensions’ manual.
* checking Rd contents ... OK
* checking for unstated dependencies in examples ... OK
* checking contents of ‘data’ directory ... OK
* checking data for non-ASCII characters ... OK
* checking LazyData ... OK
* checking data for ASCII and uncompressed saves ... OK
* checking line endings in C/C++/Fortran sources/headers ... OK
* checking compiled code ... NOTE
Note: information on .o files is not available
* checking files in ‘vignettes’ ... OK
* checking examples ... OK
Examples with CPU (user + system) or elapsed time > 5s
user system elapsed
apply_snm 11.008 0.383 11.392
* checking for unstated dependencies in ‘tests’ ... OK
* checking tests ...
Running ‘testthat.R’
OK
* checking for unstated dependencies in vignettes ... OK
* checking package vignettes in ‘inst/doc’ ... OK
* checking running R code from vignettes ...
‘edge.Rnw’ using ‘UTF-8’... OK
OK
* checking re-building of vignette outputs ... OK
* checking PDF version of manual ... OK
* DONE
Status: 1 WARNING, 2 NOTEs
See
‘/home/biocbuild/bbs-3.18-bioc/meat/edge.Rcheck/00check.log’
for details.
edge.Rcheck/00install.out
##############################################################################
##############################################################################
###
### Running command:
###
### /home/biocbuild/bbs-3.18-bioc/R/bin/R CMD INSTALL edge
###
##############################################################################
##############################################################################
* installing to library ‘/home/biocbuild/bbs-3.18-bioc/R/site-library’
* installing *source* package ‘edge’ ...
** using staged installation
** libs
using C compiler: ‘gcc (Ubuntu 11.4.0-1ubuntu1~22.04) 11.4.0’
gcc -I"/home/biocbuild/bbs-3.18-bioc/R/include" -DNDEBUG -I/usr/local/include -fpic -g -O2 -Wall -c edge-init.c -o edge-init.o
gcc -I"/home/biocbuild/bbs-3.18-bioc/R/include" -DNDEBUG -I/usr/local/include -fpic -g -O2 -Wall -c edgeKLODP.c -o edgeKLODP.o
edgeKLODP.c: In function ‘odpScoreCluster’:
edgeKLODP.c:65:5: warning: ‘middle’ may be used uninitialized in this function [-Wmaybe-uninitialized]
65 | free_vector(middle, 0, *p - 1);
| ^~~~~~~~~~~~~~~~~~~~~~~~~~~~~~
gcc -shared -L/home/biocbuild/bbs-3.18-bioc/R/lib -L/usr/local/lib -o edge.so edge-init.o edgeKLODP.o -L/home/biocbuild/bbs-3.18-bioc/R/lib -lR
installing to /home/biocbuild/bbs-3.18-bioc/R/site-library/00LOCK-edge/00new/edge/libs
** R
** data
*** moving datasets to lazyload DB
** inst
** byte-compile and prepare package for lazy loading
** help
*** installing help indices
** building package indices
** installing vignettes
** testing if installed package can be loaded from temporary location
** checking absolute paths in shared objects and dynamic libraries
** testing if installed package can be loaded from final location
** testing if installed package keeps a record of temporary installation path
* DONE (edge)
edge.Rcheck/tests/testthat.Rout
R version 4.3.3 (2024-02-29) -- "Angel Food Cake"
Copyright (C) 2024 The R Foundation for Statistical Computing
Platform: x86_64-pc-linux-gnu (64-bit)
R is free software and comes with ABSOLUTELY NO WARRANTY.
You are welcome to redistribute it under certain conditions.
Type 'license()' or 'licence()' for distribution details.
R is a collaborative project with many contributors.
Type 'contributors()' for more information and
'citation()' on how to cite R or R packages in publications.
Type 'demo()' for some demos, 'help()' for on-line help, or
'help.start()' for an HTML browser interface to help.
Type 'q()' to quit R.
> library(testthat)
> library(edge)
Loading required package: Biobase
Loading required package: BiocGenerics
Attaching package: 'BiocGenerics'
The following objects are masked from 'package:stats':
IQR, mad, sd, var, xtabs
The following objects are masked from 'package:base':
Filter, Find, Map, Position, Reduce, anyDuplicated, aperm, append,
as.data.frame, basename, cbind, colnames, dirname, do.call,
duplicated, eval, evalq, get, grep, grepl, intersect, is.unsorted,
lapply, mapply, match, mget, order, paste, pmax, pmax.int, pmin,
pmin.int, rank, rbind, rownames, sapply, setdiff, sort, table,
tapply, union, unique, unsplit, which.max, which.min
Welcome to Bioconductor
Vignettes contain introductory material; view with
'browseVignettes()'. To cite Bioconductor, see
'citation("Biobase")', and for packages 'citation("pkgname")'.
>
> test_check("edge")
[ FAIL 0 | WARN 0 | SKIP 0 | PASS 29 ]
>
> proc.time()
user system elapsed
9.718 0.393 10.102
edge.Rcheck/edge-Ex.timings
| name | user | system | elapsed | |
| apply_qvalue | 0.644 | 0.052 | 0.696 | |
| apply_snm | 11.008 | 0.383 | 11.392 | |
| apply_sva | 2.002 | 0.028 | 2.030 | |
| betaCoef | 0.259 | 0.016 | 0.276 | |
| build_models | 0.280 | 0.008 | 0.289 | |
| build_study | 0.264 | 0.008 | 0.271 | |
| deSet | 0.522 | 0.000 | 0.522 | |
| edge | 0 | 0 | 0 | |
| endotoxin | 0.692 | 0.004 | 0.696 | |
| fitFull | 0.270 | 0.000 | 0.271 | |
| fitNull | 0.258 | 0.020 | 0.277 | |
| fit_models | 0.311 | 0.004 | 0.315 | |
| fullMatrix | 0.263 | 0.000 | 0.264 | |
| fullModel | 0.428 | 0.000 | 0.427 | |
| gibson | 0.624 | 0.004 | 0.629 | |
| individual | 0.278 | 0.000 | 0.278 | |
| kidney | 0.742 | 0.000 | 0.743 | |
| kl_clust | 0.373 | 0.000 | 0.373 | |
| lrt | 0.815 | 0.004 | 0.819 | |
| nullMatrix | 0.256 | 0.000 | 0.256 | |
| nullModel | 0.61 | 0.00 | 0.61 | |
| odp | 1.307 | 0.020 | 1.327 | |
| qvalueObj | 0.777 | 0.004 | 0.781 | |
| resFull | 0.257 | 0.000 | 0.257 | |
| resNull | 0.278 | 0.004 | 0.283 | |
| sType | 0.272 | 0.000 | 0.271 | |
| show | 0.784 | 0.008 | 0.792 | |
| summary | 0.722 | 0.023 | 0.746 | |