| Back to Multiple platform build/check report for BioC 3.18: simplified long |
|
This page was generated on 2024-03-04 11:37:14 -0500 (Mon, 04 Mar 2024).
| Hostname | OS | Arch (*) | R version | Installed pkgs |
|---|---|---|---|---|
| nebbiolo2 | Linux (Ubuntu 22.04.3 LTS) | x86_64 | 4.3.2 Patched (2023-11-13 r85521) -- "Eye Holes" | 4692 |
| palomino4 | Windows Server 2022 Datacenter | x64 | 4.3.2 (2023-10-31 ucrt) -- "Eye Holes" | 4445 |
| lconway | macOS 12.7.1 Monterey | x86_64 | 4.3.2 Patched (2023-11-01 r85457) -- "Eye Holes" | 4466 |
| Click on any hostname to see more info about the system (e.g. compilers) (*) as reported by 'uname -p', except on Windows and Mac OS X | ||||
| Package 414/2266 | Hostname | OS / Arch | INSTALL | BUILD | CHECK | BUILD BIN | ||||||||
| compEpiTools 1.36.0 (landing page) Mattia Furlan
| nebbiolo2 | Linux (Ubuntu 22.04.3 LTS) / x86_64 | OK | OK | WARNINGS | |||||||||
| palomino4 | Windows Server 2022 Datacenter / x64 | OK | OK | WARNINGS | OK | |||||||||
| lconway | macOS 12.7.1 Monterey / x86_64 | OK | OK | WARNINGS | OK | |||||||||
| kjohnson1 | macOS 13.6.1 Ventura / arm64 | see weekly results here | ||||||||||||
|
To the developers/maintainers of the compEpiTools package: - Allow up to 24 hours (and sometimes 48 hours) for your latest push to git@git.bioconductor.org:packages/compEpiTools.git to reflect on this report. See Troubleshooting Build Report for more information. - Use the following Renviron settings to reproduce errors and warnings. - If 'R CMD check' started to fail recently on the Linux builder(s) over a missing dependency, add the missing dependency to 'Suggests:' in your DESCRIPTION file. See Renviron.bioc for more information. |
| Package: compEpiTools |
| Version: 1.36.0 |
| Command: /Library/Frameworks/R.framework/Resources/bin/R CMD check --install=check:compEpiTools.install-out.txt --library=/Library/Frameworks/R.framework/Resources/library --no-vignettes --timings compEpiTools_1.36.0.tar.gz |
| StartedAt: 2024-03-03 19:47:21 -0500 (Sun, 03 Mar 2024) |
| EndedAt: 2024-03-03 19:55:48 -0500 (Sun, 03 Mar 2024) |
| EllapsedTime: 507.0 seconds |
| RetCode: 0 |
| Status: WARNINGS |
| CheckDir: compEpiTools.Rcheck |
| Warnings: 1 |
##############################################################################
##############################################################################
###
### Running command:
###
### /Library/Frameworks/R.framework/Resources/bin/R CMD check --install=check:compEpiTools.install-out.txt --library=/Library/Frameworks/R.framework/Resources/library --no-vignettes --timings compEpiTools_1.36.0.tar.gz
###
##############################################################################
##############################################################################
* using log directory ‘/Users/biocbuild/bbs-3.18-bioc/meat/compEpiTools.Rcheck’
* using R version 4.3.2 Patched (2023-11-01 r85457)
* using platform: x86_64-apple-darwin20 (64-bit)
* R was compiled by
Apple clang version 14.0.3 (clang-1403.0.22.14.1)
GNU Fortran (GCC) 12.2.0
* running under: macOS Monterey 12.7.1
* using session charset: UTF-8
* using option ‘--no-vignettes’
* checking for file ‘compEpiTools/DESCRIPTION’ ... OK
* checking extension type ... Package
* this is package ‘compEpiTools’ version ‘1.36.0’
* checking package namespace information ... OK
* checking package dependencies ... OK
* checking if this is a source package ... OK
* checking if there is a namespace ... OK
* checking for hidden files and directories ... OK
* checking for portable file names ... OK
* checking for sufficient/correct file permissions ... OK
* checking whether package ‘compEpiTools’ can be installed ... OK
* checking installed package size ... OK
* checking package directory ... OK
* checking ‘build’ directory ... OK
* checking DESCRIPTION meta-information ... OK
* checking top-level files ... OK
* checking for left-over files ... OK
* checking index information ... OK
* checking package subdirectories ... OK
* checking R files for non-ASCII characters ... OK
* checking R files for syntax errors ... OK
* checking whether the package can be loaded ... OK
* checking whether the package can be loaded with stated dependencies ... OK
* checking whether the package can be unloaded cleanly ... OK
* checking whether the namespace can be loaded with stated dependencies ... OK
* checking whether the namespace can be unloaded cleanly ... OK
* checking dependencies in R code ... OK
* checking S3 generic/method consistency ... OK
* checking replacement functions ... OK
* checking foreign function calls ... OK
* checking R code for possible problems ... NOTE
TSS: no visible global function definition for 'end<-'
TSS: no visible global function definition for 'start<-'
findLncRNA: no visible global function definition for 'start<-'
findLncRNA: no visible global function definition for 'end<-'
findLncRNA: no visible global function definition for 'IRanges'
stallingIndex : getBound: no visible global function definition for
'start<-'
stallingIndex : getBound: no visible global function definition for
'end<-'
stallingIndex: no visible global function definition for 'IRanges'
topGOres : <anonymous>: no visible global function definition for
'ggplot'
topGOres : <anonymous>: no visible global function definition for 'aes'
topGOres : <anonymous>: no visible binding for global variable
'Significant'
topGOres : <anonymous>: no visible binding for global variable 'P_val'
topGOres : <anonymous>: no visible global function definition for
'geom_bar'
topGOres : <anonymous>: no visible global function definition for
'coord_flip'
topGOres : <anonymous>: no visible global function definition for
'ylab'
ucsc2GRanges: no visible global function definition for 'IRanges'
GR2fasta,GRanges: no visible global function definition for
'seqlengths'
GR2fasta,GRanges: no visible global function definition for
'seqlengths<-'
GR2fasta,GRanges: no visible global function definition for 'trim'
GRangesInPromoters,GRanges: no visible global function definition for
'start<-'
GRannotate,GRanges: no visible global function definition for 'start<-'
GRannotate,GRanges: no visible global function definition for 'end<-'
GRcoverageSummit,GRanges: no visible global function definition for
'start<-'
GRcoverageSummit,GRanges: no visible global function definition for
'end<-'
GRmidpoint,GRanges: no visible global function definition for 'start<-'
GRmidpoint,GRanges: no visible global function definition for 'end<-'
GRsetwidth,GRanges: no visible global function definition for 'start<-'
GRsetwidth,GRanges: no visible global function definition for 'end<-'
countOverlapsInBins,GRanges: no visible global function definition for
'IRanges'
featuresLength,TxDb: no visible global function definition for 'reduce'
getPromoterClass,TxDb: no visible binding for global variable 'txdb'
getPromoterClass,TxDb: no visible global function definition for
'start<-'
makeGtfFromDb,TxDb: no visible global function definition for 'reduce'
matchEnhancers,GRanges: no visible global function definition for
'distanceToNearest'
matchEnhancers,GRanges: no visible global function definition for
'IRanges'
Undefined global functions or variables:
IRanges P_val Significant aes coord_flip distanceToNearest end<-
geom_bar ggplot reduce seqlengths seqlengths<- start<- trim txdb ylab
* checking Rd files ... OK
* checking Rd metadata ... OK
* checking Rd cross-references ... OK
* checking for missing documentation entries ... OK
* checking for code/documentation mismatches ... OK
* checking Rd \usage sections ... OK
* checking Rd contents ... OK
* checking for unstated dependencies in examples ... OK
* checking sizes of PDF files under ‘inst/doc’ ... OK
* checking files in ‘vignettes’ ... OK
* checking examples ... WARNING
Found the following significant warnings:
Warning: 'applyPileups' is deprecated.
Warning: 'applyPileups' is deprecated.
Warning: 'applyPileups' is deprecated.
Warning: 'applyPileups' is deprecated.
Warning: 'applyPileups' is deprecated.
Warning: 'applyPileups' is deprecated.
Warning: 'applyPileups' is deprecated.
Warning: 'applyPileups' is deprecated.
Warning: 'applyPileups' is deprecated.
Warning: 'applyPileups' is deprecated.
Warning: 'applyPileups' is deprecated.
Warning: 'applyPileups' is deprecated.
Deprecated functions may be defunct as soon as of the next release of
R.
See ?Deprecated.
Examples with CPU (user + system) or elapsed time > 5s
user system elapsed
topGOres 30.606 2.056 32.967
getPromoterClass-methods 1.032 0.040 22.712
* checking for unstated dependencies in vignettes ... OK
* checking package vignettes in ‘inst/doc’ ... OK
* checking running R code from vignettes ... SKIPPED
* checking re-building of vignette outputs ... SKIPPED
* checking PDF version of manual ... OK
* DONE
Status: 1 WARNING, 1 NOTE
See
‘/Users/biocbuild/bbs-3.18-bioc/meat/compEpiTools.Rcheck/00check.log’
for details.
compEpiTools.Rcheck/00install.out
############################################################################## ############################################################################## ### ### Running command: ### ### /Library/Frameworks/R.framework/Resources/bin/R CMD INSTALL compEpiTools ### ############################################################################## ############################################################################## * installing to library ‘/Library/Frameworks/R.framework/Versions/4.3-x86_64/Resources/library’ * installing *source* package ‘compEpiTools’ ... ** using staged installation ** R ** inst ** byte-compile and prepare package for lazy loading groupGOTerms: GOBPTerm, GOMFTerm, GOCCTerm environments built. ** help *** installing help indices ** building package indices ** installing vignettes ** testing if installed package can be loaded from temporary location groupGOTerms: GOBPTerm, GOMFTerm, GOCCTerm environments built. ** testing if installed package can be loaded from final location groupGOTerms: GOBPTerm, GOMFTerm, GOCCTerm environments built. ** testing if installed package keeps a record of temporary installation path * DONE (compEpiTools)
compEpiTools.Rcheck/compEpiTools-Ex.timings
| name | user | system | elapsed | |
| GR2fasta-methods | 0.720 | 0.036 | 0.765 | |
| GRanges2ucsc-methods | 0.011 | 0.000 | 0.011 | |
| GRangesInPromoters-methods | 4.549 | 0.090 | 4.676 | |
| GRannotate-methods | 4.399 | 0.171 | 4.603 | |
| GRannotateSimple | 0.678 | 0.021 | 0.703 | |
| GRbaseCoverage-methods | 0.150 | 0.013 | 0.165 | |
| GRcoverage-methods | 0.106 | 0.003 | 0.109 | |
| GRcoverageSummit-methods | 0.053 | 0.001 | 0.054 | |
| GRenrichment-methods | 0.076 | 0.003 | 0.080 | |
| GRmidpoint-methods | 0.031 | 0.000 | 0.031 | |
| GRsetwidth | 0.040 | 0.001 | 0.042 | |
| TSS | 1.517 | 0.027 | 1.554 | |
| countOverlapsInBins-methods | 0.157 | 0.001 | 0.158 | |
| distanceFromTSS-methods | 2.523 | 0.076 | 2.627 | |
| enhancers | 0.430 | 0.012 | 0.448 | |
| findLncRNA | 0.861 | 0.029 | 0.902 | |
| getPromoterClass-methods | 1.032 | 0.040 | 22.712 | |
| heatmapData | 1.409 | 0.036 | 1.453 | |
| heatmapPlot | 3.378 | 0.160 | 3.614 | |
| makeGtfFromDb | 3.767 | 0.342 | 4.334 | |
| matchEnhancers | 3.358 | 0.087 | 3.471 | |
| overlapOfGRanges-methods | 0.062 | 0.001 | 0.064 | |
| palette2d | 0.047 | 0.002 | 0.050 | |
| plotStallingIndex | 2.639 | 0.078 | 2.739 | |
| simplifyGOterms | 0.609 | 0.174 | 0.943 | |
| stallingIndex | 2.761 | 0.045 | 2.826 | |
| topGOres | 30.606 | 2.056 | 32.967 | |
| ucsc2GRanges | 0.014 | 0.001 | 0.015 | |
| unionMaxScore-methods | 0.195 | 0.012 | 0.209 | |