| Back to Multiple platform build/check report for BioC 3.18: simplified long |
|
This page was generated on 2024-03-04 11:37:54 -0500 (Mon, 04 Mar 2024).
| Hostname | OS | Arch (*) | R version | Installed pkgs |
|---|---|---|---|---|
| nebbiolo2 | Linux (Ubuntu 22.04.3 LTS) | x86_64 | 4.3.2 Patched (2023-11-13 r85521) -- "Eye Holes" | 4692 |
| palomino4 | Windows Server 2022 Datacenter | x64 | 4.3.2 (2023-10-31 ucrt) -- "Eye Holes" | 4445 |
| lconway | macOS 12.7.1 Monterey | x86_64 | 4.3.2 Patched (2023-11-01 r85457) -- "Eye Holes" | 4466 |
| Click on any hostname to see more info about the system (e.g. compilers) (*) as reported by 'uname -p', except on Windows and Mac OS X | ||||
| Package 2032/2266 | Hostname | OS / Arch | INSTALL | BUILD | CHECK | BUILD BIN | ||||||||
| SplicingGraphs 1.42.0 (landing page) H. Pagès
| nebbiolo2 | Linux (Ubuntu 22.04.3 LTS) / x86_64 | OK | OK | WARNINGS | |||||||||
| palomino4 | Windows Server 2022 Datacenter / x64 | OK | OK | WARNINGS | OK | |||||||||
| lconway | macOS 12.7.1 Monterey / x86_64 | OK | OK | WARNINGS | OK | |||||||||
| kjohnson1 | macOS 13.6.1 Ventura / arm64 | see weekly results here | ||||||||||||
|
To the developers/maintainers of the SplicingGraphs package: - Allow up to 24 hours (and sometimes 48 hours) for your latest push to git@git.bioconductor.org:packages/SplicingGraphs.git to reflect on this report. See Troubleshooting Build Report for more information. - Use the following Renviron settings to reproduce errors and warnings. - If 'R CMD check' started to fail recently on the Linux builder(s) over a missing dependency, add the missing dependency to 'Suggests:' in your DESCRIPTION file. See Renviron.bioc for more information. |
| Package: SplicingGraphs |
| Version: 1.42.0 |
| Command: /Library/Frameworks/R.framework/Resources/bin/R CMD check --install=check:SplicingGraphs.install-out.txt --library=/Library/Frameworks/R.framework/Resources/library --no-vignettes --timings SplicingGraphs_1.42.0.tar.gz |
| StartedAt: 2024-03-03 23:41:34 -0500 (Sun, 03 Mar 2024) |
| EndedAt: 2024-03-03 23:49:56 -0500 (Sun, 03 Mar 2024) |
| EllapsedTime: 501.9 seconds |
| RetCode: 0 |
| Status: WARNINGS |
| CheckDir: SplicingGraphs.Rcheck |
| Warnings: 3 |
##############################################################################
##############################################################################
###
### Running command:
###
### /Library/Frameworks/R.framework/Resources/bin/R CMD check --install=check:SplicingGraphs.install-out.txt --library=/Library/Frameworks/R.framework/Resources/library --no-vignettes --timings SplicingGraphs_1.42.0.tar.gz
###
##############################################################################
##############################################################################
* using log directory ‘/Users/biocbuild/bbs-3.18-bioc/meat/SplicingGraphs.Rcheck’
* using R version 4.3.2 Patched (2023-11-01 r85457)
* using platform: x86_64-apple-darwin20 (64-bit)
* R was compiled by
Apple clang version 14.0.3 (clang-1403.0.22.14.1)
GNU Fortran (GCC) 12.2.0
* running under: macOS Monterey 12.7.1
* using session charset: UTF-8
* using option ‘--no-vignettes’
* checking for file ‘SplicingGraphs/DESCRIPTION’ ... OK
* this is package ‘SplicingGraphs’ version ‘1.42.0’
* package encoding: UTF-8
* checking package namespace information ... OK
* checking package dependencies ... OK
* checking if this is a source package ... OK
* checking if there is a namespace ... OK
* checking for hidden files and directories ... OK
* checking for portable file names ... OK
* checking for sufficient/correct file permissions ... OK
* checking whether package ‘SplicingGraphs’ can be installed ... WARNING
Found the following significant warnings:
Warning: replacing previous import ‘utils::findMatches’ by ‘S4Vectors::findMatches’ when loading ‘SplicingGraphs’
See ‘/Users/biocbuild/bbs-3.18-bioc/meat/SplicingGraphs.Rcheck/00install.out’ for details.
* checking installed package size ... OK
* checking package directory ... OK
* checking ‘build’ directory ... OK
* checking DESCRIPTION meta-information ... NOTE
Packages listed in more than one of Depends, Imports, Suggests, Enhances:
‘GenomicFeatures’ ‘GenomicAlignments’ ‘Rgraphviz’ ‘igraph’
A package should be listed in only one of these fields.
* checking top-level files ... OK
* checking for left-over files ... OK
* checking index information ... OK
* checking package subdirectories ... OK
* checking R files for non-ASCII characters ... OK
* checking R files for syntax errors ... OK
* checking whether the package can be loaded ... OK
* checking whether the package can be loaded with stated dependencies ... OK
* checking whether the package can be unloaded cleanly ... OK
* checking whether the namespace can be loaded with stated dependencies ... OK
* checking whether the namespace can be unloaded cleanly ... OK
* checking startup messages can be suppressed ... OK
* checking dependencies in R code ... NOTE
'library' or 'require' call to 'igraph' in package code.
Please use :: or requireNamespace() instead.
See section 'Suggested packages' in the 'Writing R Extensions' manual.
':::' calls which should be '::':
'S4Vectors:::matchIntegerPairs' 'S4Vectors:::orderIntegerPairs'
'S4Vectors:::selfmatchIntegerPairs'
See the note in ?`:::` about the use of this operator.
Unexported objects imported by ':::' calls:
'BiocGenerics:::testPackage' 'GenomicAlignments:::fillJunctionGaps'
'IRanges:::newCompressedList0' 'IRanges:::regroupBySupergroup'
'IRanges:::unlist_as_integer' 'S4Vectors:::setPrototypeFromObject'
See the note in ?`:::` about the use of this operator.
* checking S3 generic/method consistency ... OK
* checking replacement functions ... OK
* checking foreign function calls ... OK
* checking R code for possible problems ... OK
* checking Rd files ... OK
* checking Rd metadata ... OK
* checking Rd cross-references ... OK
* checking for missing documentation entries ... WARNING
Undocumented code objects:
‘reportReads’
Undocumented S4 methods:
generic 'reportReads' and siglist 'SplicingGraphs'
All user-level objects in a package (including S4 classes and methods)
should have documentation entries.
See chapter ‘Writing R documentation files’ in the ‘Writing R
Extensions’ manual.
* checking for code/documentation mismatches ... OK
* checking Rd \usage sections ... WARNING
Objects in \usage without \alias in documentation object 'countReads-methods':
‘reportReads’
Functions with \usage entries need to have the appropriate \alias
entries, and all their arguments documented.
The \usage entries must correspond to syntactically valid R code.
See chapter ‘Writing R documentation files’ in the ‘Writing R
Extensions’ manual.
* checking Rd contents ... OK
* checking for unstated dependencies in examples ... OK
* checking sizes of PDF files under ‘inst/doc’ ... OK
* checking files in ‘vignettes’ ... OK
* checking examples ... OK
Examples with CPU (user + system) or elapsed time > 5s
user system elapsed
plotTranscripts-methods 45.605 3.297 46.786
toy_data 24.278 0.290 24.721
countReads-methods 7.421 0.969 7.626
SplicingGraphs-class 6.930 1.106 7.028
sgedges-methods 6.219 1.195 6.638
sgedgesByGene-methods 4.707 1.568 4.872
rsgedgesByGene-methods 4.678 1.110 4.919
assignReads 4.341 1.092 4.657
txpath-methods 4.103 1.087 4.366
* checking for unstated dependencies in ‘tests’ ... OK
* checking tests ...
Running ‘run_unitTests.R’
OK
* checking for unstated dependencies in vignettes ... OK
* checking package vignettes in ‘inst/doc’ ... OK
* checking running R code from vignettes ... SKIPPED
* checking re-building of vignette outputs ... SKIPPED
* checking PDF version of manual ... OK
* DONE
Status: 3 WARNINGs, 2 NOTEs
See
‘/Users/biocbuild/bbs-3.18-bioc/meat/SplicingGraphs.Rcheck/00check.log’
for details.
SplicingGraphs.Rcheck/00install.out
############################################################################## ############################################################################## ### ### Running command: ### ### /Library/Frameworks/R.framework/Resources/bin/R CMD INSTALL SplicingGraphs ### ############################################################################## ############################################################################## * installing to library ‘/Library/Frameworks/R.framework/Versions/4.3-x86_64/Resources/library’ * installing *source* package ‘SplicingGraphs’ ... ** using staged installation ** R ** inst ** byte-compile and prepare package for lazy loading Warning: replacing previous import ‘utils::findMatches’ by ‘S4Vectors::findMatches’ when loading ‘SplicingGraphs’ ** help *** installing help indices ** building package indices ** installing vignettes ** testing if installed package can be loaded from temporary location Warning: replacing previous import ‘utils::findMatches’ by ‘S4Vectors::findMatches’ when loading ‘SplicingGraphs’ ** testing if installed package can be loaded from final location Warning: replacing previous import ‘utils::findMatches’ by ‘S4Vectors::findMatches’ when loading ‘SplicingGraphs’ ** testing if installed package keeps a record of temporary installation path * DONE (SplicingGraphs)
SplicingGraphs.Rcheck/tests/run_unitTests.Rout
R version 4.3.2 Patched (2023-11-01 r85457) -- "Eye Holes"
Copyright (C) 2023 The R Foundation for Statistical Computing
Platform: x86_64-apple-darwin20 (64-bit)
R is free software and comes with ABSOLUTELY NO WARRANTY.
You are welcome to redistribute it under certain conditions.
Type 'license()' or 'licence()' for distribution details.
R is a collaborative project with many contributors.
Type 'contributors()' for more information and
'citation()' on how to cite R or R packages in publications.
Type 'demo()' for some demos, 'help()' for on-line help, or
'help.start()' for an HTML browser interface to help.
Type 'q()' to quit R.
> require("SplicingGraphs") || stop("unable to load SplicingGraphs package")
Loading required package: SplicingGraphs
Loading required package: GenomicFeatures
Loading required package: BiocGenerics
Attaching package: 'BiocGenerics'
The following objects are masked from 'package:stats':
IQR, mad, sd, var, xtabs
The following objects are masked from 'package:base':
Filter, Find, Map, Position, Reduce, anyDuplicated, aperm, append,
as.data.frame, basename, cbind, colnames, dirname, do.call,
duplicated, eval, evalq, get, grep, grepl, intersect, is.unsorted,
lapply, mapply, match, mget, order, paste, pmax, pmax.int, pmin,
pmin.int, rank, rbind, rownames, sapply, setdiff, sort, table,
tapply, union, unique, unsplit, which.max, which.min
Loading required package: S4Vectors
Loading required package: stats4
Attaching package: 'S4Vectors'
The following object is masked from 'package:utils':
findMatches
The following objects are masked from 'package:base':
I, expand.grid, unname
Loading required package: IRanges
Loading required package: GenomeInfoDb
Loading required package: GenomicRanges
Loading required package: AnnotationDbi
Loading required package: Biobase
Welcome to Bioconductor
Vignettes contain introductory material; view with
'browseVignettes()'. To cite Bioconductor, see
'citation("Biobase")', and for packages 'citation("pkgname")'.
Loading required package: GenomicAlignments
Loading required package: SummarizedExperiment
Loading required package: MatrixGenerics
Loading required package: matrixStats
Attaching package: 'matrixStats'
The following objects are masked from 'package:Biobase':
anyMissing, rowMedians
Attaching package: 'MatrixGenerics'
The following objects are masked from 'package:matrixStats':
colAlls, colAnyNAs, colAnys, colAvgsPerRowSet, colCollapse,
colCounts, colCummaxs, colCummins, colCumprods, colCumsums,
colDiffs, colIQRDiffs, colIQRs, colLogSumExps, colMadDiffs,
colMads, colMaxs, colMeans2, colMedians, colMins, colOrderStats,
colProds, colQuantiles, colRanges, colRanks, colSdDiffs, colSds,
colSums2, colTabulates, colVarDiffs, colVars, colWeightedMads,
colWeightedMeans, colWeightedMedians, colWeightedSds,
colWeightedVars, rowAlls, rowAnyNAs, rowAnys, rowAvgsPerColSet,
rowCollapse, rowCounts, rowCummaxs, rowCummins, rowCumprods,
rowCumsums, rowDiffs, rowIQRDiffs, rowIQRs, rowLogSumExps,
rowMadDiffs, rowMads, rowMaxs, rowMeans2, rowMedians, rowMins,
rowOrderStats, rowProds, rowQuantiles, rowRanges, rowRanks,
rowSdDiffs, rowSds, rowSums2, rowTabulates, rowVarDiffs, rowVars,
rowWeightedMads, rowWeightedMeans, rowWeightedMedians,
rowWeightedSds, rowWeightedVars
The following object is masked from 'package:Biobase':
rowMedians
Loading required package: Biostrings
Loading required package: XVector
Attaching package: 'Biostrings'
The following object is masked from 'package:base':
strsplit
Loading required package: Rsamtools
Loading required package: Rgraphviz
Loading required package: graph
Attaching package: 'graph'
The following object is masked from 'package:Biostrings':
complement
Loading required package: grid
Attaching package: 'grid'
The following object is masked from 'package:Biostrings':
pattern
Attaching package: 'Rgraphviz'
The following objects are masked from 'package:IRanges':
from, to
The following objects are masked from 'package:S4Vectors':
from, to
[1] TRUE
Warning message:
replacing previous import 'utils::findMatches' by 'S4Vectors::findMatches' when loading 'SplicingGraphs'
> SplicingGraphs:::.test()
Import genomic features from the file as a GRanges object ... OK
Prepare the 'metadata' data frame ... OK
Make the TxDb object ... OK
RUNIT TEST PROTOCOL -- Sun Mar 3 23:49:47 2024
***********************************************
Number of test functions: 1
Number of errors: 0
Number of failures: 0
1 Test Suite :
SplicingGraphs RUnit Tests - 1 test function, 0 errors, 0 failures
Number of test functions: 1
Number of errors: 0
Number of failures: 0
>
> proc.time()
user system elapsed
22.400 1.429 23.431
SplicingGraphs.Rcheck/SplicingGraphs-Ex.timings
| name | user | system | elapsed | |
| SplicingGraphs-class | 6.930 | 1.106 | 7.028 | |
| SplicingGraphs-package | 0.000 | 0.000 | 0.001 | |
| assignReads | 4.341 | 1.092 | 4.657 | |
| bubbles-methods | 4.053 | 0.914 | 4.227 | |
| countReads-methods | 7.421 | 0.969 | 7.626 | |
| plotTranscripts-methods | 45.605 | 3.297 | 46.786 | |
| rsgedgesByGene-methods | 4.678 | 1.110 | 4.919 | |
| sgedges-methods | 6.219 | 1.195 | 6.638 | |
| sgedgesByGene-methods | 4.707 | 1.568 | 4.872 | |
| sgraph-methods | 2.807 | 0.929 | 2.921 | |
| toy_data | 24.278 | 0.290 | 24.721 | |
| txpath-methods | 4.103 | 1.087 | 4.366 | |