| Back to Multiple platform build/check report for BioC 3.18: simplified long |
|
This page was generated on 2024-04-17 11:37:21 -0400 (Wed, 17 Apr 2024).
| Hostname | OS | Arch (*) | R version | Installed pkgs |
|---|---|---|---|---|
| nebbiolo2 | Linux (Ubuntu 22.04.3 LTS) | x86_64 | 4.3.3 (2024-02-29) -- "Angel Food Cake" | 4676 |
| palomino4 | Windows Server 2022 Datacenter | x64 | 4.3.3 (2024-02-29 ucrt) -- "Angel Food Cake" | 4414 |
| merida1 | macOS 12.7.1 Monterey | x86_64 | 4.3.3 (2024-02-29) -- "Angel Food Cake" | 4437 |
| Click on any hostname to see more info about the system (e.g. compilers) (*) as reported by 'uname -p', except on Windows and Mac OS X | ||||
| Package 2034/2266 | Hostname | OS / Arch | INSTALL | BUILD | CHECK | BUILD BIN | ||||||||
| SPLINTER 1.28.0 (landing page) Diana Low
| nebbiolo2 | Linux (Ubuntu 22.04.3 LTS) / x86_64 | OK | OK | OK | |||||||||
| palomino4 | Windows Server 2022 Datacenter / x64 | OK | OK | WARNINGS | OK | |||||||||
| merida1 | macOS 12.7.1 Monterey / x86_64 | OK | OK | OK | OK | |||||||||
| kjohnson1 | macOS 13.6.1 Ventura / arm64 | see weekly results here | ||||||||||||
|
To the developers/maintainers of the SPLINTER package: - Allow up to 24 hours (and sometimes 48 hours) for your latest push to git@git.bioconductor.org:packages/SPLINTER.git to reflect on this report. See Troubleshooting Build Report for more information. - Use the following Renviron settings to reproduce errors and warnings. - If 'R CMD check' started to fail recently on the Linux builder(s) over a missing dependency, add the missing dependency to 'Suggests:' in your DESCRIPTION file. See Renviron.bioc for more information. |
| Package: SPLINTER |
| Version: 1.28.0 |
| Command: F:\biocbuild\bbs-3.18-bioc\R\bin\R.exe CMD check --no-multiarch --install=check:SPLINTER.install-out.txt --library=F:\biocbuild\bbs-3.18-bioc\R\library --no-vignettes --timings SPLINTER_1.28.0.tar.gz |
| StartedAt: 2024-04-16 05:28:50 -0400 (Tue, 16 Apr 2024) |
| EndedAt: 2024-04-16 05:35:13 -0400 (Tue, 16 Apr 2024) |
| EllapsedTime: 383.2 seconds |
| RetCode: 0 |
| Status: WARNINGS |
| CheckDir: SPLINTER.Rcheck |
| Warnings: 1 |
##############################################################################
##############################################################################
###
### Running command:
###
### F:\biocbuild\bbs-3.18-bioc\R\bin\R.exe CMD check --no-multiarch --install=check:SPLINTER.install-out.txt --library=F:\biocbuild\bbs-3.18-bioc\R\library --no-vignettes --timings SPLINTER_1.28.0.tar.gz
###
##############################################################################
##############################################################################
* using log directory 'F:/biocbuild/bbs-3.18-bioc/meat/SPLINTER.Rcheck'
* using R version 4.3.3 (2024-02-29 ucrt)
* using platform: x86_64-w64-mingw32 (64-bit)
* R was compiled by
gcc.exe (GCC) 12.3.0
GNU Fortran (GCC) 12.3.0
* running under: Windows Server 2022 x64 (build 20348)
* using session charset: UTF-8
* using option '--no-vignettes'
* checking for file 'SPLINTER/DESCRIPTION' ... OK
* checking extension type ... Package
* this is package 'SPLINTER' version '1.28.0'
* package encoding: UTF-8
* checking package namespace information ... OK
* checking package dependencies ... OK
* checking if this is a source package ... OK
* checking if there is a namespace ... OK
* checking for hidden files and directories ... OK
* checking for portable file names ... OK
* checking whether package 'SPLINTER' can be installed ... WARNING
Found the following significant warnings:
Warning: replacing previous import 'IRanges::windows' by 'grDevices::windows' when loading 'SPLINTER'
See 'F:/biocbuild/bbs-3.18-bioc/meat/SPLINTER.Rcheck/00install.out' for details.
* checking installed package size ... OK
* checking package directory ... OK
* checking 'build' directory ... OK
* checking DESCRIPTION meta-information ... OK
* checking top-level files ... OK
* checking for left-over files ... OK
* checking index information ... OK
* checking package subdirectories ... OK
* checking R files for non-ASCII characters ... OK
* checking R files for syntax errors ... OK
* checking whether the package can be loaded ... OK
* checking whether the package can be loaded with stated dependencies ... OK
* checking whether the package can be unloaded cleanly ... OK
* checking whether the namespace can be loaded with stated dependencies ... OK
* checking whether the namespace can be unloaded cleanly ... OK
* checking dependencies in R code ... OK
* checking S3 generic/method consistency ... OK
* checking replacement functions ... OK
* checking foreign function calls ... OK
* checking R code for possible problems ... OK
* checking Rd files ... OK
* checking Rd metadata ... OK
* checking Rd cross-references ... OK
* checking for missing documentation entries ... OK
* checking for code/documentation mismatches ... OK
* checking Rd \usage sections ... OK
* checking Rd contents ... OK
* checking for unstated dependencies in examples ... OK
* checking contents of 'data' directory ... OK
* checking data for non-ASCII characters ... OK
* checking LazyData ... OK
* checking data for ASCII and uncompressed saves ... OK
* checking sizes of PDF files under 'inst/doc' ... OK
* checking files in 'vignettes' ... OK
* checking examples ... OK
Examples with CPU (user + system) or elapsed time > 5s
user system elapsed
eventPlot 12.83 0.12 12.97
getPCRsizes 10.23 0.16 10.41
* checking for unstated dependencies in vignettes ... OK
* checking package vignettes in 'inst/doc' ... OK
* checking running R code from vignettes ... SKIPPED
* checking re-building of vignette outputs ... SKIPPED
* checking PDF version of manual ... OK
* DONE
Status: 1 WARNING
See
'F:/biocbuild/bbs-3.18-bioc/meat/SPLINTER.Rcheck/00check.log'
for details.
SPLINTER.Rcheck/00install.out
############################################################################## ############################################################################## ### ### Running command: ### ### F:\biocbuild\bbs-3.18-bioc\R\bin\R.exe CMD INSTALL SPLINTER ### ############################################################################## ############################################################################## * installing to library 'F:/biocbuild/bbs-3.18-bioc/R/library' * installing *source* package 'SPLINTER' ... ** using staged installation ** R ** data *** moving datasets to lazyload DB ** inst ** byte-compile and prepare package for lazy loading Warning: replacing previous import 'IRanges::windows' by 'grDevices::windows' when loading 'SPLINTER' ** help *** installing help indices ** building package indices ** installing vignettes ** testing if installed package can be loaded from temporary location Warning: replacing previous import 'IRanges::windows' by 'grDevices::windows' when loading 'SPLINTER' ** testing if installed package can be loaded from final location Warning: replacing previous import 'IRanges::windows' by 'grDevices::windows' when loading 'SPLINTER' ** testing if installed package keeps a record of temporary installation path * DONE (SPLINTER)
SPLINTER.Rcheck/SPLINTER-Ex.timings
| name | user | system | elapsed | |
| acceptor.m | 0 | 0 | 0 | |
| addEnsemblAnnotation | 0.02 | 0.00 | 0.01 | |
| callPrimer3 | 0 | 0 | 0 | |
| checkPrimer | 0.11 | 0.00 | 0.11 | |
| compatible_cds | 0 | 0 | 0 | |
| compatible_tx | 0.02 | 0.00 | 0.01 | |
| donor.m | 0 | 0 | 0 | |
| eventOutcomeCompare | 1.64 | 0.22 | 1.88 | |
| eventOutcomeTranslate | 0.42 | 0.08 | 0.50 | |
| eventPlot | 12.83 | 0.12 | 12.97 | |
| extendROI | 0.7 | 0.0 | 0.7 | |
| extractSpliceEvents | 0.00 | 0.00 | 0.02 | |
| extractSpliceSites | 0.13 | 0.00 | 0.12 | |
| findCompatibleEvents | 0.46 | 0.00 | 0.47 | |
| findCompatibleExon | 0.25 | 0.00 | 0.25 | |
| findTX | 0.07 | 0.00 | 0.06 | |
| getPCRsizes | 10.23 | 0.16 | 10.41 | |
| getRegionDNA | 0.44 | 0.06 | 0.50 | |
| insertRegion | 0.16 | 0.00 | 0.15 | |
| makeROI | 0.26 | 0.00 | 0.27 | |
| makeUniqueIDs | 0 | 0 | 0 | |
| pcr_result1 | 0.02 | 0.00 | 0.02 | |
| plot_seqlogo | 0.03 | 0.00 | 0.03 | |
| primers | 0.00 | 0.00 | 0.01 | |
| psiPlot | 0.29 | 0.00 | 0.29 | |
| region_minus_exon | 0.02 | 0.00 | 0.02 | |
| roi | 0 | 0 | 0 | |
| shapiroAcceptor | 0.47 | 0.03 | 0.50 | |
| shapiroDonor | 0.51 | 0.04 | 0.55 | |
| splice_data | 0 | 0 | 0 | |
| splice_fasta | 0.02 | 0.00 | 0.01 | |
| splitPCRhit | 0 | 0 | 0 | |
| thecds | 0 | 0 | 0 | |
| theexons | 0.00 | 0.01 | 0.02 | |
| valid_cds | 0 | 0 | 0 | |
| valid_tx | 0 | 0 | 0 | |