| Back to Multiple platform build/check report for BioC 3.18: simplified long |
|
This page was generated on 2024-03-04 11:37:41 -0500 (Mon, 04 Mar 2024).
| Hostname | OS | Arch (*) | R version | Installed pkgs |
|---|---|---|---|---|
| nebbiolo2 | Linux (Ubuntu 22.04.3 LTS) | x86_64 | 4.3.2 Patched (2023-11-13 r85521) -- "Eye Holes" | 4692 |
| palomino4 | Windows Server 2022 Datacenter | x64 | 4.3.2 (2023-10-31 ucrt) -- "Eye Holes" | 4445 |
| lconway | macOS 12.7.1 Monterey | x86_64 | 4.3.2 Patched (2023-11-01 r85457) -- "Eye Holes" | 4466 |
| Click on any hostname to see more info about the system (e.g. compilers) (*) as reported by 'uname -p', except on Windows and Mac OS X | ||||
| Package 1547/2266 | Hostname | OS / Arch | INSTALL | BUILD | CHECK | BUILD BIN | ||||||||
| Pi 2.14.0 (landing page) Hai Fang
| nebbiolo2 | Linux (Ubuntu 22.04.3 LTS) / x86_64 | OK | OK | WARNINGS | |||||||||
| palomino4 | Windows Server 2022 Datacenter / x64 | OK | OK | WARNINGS | OK | |||||||||
| lconway | macOS 12.7.1 Monterey / x86_64 | OK | OK | WARNINGS | OK | |||||||||
| kjohnson1 | macOS 13.6.1 Ventura / arm64 | see weekly results here | ||||||||||||
|
To the developers/maintainers of the Pi package: - Allow up to 24 hours (and sometimes 48 hours) for your latest push to git@git.bioconductor.org:packages/Pi.git to reflect on this report. See Troubleshooting Build Report for more information. - Use the following Renviron settings to reproduce errors and warnings. - If 'R CMD check' started to fail recently on the Linux builder(s) over a missing dependency, add the missing dependency to 'Suggests:' in your DESCRIPTION file. See Renviron.bioc for more information. |
| Package: Pi |
| Version: 2.14.0 |
| Command: /Library/Frameworks/R.framework/Resources/bin/R CMD check --install=check:Pi.install-out.txt --library=/Library/Frameworks/R.framework/Resources/library --no-vignettes --timings Pi_2.14.0.tar.gz |
| StartedAt: 2024-03-03 22:33:38 -0500 (Sun, 03 Mar 2024) |
| EndedAt: 2024-03-03 22:37:25 -0500 (Sun, 03 Mar 2024) |
| EllapsedTime: 226.7 seconds |
| RetCode: 0 |
| Status: WARNINGS |
| CheckDir: Pi.Rcheck |
| Warnings: 2 |
##############################################################################
##############################################################################
###
### Running command:
###
### /Library/Frameworks/R.framework/Resources/bin/R CMD check --install=check:Pi.install-out.txt --library=/Library/Frameworks/R.framework/Resources/library --no-vignettes --timings Pi_2.14.0.tar.gz
###
##############################################################################
##############################################################################
* using log directory ‘/Users/biocbuild/bbs-3.18-bioc/meat/Pi.Rcheck’
* using R version 4.3.2 Patched (2023-11-01 r85457)
* using platform: x86_64-apple-darwin20 (64-bit)
* R was compiled by
Apple clang version 14.0.3 (clang-1403.0.22.14.1)
GNU Fortran (GCC) 12.2.0
* running under: macOS Monterey 12.7.1
* using session charset: UTF-8
* using option ‘--no-vignettes’
* checking for file ‘Pi/DESCRIPTION’ ... OK
* checking extension type ... Package
* this is package ‘Pi’ version ‘2.14.0’
* checking package namespace information ... OK
* checking package dependencies ... OK
* checking if this is a source package ... OK
* checking if there is a namespace ... OK
* checking for hidden files and directories ... OK
* checking for portable file names ... OK
* checking for sufficient/correct file permissions ... OK
* checking whether package ‘Pi’ can be installed ... WARNING
Found the following significant warnings:
Warning: replacing previous import ‘ROCR::plot’ by ‘graphics::plot’ when loading ‘Pi’
See ‘/Users/biocbuild/bbs-3.18-bioc/meat/Pi.Rcheck/00install.out’ for details.
* checking installed package size ... OK
* checking package directory ... OK
* checking ‘build’ directory ... OK
* checking DESCRIPTION meta-information ... OK
* checking top-level files ... OK
* checking for left-over files ... OK
* checking index information ... OK
* checking package subdirectories ... OK
* checking R files for non-ASCII characters ... OK
* checking R files for syntax errors ... OK
* checking whether the package can be loaded ... OK
* checking whether the package can be loaded with stated dependencies ... OK
* checking whether the package can be unloaded cleanly ... OK
* checking whether the namespace can be loaded with stated dependencies ... OK
* checking whether the namespace can be unloaded cleanly ... OK
* checking dependencies in R code ... WARNING
'::' or ':::' import not declared from: 'pbapply'
* checking S3 generic/method consistency ... OK
* checking replacement functions ... OK
* checking foreign function calls ... OK
* checking R code for possible problems ... OK
* checking Rd files ... OK
* checking Rd metadata ... OK
* checking Rd cross-references ... OK
* checking for missing documentation entries ... OK
* checking for code/documentation mismatches ... OK
* checking Rd \usage sections ... OK
* checking Rd contents ... OK
* checking for unstated dependencies in examples ... OK
* checking files in ‘vignettes’ ... OK
* checking examples ... OK
* checking for unstated dependencies in vignettes ... OK
* checking package vignettes in ‘inst/doc’ ... OK
* checking running R code from vignettes ... SKIPPED
* checking re-building of vignette outputs ... SKIPPED
* checking PDF version of manual ... OK
* DONE
Status: 2 WARNINGs
See
‘/Users/biocbuild/bbs-3.18-bioc/meat/Pi.Rcheck/00check.log’
for details.
Pi.Rcheck/00install.out
############################################################################## ############################################################################## ### ### Running command: ### ### /Library/Frameworks/R.framework/Resources/bin/R CMD INSTALL Pi ### ############################################################################## ############################################################################## * installing to library ‘/Library/Frameworks/R.framework/Versions/4.3-x86_64/Resources/library’ * installing *source* package ‘Pi’ ... ** using staged installation ** R ** inst ** byte-compile and prepare package for lazy loading Warning: replacing previous import ‘ROCR::plot’ by ‘graphics::plot’ when loading ‘Pi’ ** help *** installing help indices ** building package indices ** installing vignettes ** testing if installed package can be loaded from temporary location Warning: replacing previous import ‘ROCR::plot’ by ‘graphics::plot’ when loading ‘Pi’ ** testing if installed package can be loaded from final location Warning: replacing previous import ‘ROCR::plot’ by ‘graphics::plot’ when loading ‘Pi’ ** testing if installed package keeps a record of temporary installation path * DONE (Pi)
Pi.Rcheck/Pi-Ex.timings
| name | user | system | elapsed | |
| EG | 0.000 | 0.001 | 0.000 | |
| GS | 0.000 | 0.001 | 0.001 | |
| aOnto | 0 | 0 | 0 | |
| cTarget | 0 | 0 | 0 | |
| dTarget | 0 | 0 | 0 | |
| eGSEA | 0.000 | 0.001 | 0.001 | |
| eTarget | 0 | 0 | 0 | |
| eTerm | 0 | 0 | 0 | |
| iSubg | 0 | 0 | 0 | |
| ls_eTerm | 0 | 0 | 0 | |
| pNode | 0 | 0 | 0 | |
| pPerf | 0.000 | 0.000 | 0.001 | |
| sGS | 0 | 0 | 0 | |
| sTarget | 0 | 0 | 0 | |
| xAggregate | 0 | 0 | 0 | |
| xCheckParallel | 0.001 | 0.000 | 0.000 | |
| xCircos | 0.000 | 0.000 | 0.001 | |
| xColormap | 0.010 | 0.002 | 0.012 | |
| xCombineNet | 0.000 | 0.001 | 0.000 | |
| xContour | 0.033 | 0.003 | 0.037 | |
| xConverter | 0.035 | 0.004 | 0.039 | |
| xCorrelation | 0.000 | 0.000 | 0.001 | |
| xDAGanno | 0.001 | 0.001 | 0.001 | |
| xDefineEQTL | 0 | 0 | 0 | |
| xDefineHIC | 0.000 | 0.000 | 0.001 | |
| xDefineNet | 0.000 | 0.001 | 0.000 | |
| xDefineOntology | 0 | 0 | 0 | |
| xEnrichForest | 0.001 | 0.000 | 0.001 | |
| xEnrichViewer | 0 | 0 | 0 | |
| xEnricher | 0.000 | 0.000 | 0.001 | |
| xEnricherGenes | 0.001 | 0.000 | 0.001 | |
| xGGnetwork | 0.001 | 0.001 | 0.002 | |
| xGR | 0.000 | 0.001 | 0.000 | |
| xGR2nGenes | 0.000 | 0.001 | 0.001 | |
| xGR2xGeneScores | 0.001 | 0.000 | 0.001 | |
| xGR2xGenes | 0.000 | 0.000 | 0.001 | |
| xGRscores | 0 | 0 | 0 | |
| xGRsort | 0.000 | 0.001 | 0.000 | |
| xGSEAbarplot | 0.000 | 0.000 | 0.001 | |
| xGSEAconciser | 0.000 | 0.000 | 0.001 | |
| xGSEAdotplot | 0.000 | 0.000 | 0.001 | |
| xGSsimulator | 0.000 | 0.000 | 0.001 | |
| xGeneID2Symbol | 0.000 | 0.001 | 0.000 | |
| xHeatmap | 0 | 0 | 0 | |
| xLayout | 0.001 | 0.000 | 0.001 | |
| xLiftOver | 0 | 0 | 0 | |
| xMEabf | 0.000 | 0.001 | 0.001 | |
| xMLcaret | 0.000 | 0.000 | 0.001 | |
| xMLcompare | 0 | 0 | 0 | |
| xMLdensity | 0 | 0 | 0 | |
| xMLdotplot | 0.000 | 0.001 | 0.001 | |
| xMLfeatureplot | 0 | 0 | 0 | |
| xMLglmnet | 0 | 0 | 0 | |
| xMLparameters | 0.000 | 0.001 | 0.000 | |
| xMLrandomforest | 0.000 | 0.000 | 0.001 | |
| xMLrename | 0 | 0 | 0 | |
| xMLzoom | 0.001 | 0.000 | 0.000 | |
| xPieplot | 0.000 | 0.000 | 0.001 | |
| xPier | 0 | 0 | 0 | |
| xPierABF | 0.001 | 0.001 | 0.000 | |
| xPierABFheatmap | 0.000 | 0.000 | 0.001 | |
| xPierAnno | 0.000 | 0.001 | 0.001 | |
| xPierCor | 0 | 0 | 0 | |
| xPierCross | 0 | 0 | 0 | |
| xPierEvidence | 0.000 | 0.001 | 0.000 | |
| xPierGRs | 0.000 | 0.000 | 0.001 | |
| xPierGSEA | 0.000 | 0.000 | 0.001 | |
| xPierGenes | 0.000 | 0.001 | 0.000 | |
| xPierMRS | 0 | 0 | 0 | |
| xPierManhattan | 0.000 | 0.001 | 0.000 | |
| xPierMatrix | 0 | 0 | 0 | |
| xPierPathways | 0.000 | 0.000 | 0.001 | |
| xPierROCR | 0 | 0 | 0 | |
| xPierSNPs | 0.001 | 0.001 | 0.001 | |
| xPierSNPsAdv | 0 | 0 | 0 | |
| xPierSNPsAdvABF | 0 | 0 | 0 | |
| xPierSubnet | 0.000 | 0.001 | 0.000 | |
| xPierTrack | 0 | 0 | 0 | |
| xPierTrackAdv | 0 | 0 | 0 | |
| xPredictCompare | 0 | 0 | 0 | |
| xPredictROCR | 0 | 0 | 0 | |
| xRDataLoader | 0 | 0 | 0 | |
| xRWR | 0.001 | 0.000 | 0.002 | |
| xSM2DF | 0.012 | 0.001 | 0.013 | |
| xSNP2cGenes | 0 | 0 | 0 | |
| xSNP2eGenes | 0.000 | 0.000 | 0.001 | |
| xSNP2nGenes | 0 | 0 | 0 | |
| xSNPlocations | 0.000 | 0.001 | 0.001 | |
| xSNPscores | 0.000 | 0.000 | 0.001 | |
| xSparseMatrix | 0.007 | 0.000 | 0.007 | |
| xSubneterGenes | 0.001 | 0.000 | 0.001 | |
| xSymbol2GeneID | 0.000 | 0.000 | 0.001 | |
| xVisEvidence | 0 | 0 | 0 | |
| xVisEvidenceAdv | 0.000 | 0.000 | 0.001 | |
| xVisKernels | 0.014 | 0.009 | 0.022 | |
| xVisNet | 0.000 | 0.000 | 0.001 | |