| Back to Multiple platform build/check report for BioC 3.18: simplified long |
|
This page was generated on 2024-03-04 11:37:36 -0500 (Mon, 04 Mar 2024).
| Hostname | OS | Arch (*) | R version | Installed pkgs |
|---|---|---|---|---|
| nebbiolo2 | Linux (Ubuntu 22.04.3 LTS) | x86_64 | 4.3.2 Patched (2023-11-13 r85521) -- "Eye Holes" | 4692 |
| palomino4 | Windows Server 2022 Datacenter | x64 | 4.3.2 (2023-10-31 ucrt) -- "Eye Holes" | 4445 |
| lconway | macOS 12.7.1 Monterey | x86_64 | 4.3.2 Patched (2023-11-01 r85457) -- "Eye Holes" | 4466 |
| Click on any hostname to see more info about the system (e.g. compilers) (*) as reported by 'uname -p', except on Windows and Mac OS X | ||||
| Package 1354/2266 | Hostname | OS / Arch | INSTALL | BUILD | CHECK | BUILD BIN | ||||||||
| Mulcom 1.52.0 (landing page) Claudio Isella
| nebbiolo2 | Linux (Ubuntu 22.04.3 LTS) / x86_64 | OK | OK | WARNINGS | |||||||||
| palomino4 | Windows Server 2022 Datacenter / x64 | OK | OK | WARNINGS | OK | |||||||||
| lconway | macOS 12.7.1 Monterey / x86_64 | OK | OK | WARNINGS | OK | |||||||||
| kjohnson1 | macOS 13.6.1 Ventura / arm64 | see weekly results here | ||||||||||||
|
To the developers/maintainers of the Mulcom package: - Allow up to 24 hours (and sometimes 48 hours) for your latest push to git@git.bioconductor.org:packages/Mulcom.git to reflect on this report. See Troubleshooting Build Report for more information. - Use the following Renviron settings to reproduce errors and warnings. - If 'R CMD check' started to fail recently on the Linux builder(s) over a missing dependency, add the missing dependency to 'Suggests:' in your DESCRIPTION file. See Renviron.bioc for more information. |
| Package: Mulcom |
| Version: 1.52.0 |
| Command: /Library/Frameworks/R.framework/Resources/bin/R CMD check --install=check:Mulcom.install-out.txt --library=/Library/Frameworks/R.framework/Resources/library --no-vignettes --timings Mulcom_1.52.0.tar.gz |
| StartedAt: 2024-03-03 22:03:58 -0500 (Sun, 03 Mar 2024) |
| EndedAt: 2024-03-03 22:05:14 -0500 (Sun, 03 Mar 2024) |
| EllapsedTime: 75.7 seconds |
| RetCode: 0 |
| Status: WARNINGS |
| CheckDir: Mulcom.Rcheck |
| Warnings: 1 |
##############################################################################
##############################################################################
###
### Running command:
###
### /Library/Frameworks/R.framework/Resources/bin/R CMD check --install=check:Mulcom.install-out.txt --library=/Library/Frameworks/R.framework/Resources/library --no-vignettes --timings Mulcom_1.52.0.tar.gz
###
##############################################################################
##############################################################################
* using log directory ‘/Users/biocbuild/bbs-3.18-bioc/meat/Mulcom.Rcheck’
* using R version 4.3.2 Patched (2023-11-01 r85457)
* using platform: x86_64-apple-darwin20 (64-bit)
* R was compiled by
Apple clang version 14.0.3 (clang-1403.0.22.14.1)
GNU Fortran (GCC) 12.2.0
* running under: macOS Monterey 12.7.1
* using session charset: UTF-8
* using option ‘--no-vignettes’
* checking for file ‘Mulcom/DESCRIPTION’ ... OK
* checking extension type ... Package
* this is package ‘Mulcom’ version ‘1.52.0’
* checking package namespace information ... OK
* checking package dependencies ... OK
* checking if this is a source package ... OK
* checking if there is a namespace ... OK
* checking for hidden files and directories ... OK
* checking for portable file names ... OK
* checking for sufficient/correct file permissions ... OK
* checking whether package ‘Mulcom’ can be installed ... OK
* used C++ compiler: ‘Apple clang version 14.0.0 (clang-1400.0.29.202)’
* used SDK: ‘MacOSX11.3.sdk’
* checking installed package size ... OK
* checking package directory ... OK
* checking DESCRIPTION meta-information ... OK
* checking top-level files ... OK
* checking for left-over files ... OK
* checking index information ... OK
* checking package subdirectories ... OK
* checking R files for non-ASCII characters ... OK
* checking R files for syntax errors ... OK
* checking whether the package can be loaded ... OK
* checking whether the package can be loaded with stated dependencies ... OK
* checking whether the package can be unloaded cleanly ... OK
* checking whether the namespace can be loaded with stated dependencies ... OK
* checking whether the namespace can be unloaded cleanly ... OK
* checking startup messages can be suppressed ... OK
* checking dependencies in R code ... OK
* checking S3 generic/method consistency ... OK
* checking replacement functions ... OK
* checking foreign function calls ... OK
* checking R code for possible problems ... OK
* checking Rd files ... OK
* checking Rd metadata ... OK
* checking Rd cross-references ... OK
* checking for missing documentation entries ... OK
* checking for code/documentation mismatches ... OK
* checking Rd \usage sections ... OK
* checking Rd contents ... OK
* checking for unstated dependencies in examples ... OK
* checking contents of ‘data’ directory ... OK
* checking data for non-ASCII characters ... OK
* checking data for ASCII and uncompressed saves ... OK
* checking line endings in C/C++/Fortran sources/headers ... OK
* checking compiled code ... NOTE
Note: information on .o files is not available
* checking files in ‘vignettes’ ... WARNING
Files in the 'vignettes' directory but no files in 'inst/doc':
‘Mulcom.Rmd’
Package has no Sweave vignette sources and no VignetteBuilder field.
* checking examples ... OK
Examples with CPU (user + system) or elapsed time > 5s
user system elapsed
mulInt 5.215 1.357 6.689
mulOpt 4.335 1.105 5.531
* checking PDF version of manual ... OK
* DONE
Status: 1 WARNING, 1 NOTE
See
‘/Users/biocbuild/bbs-3.18-bioc/meat/Mulcom.Rcheck/00check.log’
for details.
Mulcom.Rcheck/00install.out
##############################################################################
##############################################################################
###
### Running command:
###
### /Library/Frameworks/R.framework/Resources/bin/R CMD INSTALL Mulcom
###
##############################################################################
##############################################################################
* installing to library ‘/Library/Frameworks/R.framework/Versions/4.3-x86_64/Resources/library’
* installing *source* package ‘Mulcom’ ...
** using staged installation
** libs
using C++ compiler: ‘Apple clang version 14.0.0 (clang-1400.0.29.202)’
using SDK: ‘MacOSX11.3.sdk’
clang++ -arch x86_64 -std=gnu++17 -I"/Library/Frameworks/R.framework/Resources/include" -DNDEBUG -I/opt/R/x86_64/include -fPIC -falign-functions=64 -Wall -g -O2 -c mulLibs.cc -o mulLibs.o
mulLibs.cc:708:17: warning: expression result unused [-Wunused-value]
current_cluster ;
^~~~~~~~~~~~~~~
1 warning generated.
clang++ -arch x86_64 -std=gnu++17 -dynamiclib -Wl,-headerpad_max_install_names -undefined dynamic_lookup -L/Library/Frameworks/R.framework/Resources/lib -L/opt/R/x86_64/lib -o Mulcom.so mulLibs.o -F/Library/Frameworks/R.framework/.. -framework R -Wl,-framework -Wl,CoreFoundation
installing to /Library/Frameworks/R.framework/Versions/4.3-x86_64/Resources/library/00LOCK-Mulcom/00new/Mulcom/libs
** R
** data
** inst
** byte-compile and prepare package for lazy loading
** help
*** installing help indices
** building package indices
** installing vignettes
** testing if installed package can be loaded from temporary location
** checking absolute paths in shared objects and dynamic libraries
** testing if installed package can be loaded from final location
** testing if installed package keeps a record of temporary installation path
* DONE (Mulcom)
Mulcom.Rcheck/Mulcom-Ex.timings
| name | user | system | elapsed | |
| MULCOM-class | 0.285 | 0.016 | 0.303 | |
| MULCOM_P | 0.277 | 0.010 | 0.290 | |
| mulCAND | 0.974 | 0.043 | 1.027 | |
| mulCalc | 0.271 | 0.009 | 0.281 | |
| mulDELTA | 0.216 | 0.006 | 0.224 | |
| mulDiff | 0.982 | 0.038 | 1.031 | |
| mulFSG | 1.039 | 0.041 | 1.092 | |
| mulIndex | 0.218 | 0.013 | 0.235 | |
| mulInt | 5.215 | 1.357 | 6.689 | |
| mulOpt | 4.335 | 1.105 | 5.531 | |
| mulOptPars | 0.893 | 0.027 | 0.929 | |
| mulOptPlot | 1.459 | 0.217 | 1.708 | |
| mulParOpt | 1.392 | 0.188 | 1.596 | |
| mulPerm | 0.962 | 0.045 | 1.015 | |
| mulPermC | 0.192 | 0.004 | 0.198 | |
| mulScores | 0.240 | 0.004 | 0.247 | |