| Back to Multiple platform build/check report for BioC 3.18: simplified long |
|
This page was generated on 2024-03-04 11:37:32 -0500 (Mon, 04 Mar 2024).
| Hostname | OS | Arch (*) | R version | Installed pkgs |
|---|---|---|---|---|
| nebbiolo2 | Linux (Ubuntu 22.04.3 LTS) | x86_64 | 4.3.2 Patched (2023-11-13 r85521) -- "Eye Holes" | 4692 |
| palomino4 | Windows Server 2022 Datacenter | x64 | 4.3.2 (2023-10-31 ucrt) -- "Eye Holes" | 4445 |
| lconway | macOS 12.7.1 Monterey | x86_64 | 4.3.2 Patched (2023-11-01 r85457) -- "Eye Holes" | 4466 |
| Click on any hostname to see more info about the system (e.g. compilers) (*) as reported by 'uname -p', except on Windows and Mac OS X | ||||
| Package 1220/2266 | Hostname | OS / Arch | INSTALL | BUILD | CHECK | BUILD BIN | ||||||||
| MethReg 1.12.0 (landing page) Tiago Silva
| nebbiolo2 | Linux (Ubuntu 22.04.3 LTS) / x86_64 | OK | OK | WARNINGS | |||||||||
| palomino4 | Windows Server 2022 Datacenter / x64 | OK | OK | WARNINGS | OK | |||||||||
| lconway | macOS 12.7.1 Monterey / x86_64 | OK | OK | WARNINGS | OK | |||||||||
| kjohnson1 | macOS 13.6.1 Ventura / arm64 | see weekly results here | ||||||||||||
|
To the developers/maintainers of the MethReg package: - Allow up to 24 hours (and sometimes 48 hours) for your latest push to git@git.bioconductor.org:packages/MethReg.git to reflect on this report. See Troubleshooting Build Report for more information. - Use the following Renviron settings to reproduce errors and warnings. - If 'R CMD check' started to fail recently on the Linux builder(s) over a missing dependency, add the missing dependency to 'Suggests:' in your DESCRIPTION file. See Renviron.bioc for more information. |
| Package: MethReg |
| Version: 1.12.0 |
| Command: /Library/Frameworks/R.framework/Resources/bin/R CMD check --install=check:MethReg.install-out.txt --library=/Library/Frameworks/R.framework/Resources/library --no-vignettes --timings MethReg_1.12.0.tar.gz |
| StartedAt: 2024-03-03 21:42:20 -0500 (Sun, 03 Mar 2024) |
| EndedAt: 2024-03-03 21:49:37 -0500 (Sun, 03 Mar 2024) |
| EllapsedTime: 437.3 seconds |
| RetCode: 0 |
| Status: WARNINGS |
| CheckDir: MethReg.Rcheck |
| Warnings: 1 |
##############################################################################
##############################################################################
###
### Running command:
###
### /Library/Frameworks/R.framework/Resources/bin/R CMD check --install=check:MethReg.install-out.txt --library=/Library/Frameworks/R.framework/Resources/library --no-vignettes --timings MethReg_1.12.0.tar.gz
###
##############################################################################
##############################################################################
* using log directory ‘/Users/biocbuild/bbs-3.18-bioc/meat/MethReg.Rcheck’
* using R version 4.3.2 Patched (2023-11-01 r85457)
* using platform: x86_64-apple-darwin20 (64-bit)
* R was compiled by
Apple clang version 14.0.3 (clang-1403.0.22.14.1)
GNU Fortran (GCC) 12.2.0
* running under: macOS Monterey 12.7.1
* using session charset: UTF-8
* using option ‘--no-vignettes’
* checking for file ‘MethReg/DESCRIPTION’ ... OK
* checking extension type ... Package
* this is package ‘MethReg’ version ‘1.12.0’
* package encoding: UTF-8
* checking package namespace information ... OK
* checking package dependencies ... OK
* checking if this is a source package ... OK
* checking if there is a namespace ... OK
* checking for hidden files and directories ... OK
* checking for portable file names ... OK
* checking for sufficient/correct file permissions ... OK
* checking whether package ‘MethReg’ can be installed ... OK
* checking installed package size ... OK
* checking package directory ... OK
* checking ‘build’ directory ... OK
* checking DESCRIPTION meta-information ... NOTE
Package listed in more than one of Depends, Imports, Suggests, Enhances:
‘downloader’
A package should be listed in only one of these fields.
* checking top-level files ... OK
* checking for left-over files ... OK
* checking index information ... OK
* checking package subdirectories ... OK
* checking R files for non-ASCII characters ... OK
* checking R files for syntax errors ... OK
* checking whether the package can be loaded ... OK
* checking whether the package can be loaded with stated dependencies ... OK
* checking whether the package can be unloaded cleanly ... OK
* checking whether the namespace can be loaded with stated dependencies ... OK
* checking whether the namespace can be unloaded cleanly ... OK
* checking dependencies in R code ... WARNING
Missing or unexported object: ‘downloader::download.file’
* checking S3 generic/method consistency ... OK
* checking replacement functions ... OK
* checking foreign function calls ... OK
* checking R code for possible problems ... NOTE
readRemap2022: no visible binding for global variable ‘biotype’
Undefined global functions or variables:
biotype
* checking Rd files ... OK
* checking Rd metadata ... OK
* checking Rd cross-references ... OK
* checking for missing documentation entries ... OK
* checking for code/documentation mismatches ... OK
* checking Rd \usage sections ... OK
* checking Rd contents ... OK
* checking for unstated dependencies in examples ... OK
* checking contents of ‘data’ directory ... OK
* checking data for non-ASCII characters ... OK
* checking LazyData ... OK
* checking data for ASCII and uncompressed saves ... OK
* checking R/sysdata.rda ... OK
* checking files in ‘vignettes’ ... OK
* checking examples ... OK
Examples with CPU (user + system) or elapsed time > 5s
user system elapsed
create_triplet_distance_based 33.079 3.104 36.680
create_triplet_regulon_based 24.166 1.703 26.196
get_tf_in_region 23.303 1.482 25.103
* checking for unstated dependencies in ‘tests’ ... OK
* checking tests ...
Running ‘testthat.R’
OK
* checking for unstated dependencies in vignettes ... OK
* checking package vignettes in ‘inst/doc’ ... OK
* checking running R code from vignettes ... SKIPPED
* checking re-building of vignette outputs ... SKIPPED
* checking PDF version of manual ... OK
* DONE
Status: 1 WARNING, 2 NOTEs
See
‘/Users/biocbuild/bbs-3.18-bioc/meat/MethReg.Rcheck/00check.log’
for details.
MethReg.Rcheck/00install.out
############################################################################## ############################################################################## ### ### Running command: ### ### /Library/Frameworks/R.framework/Resources/bin/R CMD INSTALL MethReg ### ############################################################################## ############################################################################## * installing to library ‘/Library/Frameworks/R.framework/Versions/4.3-x86_64/Resources/library’ * installing *source* package ‘MethReg’ ... ** using staged installation ** R ** data *** moving datasets to lazyload DB ** inst ** byte-compile and prepare package for lazy loading ** help *** installing help indices ** building package indices ** installing vignettes ** testing if installed package can be loaded from temporary location ** testing if installed package can be loaded from final location ** testing if installed package keeps a record of temporary installation path * DONE (MethReg)
MethReg.Rcheck/tests/testthat.Rout
R version 4.3.2 Patched (2023-11-01 r85457) -- "Eye Holes"
Copyright (C) 2023 The R Foundation for Statistical Computing
Platform: x86_64-apple-darwin20 (64-bit)
R is free software and comes with ABSOLUTELY NO WARRANTY.
You are welcome to redistribute it under certain conditions.
Type 'license()' or 'licence()' for distribution details.
R is a collaborative project with many contributors.
Type 'contributors()' for more information and
'citation()' on how to cite R or R packages in publications.
Type 'demo()' for some demos, 'help()' for on-line help, or
'help.start()' for an HTML browser interface to help.
Type 'q()' to quit R.
> library(testthat)
> library(MethReg)
>
> test_check("MethReg")
| | 0%
|====================================================|100% ~0 s remaining
|====================================================|100% Completed after 0 s
| | 0%
|====================================================|100% ~0 s remaining
|====================================================|100% Completed after 0 s
| | 0%
|====================================================|100% ~0 s remaining
|====================================================|100% Completed after 0 s
| | 0%
|====================================================|100% ~0 s remaining
|====================================================|100% Completed after 0 s
Status freq
1 Regions below threshold 1
2 Regions above threshold 1
Status freq
1 Regions below threshold 1
2 Regions above threshold 1
Status freq
1 Regions below threshold 1
2 Regions above threshold 1
| | 0%
|========================== | 50% ~0 s remaining
|====================================================|100% ~0 s remaining
|====================================================|100% Completed after 0 s
Status freq
1 Genes above threshold 1
2 <NA> 1
| | 0%
|================= |33.33333% ~0 s remaining
|================================== |66.66667% ~0 s remaining
|====================================================|100% ~0 s remaining
|====================================================|100% Completed after 0 s
| | 0%
|========================== | 50% ~0 s remaining
|====================================================|100% ~0 s remaining
|====================================================|100% Completed after 0 s
| | 0%
|================= |33.33333% ~0 s remaining
|================================== |66.66667% ~0 s remaining
|====================================================|100% ~0 s remaining
|====================================================|100% Completed after 0 s
| | 0%
|======= |14.28571% ~0 s remaining
|============== |28.57143% ~0 s remaining
|====================== |42.85714% ~0 s remaining
|============================= |57.14286% ~0 s remaining
|===================================== |71.42857% ~0 s remaining
|============================================ |85.71429% ~0 s remaining
|====================================================|100% ~0 s remaining
|====================================================|100% Completed after 0 s
| | 0%
|====================================================|100% ~0 s remaining
|====================================================|100% Completed after 0 s
| | 0%
|====================================================|100% ~0 s remaining
|====================================================|100% Completed after 0 s
| | 0%
|====================================================|100% ~0 s remaining
|====================================================|100% Completed after 0 s
| | 0%
|====================================================|100% ~0 s remaining
|====================================================|100% Completed after 0 s
[ FAIL 0 | WARN 3 | SKIP 11 | PASS 148 ]
══ Skipped tests (11) ══════════════════════════════════════════════════════════
• On Bioconductor (7): 'test-create_triplet_distance_based.R:2:3',
'test-get_promoter_avg.R:3:5', 'test-get_promoter_avg.R:15:5',
'test-get_promoter_avg.R:30:5', 'test-get_promoter_avg.R:47:5',
'test-plot_interaction_model.R:3:5', 'test-plot_stratified_model.R:3:5'
• On CRAN (2): 'test-get_human_tfs.R:2:5', 'test-get_tf_in_region.R:3:5'
• empty test (2): 'test-get_residuals.R:1:1', 'test-get_tf_in_region.R:16:1'
[ FAIL 0 | WARN 3 | SKIP 11 | PASS 148 ]
>
> proc.time()
user system elapsed
75.195 5.254 82.155
MethReg.Rcheck/MethReg-Ex.timings
| name | user | system | elapsed | |
| cor_dnam_target_gene | 0.050 | 0.008 | 0.058 | |
| cor_tf_target_gene | 0.020 | 0.003 | 0.023 | |
| create_triplet_distance_based | 33.079 | 3.104 | 36.680 | |
| create_triplet_regulon_based | 24.166 | 1.703 | 26.196 | |
| filter_dnam_by_quant_diff | 0.104 | 0.005 | 0.111 | |
| filter_exp_by_quant_mean_FC | 0.843 | 0.064 | 0.915 | |
| get_human_tfs | 0.486 | 0.121 | 0.552 | |
| get_met_probes_info | 0.018 | 0.001 | 0.019 | |
| get_promoter_avg | 0.000 | 0.001 | 0.001 | |
| get_region_target_gene | 3.529 | 0.277 | 3.972 | |
| get_residuals | 0.043 | 0.005 | 0.048 | |
| get_tf_ES | 1.572 | 0.161 | 1.760 | |
| get_tf_in_region | 23.303 | 1.482 | 25.103 | |
| interaction_model | 0.282 | 0.012 | 0.296 | |
| make_dnam_se | 0.086 | 0.002 | 0.089 | |
| make_exp_se | 0.087 | 0.001 | 0.089 | |
| make_granges_from_names | 0.016 | 0.000 | 0.016 | |
| make_names_from_granges | 0.014 | 0.001 | 0.014 | |
| plot_interaction_model | 1.845 | 0.072 | 1.930 | |
| stratified_model | 0.048 | 0.002 | 0.051 | |