| Back to Multiple platform build/check report for BioC 3.18: simplified long |
|
This page was generated on 2024-03-04 11:37:31 -0500 (Mon, 04 Mar 2024).
| Hostname | OS | Arch (*) | R version | Installed pkgs |
|---|---|---|---|---|
| nebbiolo2 | Linux (Ubuntu 22.04.3 LTS) | x86_64 | 4.3.2 Patched (2023-11-13 r85521) -- "Eye Holes" | 4692 |
| palomino4 | Windows Server 2022 Datacenter | x64 | 4.3.2 (2023-10-31 ucrt) -- "Eye Holes" | 4445 |
| lconway | macOS 12.7.1 Monterey | x86_64 | 4.3.2 Patched (2023-11-01 r85457) -- "Eye Holes" | 4466 |
| Click on any hostname to see more info about the system (e.g. compilers) (*) as reported by 'uname -p', except on Windows and Mac OS X | ||||
| Package 1161/2266 | Hostname | OS / Arch | INSTALL | BUILD | CHECK | BUILD BIN | ||||||||
| MatrixRider 1.34.0 (landing page) Elena Grassi
| nebbiolo2 | Linux (Ubuntu 22.04.3 LTS) / x86_64 | OK | OK | WARNINGS | |||||||||
| palomino4 | Windows Server 2022 Datacenter / x64 | OK | OK | OK | OK | |||||||||
| lconway | macOS 12.7.1 Monterey / x86_64 | OK | OK | WARNINGS | OK | |||||||||
| kjohnson1 | macOS 13.6.1 Ventura / arm64 | see weekly results here | ||||||||||||
|
To the developers/maintainers of the MatrixRider package: - Allow up to 24 hours (and sometimes 48 hours) for your latest push to git@git.bioconductor.org:packages/MatrixRider.git to reflect on this report. See Troubleshooting Build Report for more information. - Use the following Renviron settings to reproduce errors and warnings. - If 'R CMD check' started to fail recently on the Linux builder(s) over a missing dependency, add the missing dependency to 'Suggests:' in your DESCRIPTION file. See Renviron.bioc for more information. |
| Package: MatrixRider |
| Version: 1.34.0 |
| Command: /Library/Frameworks/R.framework/Resources/bin/R CMD check --install=check:MatrixRider.install-out.txt --library=/Library/Frameworks/R.framework/Resources/library --no-vignettes --timings MatrixRider_1.34.0.tar.gz |
| StartedAt: 2024-03-03 21:34:56 -0500 (Sun, 03 Mar 2024) |
| EndedAt: 2024-03-03 21:40:15 -0500 (Sun, 03 Mar 2024) |
| EllapsedTime: 318.6 seconds |
| RetCode: 0 |
| Status: WARNINGS |
| CheckDir: MatrixRider.Rcheck |
| Warnings: 1 |
##############################################################################
##############################################################################
###
### Running command:
###
### /Library/Frameworks/R.framework/Resources/bin/R CMD check --install=check:MatrixRider.install-out.txt --library=/Library/Frameworks/R.framework/Resources/library --no-vignettes --timings MatrixRider_1.34.0.tar.gz
###
##############################################################################
##############################################################################
* using log directory ‘/Users/biocbuild/bbs-3.18-bioc/meat/MatrixRider.Rcheck’
* using R version 4.3.2 Patched (2023-11-01 r85457)
* using platform: x86_64-apple-darwin20 (64-bit)
* R was compiled by
Apple clang version 14.0.3 (clang-1403.0.22.14.1)
GNU Fortran (GCC) 12.2.0
* running under: macOS Monterey 12.7.1
* using session charset: UTF-8
* using option ‘--no-vignettes’
* checking for file ‘MatrixRider/DESCRIPTION’ ... OK
* checking extension type ... Package
* this is package ‘MatrixRider’ version ‘1.34.0’
* checking package namespace information ... OK
* checking package dependencies ... OK
* checking if this is a source package ... OK
* checking if there is a namespace ... OK
* checking for hidden files and directories ... OK
* checking for portable file names ... OK
* checking for sufficient/correct file permissions ... OK
* checking whether package ‘MatrixRider’ can be installed ... OK
* used C compiler: ‘Apple clang version 14.0.0 (clang-1400.0.29.202)’
* used SDK: ‘MacOSX11.3.sdk’
* checking installed package size ... OK
* checking package directory ... OK
* checking ‘build’ directory ... OK
* checking DESCRIPTION meta-information ... OK
* checking top-level files ... OK
* checking for left-over files ... OK
* checking index information ... OK
* checking package subdirectories ... OK
* checking R files for non-ASCII characters ... OK
* checking R files for syntax errors ... OK
* checking whether the package can be loaded ... OK
* checking whether the package can be loaded with stated dependencies ... OK
* checking whether the package can be unloaded cleanly ... OK
* checking whether the namespace can be loaded with stated dependencies ... OK
* checking whether the namespace can be unloaded cleanly ... OK
* checking dependencies in R code ... OK
* checking S3 generic/method consistency ... OK
* checking replacement functions ... OK
* checking foreign function calls ... OK
* checking R code for possible problems ... OK
* checking Rd files ... OK
* checking Rd metadata ... OK
* checking Rd cross-references ... OK
* checking for missing documentation entries ... OK
* checking for code/documentation mismatches ... OK
* checking Rd \usage sections ... OK
* checking Rd contents ... OK
* checking for unstated dependencies in examples ... OK
* checking line endings in C/C++/Fortran sources/headers ... OK
* checking compiled code ... WARNING
Note: information on .o files is not available
File ‘/Library/Frameworks/R.framework/Versions/4.3-x86_64/Resources/library/MatrixRider/libs/MatrixRider.so’:
Found ‘___sprintf_chk’, possibly from ‘sprintf’ (C)
Found ‘___vsprintf_chk’, possibly from ‘vsprintf’ (C)
Compiled code should not call entry points which might terminate R nor
write to stdout/stderr instead of to the console, nor use Fortran I/O
nor system RNGs nor [v]sprintf. The detected symbols are linked into
the code but might come from libraries and not actually be called.
See ‘Writing portable packages’ in the ‘Writing R Extensions’ manual.
* checking sizes of PDF files under ‘inst/doc’ ... OK
* checking files in ‘vignettes’ ... OK
* checking examples ... OK
* checking for unstated dependencies in ‘tests’ ... OK
* checking tests ...
Running ‘runTests.R’
OK
* checking for unstated dependencies in vignettes ... OK
* checking package vignettes in ‘inst/doc’ ... OK
* checking running R code from vignettes ... SKIPPED
* checking re-building of vignette outputs ... SKIPPED
* checking PDF version of manual ... OK
* DONE
Status: 1 WARNING
See
‘/Users/biocbuild/bbs-3.18-bioc/meat/MatrixRider.Rcheck/00check.log’
for details.
MatrixRider.Rcheck/00install.out
############################################################################## ############################################################################## ### ### Running command: ### ### /Library/Frameworks/R.framework/Resources/bin/R CMD INSTALL MatrixRider ### ############################################################################## ############################################################################## * installing to library ‘/Library/Frameworks/R.framework/Versions/4.3-x86_64/Resources/library’ * installing *source* package ‘MatrixRider’ ... ** using staged installation ** libs using C compiler: ‘Apple clang version 14.0.0 (clang-1400.0.29.202)’ using SDK: ‘MacOSX11.3.sdk’ clang -arch x86_64 -I"/Library/Frameworks/R.framework/Resources/include" -DNDEBUG -I'/Library/Frameworks/R.framework/Versions/4.3-x86_64/Resources/library/IRanges/include' -I'/Library/Frameworks/R.framework/Versions/4.3-x86_64/Resources/library/XVector/include' -I'/Library/Frameworks/R.framework/Versions/4.3-x86_64/Resources/library/Biostrings/include' -I'/Library/Frameworks/R.framework/Versions/4.3-x86_64/Resources/library/S4Vectors/include' -I/opt/R/x86_64/include -fPIC -falign-functions=64 -Wall -g -O2 -c Biostring_stubs.c -o Biostring_stubs.o clang -arch x86_64 -I"/Library/Frameworks/R.framework/Resources/include" -DNDEBUG -I'/Library/Frameworks/R.framework/Versions/4.3-x86_64/Resources/library/IRanges/include' -I'/Library/Frameworks/R.framework/Versions/4.3-x86_64/Resources/library/XVector/include' -I'/Library/Frameworks/R.framework/Versions/4.3-x86_64/Resources/library/Biostrings/include' -I'/Library/Frameworks/R.framework/Versions/4.3-x86_64/Resources/library/S4Vectors/include' -I/opt/R/x86_64/include -fPIC -falign-functions=64 -Wall -g -O2 -c CuTest.c -o CuTest.o clang -arch x86_64 -I"/Library/Frameworks/R.framework/Resources/include" -DNDEBUG -I'/Library/Frameworks/R.framework/Versions/4.3-x86_64/Resources/library/IRanges/include' -I'/Library/Frameworks/R.framework/Versions/4.3-x86_64/Resources/library/XVector/include' -I'/Library/Frameworks/R.framework/Versions/4.3-x86_64/Resources/library/Biostrings/include' -I'/Library/Frameworks/R.framework/Versions/4.3-x86_64/Resources/library/S4Vectors/include' -I/opt/R/x86_64/include -fPIC -falign-functions=64 -Wall -g -O2 -c R_init_MatrixRider.c -o R_init_MatrixRider.o clang -arch x86_64 -I"/Library/Frameworks/R.framework/Resources/include" -DNDEBUG -I'/Library/Frameworks/R.framework/Versions/4.3-x86_64/Resources/library/IRanges/include' -I'/Library/Frameworks/R.framework/Versions/4.3-x86_64/Resources/library/XVector/include' -I'/Library/Frameworks/R.framework/Versions/4.3-x86_64/Resources/library/Biostrings/include' -I'/Library/Frameworks/R.framework/Versions/4.3-x86_64/Resources/library/S4Vectors/include' -I/opt/R/x86_64/include -fPIC -falign-functions=64 -Wall -g -O2 -c RunCuTest.c -o RunCuTest.o clang -arch x86_64 -I"/Library/Frameworks/R.framework/Resources/include" -DNDEBUG -I'/Library/Frameworks/R.framework/Versions/4.3-x86_64/Resources/library/IRanges/include' -I'/Library/Frameworks/R.framework/Versions/4.3-x86_64/Resources/library/XVector/include' -I'/Library/Frameworks/R.framework/Versions/4.3-x86_64/Resources/library/Biostrings/include' -I'/Library/Frameworks/R.framework/Versions/4.3-x86_64/Resources/library/S4Vectors/include' -I/opt/R/x86_64/include -fPIC -falign-functions=64 -Wall -g -O2 -c XVector_stubs.c -o XVector_stubs.o clang -arch x86_64 -I"/Library/Frameworks/R.framework/Resources/include" -DNDEBUG -I'/Library/Frameworks/R.framework/Versions/4.3-x86_64/Resources/library/IRanges/include' -I'/Library/Frameworks/R.framework/Versions/4.3-x86_64/Resources/library/XVector/include' -I'/Library/Frameworks/R.framework/Versions/4.3-x86_64/Resources/library/Biostrings/include' -I'/Library/Frameworks/R.framework/Versions/4.3-x86_64/Resources/library/S4Vectors/include' -I/opt/R/x86_64/include -fPIC -falign-functions=64 -Wall -g -O2 -c matrix_rider.c -o matrix_rider.o clang -arch x86_64 -dynamiclib -Wl,-headerpad_max_install_names -undefined dynamic_lookup -L/Library/Frameworks/R.framework/Resources/lib -L/opt/R/x86_64/lib -o MatrixRider.so Biostring_stubs.o CuTest.o R_init_MatrixRider.o RunCuTest.o XVector_stubs.o matrix_rider.o -F/Library/Frameworks/R.framework/.. -framework R -Wl,-framework -Wl,CoreFoundation installing to /Library/Frameworks/R.framework/Versions/4.3-x86_64/Resources/library/00LOCK-MatrixRider/00new/MatrixRider/libs ** R ** inst ** byte-compile and prepare package for lazy loading ** help *** installing help indices ** building package indices ** installing vignettes ** testing if installed package can be loaded from temporary location ** checking absolute paths in shared objects and dynamic libraries ** testing if installed package can be loaded from final location ** testing if installed package keeps a record of temporary installation path * DONE (MatrixRider)
MatrixRider.Rcheck/tests/runTests.Rout
R version 4.3.2 Patched (2023-11-01 r85457) -- "Eye Holes"
Copyright (C) 2023 The R Foundation for Statistical Computing
Platform: x86_64-apple-darwin20 (64-bit)
R is free software and comes with ABSOLUTELY NO WARRANTY.
You are welcome to redistribute it under certain conditions.
Type 'license()' or 'licence()' for distribution details.
R is a collaborative project with many contributors.
Type 'contributors()' for more information and
'citation()' on how to cite R or R packages in publications.
Type 'demo()' for some demos, 'help()' for on-line help, or
'help.start()' for an HTML browser interface to help.
Type 'q()' to quit R.
> BiocGenerics:::testPackage("MatrixRider")
Loading required package: BiocGenerics
Attaching package: 'BiocGenerics'
The following objects are masked from 'package:stats':
IQR, mad, sd, var, xtabs
The following objects are masked from 'package:base':
Filter, Find, Map, Position, Reduce, anyDuplicated, aperm, append,
as.data.frame, basename, cbind, colnames, dirname, do.call,
duplicated, eval, evalq, get, grep, grepl, intersect, is.unsorted,
lapply, mapply, match, mget, order, paste, pmax, pmax.int, pmin,
pmin.int, rank, rbind, rownames, sapply, setdiff, sort, table,
tapply, union, unique, unsplit, which.max, which.min
Loading required package: S4Vectors
Loading required package: stats4
Attaching package: 'S4Vectors'
The following object is masked from 'package:utils':
findMatches
The following objects are masked from 'package:base':
I, expand.grid, unname
Loading required package: IRanges
Loading required package: XVector
Loading required package: GenomeInfoDb
Attaching package: 'Biostrings'
The following object is masked from 'package:base':
strsplit
RUNIT TEST PROTOCOL -- Sun Mar 3 21:40:06 2024
***********************************************
Number of test functions: 6
Number of errors: 0
Number of failures: 0
1 Test Suite :
MatrixRider RUnit Tests - 6 test functions, 0 errors, 0 failures
Number of test functions: 6
Number of errors: 0
Number of failures: 0
>
> proc.time()
user system elapsed
18.517 1.077 19.797
MatrixRider.Rcheck/MatrixRider-Ex.timings
| name | user | system | elapsed | |
| MatrixRider-package | 0.266 | 0.028 | 0.305 | |
| getSeqOccupancy-method | 0.222 | 0.021 | 0.248 | |