| Back to Multiple platform build/check report for BioC 3.18: simplified long |
|
This page was generated on 2024-03-04 11:37:34 -0500 (Mon, 04 Mar 2024).
| Hostname | OS | Arch (*) | R version | Installed pkgs |
|---|---|---|---|---|
| nebbiolo2 | Linux (Ubuntu 22.04.3 LTS) | x86_64 | 4.3.2 Patched (2023-11-13 r85521) -- "Eye Holes" | 4692 |
| palomino4 | Windows Server 2022 Datacenter | x64 | 4.3.2 (2023-10-31 ucrt) -- "Eye Holes" | 4445 |
| lconway | macOS 12.7.1 Monterey | x86_64 | 4.3.2 Patched (2023-11-01 r85457) -- "Eye Holes" | 4466 |
| Click on any hostname to see more info about the system (e.g. compilers) (*) as reported by 'uname -p', except on Windows and Mac OS X | ||||
| Package 1297/2266 | Hostname | OS / Arch | INSTALL | BUILD | CHECK | BUILD BIN | ||||||||
| MOFA2 1.12.1 (landing page) Ricard Argelaguet
| nebbiolo2 | Linux (Ubuntu 22.04.3 LTS) / x86_64 | OK | OK | WARNINGS | |||||||||
| palomino4 | Windows Server 2022 Datacenter / x64 | OK | OK | WARNINGS | OK | |||||||||
| lconway | macOS 12.7.1 Monterey / x86_64 | OK | OK | WARNINGS | OK | |||||||||
| kjohnson1 | macOS 13.6.1 Ventura / arm64 | see weekly results here | ||||||||||||
|
To the developers/maintainers of the MOFA2 package: - Allow up to 24 hours (and sometimes 48 hours) for your latest push to git@git.bioconductor.org:packages/MOFA2.git to reflect on this report. See Troubleshooting Build Report for more information. - Use the following Renviron settings to reproduce errors and warnings. - If 'R CMD check' started to fail recently on the Linux builder(s) over a missing dependency, add the missing dependency to 'Suggests:' in your DESCRIPTION file. See Renviron.bioc for more information. |
| Package: MOFA2 |
| Version: 1.12.1 |
| Command: /Library/Frameworks/R.framework/Resources/bin/R CMD check --install=check:MOFA2.install-out.txt --library=/Library/Frameworks/R.framework/Resources/library --no-vignettes --timings MOFA2_1.12.1.tar.gz |
| StartedAt: 2024-03-03 21:55:29 -0500 (Sun, 03 Mar 2024) |
| EndedAt: 2024-03-03 21:59:32 -0500 (Sun, 03 Mar 2024) |
| EllapsedTime: 243.3 seconds |
| RetCode: 0 |
| Status: WARNINGS |
| CheckDir: MOFA2.Rcheck |
| Warnings: 1 |
##############################################################################
##############################################################################
###
### Running command:
###
### /Library/Frameworks/R.framework/Resources/bin/R CMD check --install=check:MOFA2.install-out.txt --library=/Library/Frameworks/R.framework/Resources/library --no-vignettes --timings MOFA2_1.12.1.tar.gz
###
##############################################################################
##############################################################################
* using log directory ‘/Users/biocbuild/bbs-3.18-bioc/meat/MOFA2.Rcheck’
* using R version 4.3.2 Patched (2023-11-01 r85457)
* using platform: x86_64-apple-darwin20 (64-bit)
* R was compiled by
Apple clang version 14.0.3 (clang-1403.0.22.14.1)
GNU Fortran (GCC) 12.2.0
* running under: macOS Monterey 12.7.1
* using session charset: UTF-8
* using option ‘--no-vignettes’
* checking for file ‘MOFA2/DESCRIPTION’ ... OK
* checking extension type ... Package
* this is package ‘MOFA2’ version ‘1.12.1’
* package encoding: UTF-8
* checking package namespace information ... OK
* checking package dependencies ... OK
* checking if this is a source package ... OK
* checking if there is a namespace ... OK
* checking for hidden files and directories ... OK
* checking for portable file names ... OK
* checking for sufficient/correct file permissions ... OK
* checking whether package ‘MOFA2’ can be installed ... NOTE
Found the following notes/warnings:
Non-staged installation was used
See ‘/Users/biocbuild/bbs-3.18-bioc/meat/MOFA2.Rcheck/00install.out’ for details.
* checking installed package size ... OK
* checking package directory ... OK
* checking ‘build’ directory ... OK
* checking DESCRIPTION meta-information ... OK
* checking top-level files ... OK
* checking for left-over files ... OK
* checking index information ... OK
* checking package subdirectories ... OK
* checking R files for non-ASCII characters ... OK
* checking R files for syntax errors ... OK
* checking whether the package can be loaded ... OK
* checking whether the package can be loaded with stated dependencies ... OK
* checking whether the package can be unloaded cleanly ... OK
* checking whether the namespace can be loaded with stated dependencies ... OK
* checking whether the namespace can be unloaded cleanly ... OK
* checking dependencies in R code ... OK
* checking S3 generic/method consistency ... OK
* checking replacement functions ... OK
* checking foreign function calls ... OK
* checking R code for possible problems ... NOTE
.plot_factors_vs_cov_1d: no visible binding for global variable
‘value.factor’
.plot_factors_vs_cov_1d: no visible binding for global variable
‘value_scaled’
.plot_factors_vs_cov_1d: no visible binding for global variable
‘value.covariate’
.plot_factors_vs_cov_1d: no visible binding for global variable ‘value’
.plot_factors_vs_cov_2d: no visible binding for global variable
‘value.factor’
.set_xax: no visible binding for global variable ‘value’
add_mofa_factors_to_seurat: no visible global function definition for
‘CreateDimReducObject’
create_mofa_from_SingleCellExperiment: no visible global function
definition for ‘colData’
get_interpolated_factors: no visible binding for global variable ‘L1’
get_interpolated_factors: no visible binding for global variable ‘L2’
get_interpolated_factors: no visible binding for global variable
‘value’
get_interpolated_factors: no visible binding for global variable
‘covariate’
get_interpolated_factors: no visible binding for global variable
‘covariate_value’
get_interpolated_factors: no visible binding for global variable
‘sample_id’
interpolate_factors: no visible binding for global variable ‘.’
plot_alignment: no visible binding for global variable ‘group’
plot_alignment: no visible binding for global variable ‘value.warped’
plot_alignment: no visible binding for global variable
‘value.unaligned’
plot_contribution_scores: no visible binding for global variable ‘view’
plot_data_overview: no visible binding for global variable ‘view’
plot_data_overview: no visible binding for global variable ‘ptotal’
plot_data_overview: no visible binding for global variable ‘ntotal’
plot_data_overview: no visible binding for global variable ‘group’
plot_data_overview: no visible binding for global variable
‘group_label’
plot_dimred: no visible binding for global variable ‘.’
plot_enrichment_detailed: no visible binding for global variable
‘pathway’
plot_enrichment_detailed: no visible binding for global variable
‘feature.statistic’
plot_factors_vs_cov: no visible binding for global variable ‘E2’
plot_factors_vs_cov: no visible binding for global variable ‘value’
plot_interpolation_vs_covariate: no visible binding for global variable
‘variance’
plot_interpolation_vs_covariate: no visible binding for global variable
‘group’
plot_interpolation_vs_covariate: no visible binding for global variable
‘value.covariate’
plot_interpolation_vs_covariate: no visible binding for global variable
‘value.factor’
plot_interpolation_vs_covariate: no visible binding for global variable
‘ymin’
plot_interpolation_vs_covariate: no visible binding for global variable
‘ymax’
plot_sharedness: no visible binding for global variable ‘sharedness’
plot_sharedness: no visible binding for global variable ‘value’
plot_smoothness: no visible binding for global variable ‘value’
plot_smoothness: no visible binding for global variable ‘smoothness’
plot_top_weights: no visible binding for global variable ‘value’
plot_weights: no visible binding for global variable ‘value’
plot_weights: no visible binding for global variable ‘.’
summarise_factors: no visible binding for global variable ‘value’
summarise_factors: no visible binding for global variable ‘level’
summarise_factors: no visible binding for global variable ‘group’
Undefined global functions or variables:
. CreateDimReducObject E2 L1 L2 colData covariate covariate_value
feature.statistic group group_label level ntotal pathway ptotal
sample_id sharedness smoothness value value.covariate value.factor
value.unaligned value.warped value_scaled variance view ymax ymin
* checking Rd files ... OK
* checking Rd metadata ... OK
* checking Rd cross-references ... NOTE
Package unavailable to check Rd xrefs: ‘PCGSE’
* checking for missing documentation entries ... OK
* checking for code/documentation mismatches ... WARNING
Codoc mismatches from documentation object 'create_mofa_from_Seurat':
create_mofa_from_Seurat
Code: function(seurat, groups = NULL, assays = NULL, layer = "data",
features = NULL, extract_metadata = FALSE)
Docs: function(seurat, groups = NULL, assays = NULL, slot =
"scale.data", features = NULL, extract_metadata =
FALSE)
Argument names in code not in docs:
layer
Argument names in docs not in code:
slot
Mismatches in argument names:
Position: 4 Code: layer Docs: slot
* checking Rd \usage sections ... OK
* checking Rd contents ... OK
* checking for unstated dependencies in examples ... OK
* checking line endings in shell scripts ... OK
* checking files in ‘vignettes’ ... OK
* checking examples ... OK
* checking for unstated dependencies in ‘tests’ ... OK
* checking tests ...
Running ‘testthat.R’
OK
* checking for unstated dependencies in vignettes ... OK
* checking package vignettes in ‘inst/doc’ ... OK
* checking running R code from vignettes ... SKIPPED
* checking re-building of vignette outputs ... SKIPPED
* checking PDF version of manual ... OK
* DONE
Status: 1 WARNING, 3 NOTEs
See
‘/Users/biocbuild/bbs-3.18-bioc/meat/MOFA2.Rcheck/00check.log’
for details.
MOFA2.Rcheck/00install.out
############################################################################## ############################################################################## ### ### Running command: ### ### /Library/Frameworks/R.framework/Resources/bin/R CMD INSTALL MOFA2 ### ############################################################################## ############################################################################## * installing to library ‘/Library/Frameworks/R.framework/Versions/4.3-x86_64/Resources/library’ * installing *source* package ‘MOFA2’ ... ** using non-staged installation via StagedInstall field ** R ** inst ** byte-compile and prepare package for lazy loading Creating a generic function for ‘rownames’ from package ‘base’ in package ‘MOFA2’ Creating a generic function for ‘colnames’ from package ‘base’ in package ‘MOFA2’ Creating a generic function for ‘nrow’ from package ‘base’ in package ‘MOFA2’ Creating a generic function for ‘ncol’ from package ‘base’ in package ‘MOFA2’ Creating a generic function for ‘rownames<-’ from package ‘base’ in package ‘MOFA2’ Creating a generic function for ‘colnames<-’ from package ‘base’ in package ‘MOFA2’ ** help *** installing help indices ** building package indices ** installing vignettes ** testing if installed package can be loaded * DONE (MOFA2)
MOFA2.Rcheck/tests/testthat.Rout
R version 4.3.2 Patched (2023-11-01 r85457) -- "Eye Holes"
Copyright (C) 2023 The R Foundation for Statistical Computing
Platform: x86_64-apple-darwin20 (64-bit)
R is free software and comes with ABSOLUTELY NO WARRANTY.
You are welcome to redistribute it under certain conditions.
Type 'license()' or 'licence()' for distribution details.
R is a collaborative project with many contributors.
Type 'contributors()' for more information and
'citation()' on how to cite R or R packages in publications.
Type 'demo()' for some demos, 'help()' for on-line help, or
'help.start()' for an HTML browser interface to help.
Type 'q()' to quit R.
> library(testthat)
> library(MOFA2)
Attaching package: 'MOFA2'
The following object is masked from 'package:stats':
predict
>
> test_check("MOFA2")
single_group
100
____________
| |
view_0 1000 | 100% |
|____________|
____________
| |
view_1 1000 | 100% |
|____________|
[ FAIL 0 | WARN 2 | SKIP 0 | PASS 25 ]
[ FAIL 0 | WARN 2 | SKIP 0 | PASS 25 ]
>
> # setwd("/Users/rargelaguet/mofa/MOFA2/tests/testthat")
>
> proc.time()
user system elapsed
14.035 0.881 15.019
MOFA2.Rcheck/MOFA2-Ex.timings
| name | user | system | elapsed | |
| add_mofa_factors_to_seurat | 0.005 | 0.000 | 0.006 | |
| calculate_contribution_scores | 0.241 | 0.031 | 0.279 | |
| calculate_variance_explained | 2.214 | 0.138 | 2.368 | |
| calculate_variance_explained_per_sample | 0.681 | 0.031 | 0.717 | |
| cluster_samples | 0.157 | 0.011 | 0.170 | |
| compare_elbo | 0.306 | 0.023 | 0.332 | |
| compare_factors | 0.370 | 0.024 | 0.397 | |
| covariates_names | 0.219 | 0.018 | 0.243 | |
| create_mofa | 0.580 | 0.049 | 0.640 | |
| create_mofa_from_df | 1.114 | 0.057 | 1.180 | |
| create_mofa_from_matrix | 0.012 | 0.000 | 0.013 | |
| factors_names | 0.165 | 0.011 | 0.178 | |
| features_metadata | 0.196 | 0.042 | 0.239 | |
| features_names | 0.172 | 0.028 | 0.201 | |
| get_covariates | 0.223 | 0.018 | 0.246 | |
| get_data | 0.503 | 0.037 | 0.545 | |
| get_default_data_options | 1.088 | 0.048 | 1.142 | |
| get_default_mefisto_options | 0.171 | 0.017 | 0.188 | |
| get_default_model_options | 1.088 | 0.047 | 1.141 | |
| get_default_stochastic_options | 0.575 | 0.033 | 0.610 | |
| get_default_training_options | 0.566 | 0.046 | 0.615 | |
| get_dimensions | 0.149 | 0.010 | 0.161 | |
| get_elbo | 0.159 | 0.010 | 0.175 | |
| get_expectations | 0.622 | 0.033 | 0.658 | |
| get_factors | 0.150 | 0.011 | 0.163 | |
| get_imputed_data | 0.145 | 0.012 | 0.157 | |
| get_lengthscales | 0.205 | 0.018 | 0.224 | |
| get_scales | 0.205 | 0.019 | 0.224 | |
| get_variance_explained | 0.126 | 0.013 | 0.140 | |
| get_weights | 0.201 | 0.031 | 0.245 | |
| groups_names | 0.151 | 0.012 | 0.165 | |
| impute | 0.159 | 0.013 | 0.172 | |
| interpolate_factors | 0.175 | 0.010 | 0.187 | |
| load_model | 0.145 | 0.023 | 0.168 | |
| make_example_data | 0.002 | 0.000 | 0.002 | |
| plot_ascii_data | 0.155 | 0.013 | 0.175 | |
| plot_data_heatmap | 0.199 | 0.014 | 0.215 | |
| plot_data_overview | 0.400 | 0.017 | 0.422 | |
| plot_data_scatter | 1.663 | 0.057 | 1.733 | |
| plot_data_vs_cov | 0.555 | 0.018 | 0.576 | |
| plot_dimred | 4.050 | 0.094 | 4.155 | |
| plot_factor | 1.764 | 0.040 | 1.822 | |
| plot_factor_cor | 0.165 | 0.014 | 0.181 | |
| plot_factors | 0.927 | 0.025 | 0.958 | |
| plot_factors_vs_cov | 0.485 | 0.017 | 0.504 | |
| plot_group_kernel | 0.365 | 0.015 | 0.383 | |
| plot_interpolation_vs_covariate | 0.600 | 0.020 | 0.625 | |
| plot_smoothness | 0.231 | 0.015 | 0.248 | |
| plot_top_weights | 1.210 | 0.043 | 1.303 | |
| plot_variance_explained | 1.855 | 0.038 | 1.908 | |
| plot_variance_explained_by_covariates | 1.393 | 0.037 | 1.441 | |
| plot_variance_explained_per_feature | 0.447 | 0.015 | 0.466 | |
| plot_weights | 3.045 | 0.073 | 3.139 | |
| plot_weights_heatmap | 0.349 | 0.026 | 0.378 | |
| plot_weights_scatter | 0.422 | 0.017 | 0.443 | |
| predict | 0.158 | 0.010 | 0.169 | |
| prepare_mofa | 0.564 | 0.027 | 0.593 | |
| run_mofa | 0.647 | 0.064 | 0.723 | |
| run_tsne | 0.168 | 0.014 | 0.183 | |
| run_umap | 0.157 | 0.011 | 0.170 | |
| samples_metadata | 0.159 | 0.014 | 0.175 | |
| samples_names | 0.181 | 0.026 | 0.211 | |
| set_covariates | 0.037 | 0.001 | 0.038 | |
| subset_factors | 0.189 | 0.014 | 0.206 | |
| subset_groups | 0.179 | 0.013 | 0.195 | |
| subset_samples | 0.200 | 0.022 | 0.228 | |
| subset_views | 0.165 | 0.012 | 0.178 | |
| views_names | 0.155 | 0.010 | 0.166 | |