| Back to Multiple platform build/check report for BioC 3.18: simplified long |
|
This page was generated on 2024-03-04 11:37:31 -0500 (Mon, 04 Mar 2024).
| Hostname | OS | Arch (*) | R version | Installed pkgs |
|---|---|---|---|---|
| nebbiolo2 | Linux (Ubuntu 22.04.3 LTS) | x86_64 | 4.3.2 Patched (2023-11-13 r85521) -- "Eye Holes" | 4692 |
| palomino4 | Windows Server 2022 Datacenter | x64 | 4.3.2 (2023-10-31 ucrt) -- "Eye Holes" | 4445 |
| lconway | macOS 12.7.1 Monterey | x86_64 | 4.3.2 Patched (2023-11-01 r85457) -- "Eye Holes" | 4466 |
| Click on any hostname to see more info about the system (e.g. compilers) (*) as reported by 'uname -p', except on Windows and Mac OS X | ||||
| Package 1185/2266 | Hostname | OS / Arch | INSTALL | BUILD | CHECK | BUILD BIN | ||||||||
Jose A. Egea
| nebbiolo2 | Linux (Ubuntu 22.04.3 LTS) / x86_64 | OK | ERROR | skipped | |||||||||
| palomino4 | Windows Server 2022 Datacenter / x64 | OK | ERROR | skipped | skipped | |||||||||
| lconway | macOS 12.7.1 Monterey / x86_64 | OK | ERROR | skipped | skipped | |||||||||
| kjohnson1 | macOS 13.6.1 Ventura / arm64 | see weekly results here | ||||||||||||
|
To the developers/maintainers of the MEIGOR package: - Allow up to 24 hours (and sometimes 48 hours) for your latest push to git@git.bioconductor.org:packages/MEIGOR.git to reflect on this report. See Troubleshooting Build Report for more information. - Use the following Renviron settings to reproduce errors and warnings. - If 'R CMD check' started to fail recently on the Linux builder(s) over a missing dependency, add the missing dependency to 'Suggests:' in your DESCRIPTION file. See Renviron.bioc for more information. |
| Package: MEIGOR |
| Version: 1.36.0 |
| Command: /Library/Frameworks/R.framework/Resources/bin/R CMD build --keep-empty-dirs --no-resave-data MEIGOR |
| StartedAt: 2024-03-03 17:17:06 -0500 (Sun, 03 Mar 2024) |
| EndedAt: 2024-03-03 17:17:58 -0500 (Sun, 03 Mar 2024) |
| EllapsedTime: 52.0 seconds |
| RetCode: 1 |
| Status: ERROR |
| PackageFile: None |
| PackageFileSize: NA |
##############################################################################
##############################################################################
###
### Running command:
###
### /Library/Frameworks/R.framework/Resources/bin/R CMD build --keep-empty-dirs --no-resave-data MEIGOR
###
##############################################################################
##############################################################################
* checking for file ‘MEIGOR/DESCRIPTION’ ... OK
* preparing ‘MEIGOR’:
* checking DESCRIPTION meta-information ... OK
* installing the package to build vignettes
* creating vignettes ... ERROR
--- re-building ‘MEIGOR-vignette.Rnw’ using knitr
Error: processing vignette 'MEIGOR-vignette.Rnw' failed with diagnostics:
Running 'texi2dvi' on 'MEIGOR-vignette.tex' failed.
BibTeX errors:
The top-level auxiliary file: MEIGOR-vignette.aux
The style file: abbrvnat.bst
Database file #1: MEIGO_refs.bib
Repeated entry---line 493 of file MEIGO_refs.bib
: @article{Egea_et_al:10
: ,
I'm skipping whatever remains of this entry
Repeated entry---line 515 of file MEIGO_refs.bib
: @article{Egea_et_al:09
: ,
I'm skipping whatever remains of this entry
--- failed re-building ‘MEIGOR-vignette.Rnw’
SUMMARY: processing the following file failed:
‘MEIGOR-vignette.Rnw’
Error: Vignette re-building failed.
Execution halted