| Back to Multiple platform build/check report for BioC 3.18: simplified long |
|
This page was generated on 2024-03-04 11:37:25 -0500 (Mon, 04 Mar 2024).
| Hostname | OS | Arch (*) | R version | Installed pkgs |
|---|---|---|---|---|
| nebbiolo2 | Linux (Ubuntu 22.04.3 LTS) | x86_64 | 4.3.2 Patched (2023-11-13 r85521) -- "Eye Holes" | 4692 |
| palomino4 | Windows Server 2022 Datacenter | x64 | 4.3.2 (2023-10-31 ucrt) -- "Eye Holes" | 4445 |
| lconway | macOS 12.7.1 Monterey | x86_64 | 4.3.2 Patched (2023-11-01 r85457) -- "Eye Holes" | 4466 |
| Click on any hostname to see more info about the system (e.g. compilers) (*) as reported by 'uname -p', except on Windows and Mac OS X | ||||
| Package 928/2266 | Hostname | OS / Arch | INSTALL | BUILD | CHECK | BUILD BIN | ||||||||
| GWENA 1.12.0 (landing page) Gwenaëlle Lemoine
| nebbiolo2 | Linux (Ubuntu 22.04.3 LTS) / x86_64 | OK | OK | WARNINGS | |||||||||
| palomino4 | Windows Server 2022 Datacenter / x64 | OK | OK | WARNINGS | OK | |||||||||
| lconway | macOS 12.7.1 Monterey / x86_64 | OK | OK | WARNINGS | OK | |||||||||
| kjohnson1 | macOS 13.6.1 Ventura / arm64 | see weekly results here | ||||||||||||
|
To the developers/maintainers of the GWENA package: - Allow up to 24 hours (and sometimes 48 hours) for your latest push to git@git.bioconductor.org:packages/GWENA.git to reflect on this report. See Troubleshooting Build Report for more information. - Use the following Renviron settings to reproduce errors and warnings. - If 'R CMD check' started to fail recently on the Linux builder(s) over a missing dependency, add the missing dependency to 'Suggests:' in your DESCRIPTION file. See Renviron.bioc for more information. |
| Package: GWENA |
| Version: 1.12.0 |
| Command: /Library/Frameworks/R.framework/Resources/bin/R CMD check --install=check:GWENA.install-out.txt --library=/Library/Frameworks/R.framework/Resources/library --no-vignettes --timings GWENA_1.12.0.tar.gz |
| StartedAt: 2024-03-03 21:05:27 -0500 (Sun, 03 Mar 2024) |
| EndedAt: 2024-03-03 21:14:46 -0500 (Sun, 03 Mar 2024) |
| EllapsedTime: 559.1 seconds |
| RetCode: 0 |
| Status: WARNINGS |
| CheckDir: GWENA.Rcheck |
| Warnings: 2 |
##############################################################################
##############################################################################
###
### Running command:
###
### /Library/Frameworks/R.framework/Resources/bin/R CMD check --install=check:GWENA.install-out.txt --library=/Library/Frameworks/R.framework/Resources/library --no-vignettes --timings GWENA_1.12.0.tar.gz
###
##############################################################################
##############################################################################
* using log directory ‘/Users/biocbuild/bbs-3.18-bioc/meat/GWENA.Rcheck’
* using R version 4.3.2 Patched (2023-11-01 r85457)
* using platform: x86_64-apple-darwin20 (64-bit)
* R was compiled by
Apple clang version 14.0.3 (clang-1403.0.22.14.1)
GNU Fortran (GCC) 12.2.0
* running under: macOS Monterey 12.7.1
* using session charset: UTF-8
* using option ‘--no-vignettes’
* checking for file ‘GWENA/DESCRIPTION’ ... OK
* this is package ‘GWENA’ version ‘1.12.0’
* package encoding: UTF-8
* checking package namespace information ... OK
* checking package dependencies ... OK
* checking if this is a source package ... OK
* checking if there is a namespace ... OK
* checking for hidden files and directories ... OK
* checking for portable file names ... OK
* checking for sufficient/correct file permissions ... OK
* checking whether package ‘GWENA’ can be installed ... WARNING
Found the following significant warnings:
Warning: bad markup (extra space?) at compare_conditions.Rd:91:72
Warning: bad markup (extra space?) at compare_conditions.Rd:96:77
Warning: bad markup (extra space?) at compare_conditions.Rd:98:74
Warning: bad markup (extra space?) at compare_conditions.Rd:100:69
See ‘/Users/biocbuild/bbs-3.18-bioc/meat/GWENA.Rcheck/00install.out’ for details.
* checking installed package size ... OK
* checking package directory ... OK
* checking ‘build’ directory ... OK
* checking DESCRIPTION meta-information ... OK
* checking top-level files ... OK
* checking for left-over files ... OK
* checking index information ... OK
* checking package subdirectories ... NOTE
Problems with news in ‘NEWS.md’:
No news entries found.
* checking R files for non-ASCII characters ... OK
* checking R files for syntax errors ... OK
* checking whether the package can be loaded ... OK
* checking whether the package can be loaded with stated dependencies ... OK
* checking whether the package can be unloaded cleanly ... OK
* checking whether the namespace can be loaded with stated dependencies ... OK
* checking whether the namespace can be unloaded cleanly ... OK
* checking dependencies in R code ... OK
* checking S3 generic/method consistency ... OK
* checking replacement functions ... OK
* checking foreign function calls ... OK
* checking R code for possible problems ... OK
* checking Rd files ... WARNING
prepare_Rd: bad markup (extra space?) at compare_conditions.Rd:91:72
prepare_Rd: bad markup (extra space?) at compare_conditions.Rd:96:77
prepare_Rd: bad markup (extra space?) at compare_conditions.Rd:98:74
prepare_Rd: bad markup (extra space?) at compare_conditions.Rd:100:69
* checking Rd metadata ... OK
* checking Rd cross-references ... OK
* checking for missing documentation entries ... OK
* checking for code/documentation mismatches ... OK
* checking Rd \usage sections ... OK
* checking Rd contents ... OK
* checking for unstated dependencies in examples ... OK
* checking contents of ‘data’ directory ... OK
* checking data for non-ASCII characters ... OK
* checking LazyData ... OK
* checking data for ASCII and uncompressed saves ... OK
* checking files in ‘vignettes’ ... OK
* checking examples ... OK
Examples with CPU (user + system) or elapsed time > 5s
user system elapsed
z_summary 12.982 0.192 15.267
compare_conditions 8.229 0.131 9.392
plot_enrichment 1.405 0.125 7.974
bio_enrich 0.770 0.029 12.671
* checking for unstated dependencies in ‘tests’ ... OK
* checking tests ...
Running ‘testthat.R’
OK
* checking for unstated dependencies in vignettes ... OK
* checking package vignettes in ‘inst/doc’ ... OK
* checking running R code from vignettes ... SKIPPED
* checking re-building of vignette outputs ... SKIPPED
* checking PDF version of manual ... OK
* DONE
Status: 2 WARNINGs, 1 NOTE
See
‘/Users/biocbuild/bbs-3.18-bioc/meat/GWENA.Rcheck/00check.log’
for details.
GWENA.Rcheck/00install.out
############################################################################## ############################################################################## ### ### Running command: ### ### /Library/Frameworks/R.framework/Resources/bin/R CMD INSTALL GWENA ### ############################################################################## ############################################################################## * installing to library ‘/Library/Frameworks/R.framework/Versions/4.3-x86_64/Resources/library’ * installing *source* package ‘GWENA’ ... ** using staged installation ** R ** data *** moving datasets to lazyload DB ** inst ** byte-compile and prepare package for lazy loading ** help Warning: bad markup (extra space?) at compare_conditions.Rd:91:72 Warning: bad markup (extra space?) at compare_conditions.Rd:96:77 Warning: bad markup (extra space?) at compare_conditions.Rd:98:74 Warning: bad markup (extra space?) at compare_conditions.Rd:100:69 *** installing help indices ** building package indices ** installing vignettes ** testing if installed package can be loaded from temporary location ** testing if installed package can be loaded from final location ** testing if installed package keeps a record of temporary installation path * DONE (GWENA)
GWENA.Rcheck/tests/testthat.Rout
R version 4.3.2 Patched (2023-11-01 r85457) -- "Eye Holes"
Copyright (C) 2023 The R Foundation for Statistical Computing
Platform: x86_64-apple-darwin20 (64-bit)
R is free software and comes with ABSOLUTELY NO WARRANTY.
You are welcome to redistribute it under certain conditions.
Type 'license()' or 'licence()' for distribution details.
R is a collaborative project with many contributors.
Type 'contributors()' for more information and
'citation()' on how to cite R or R packages in publications.
Type 'demo()' for some demos, 'help()' for on-line help, or
'help.start()' for an HTML browser interface to help.
Type 'q()' to quit R.
> library(testthat)
> library(GWENA)
>
> test_check("GWENA")
[ FAIL 0 | WARN 0 | SKIP 0 | PASS 278 ]
>
> proc.time()
user system elapsed
364.314 6.413 253.063
GWENA.Rcheck/GWENA-Ex.timings
| name | user | system | elapsed | |
| associate_phenotype | 0.030 | 0.006 | 0.035 | |
| bio_enrich | 0.770 | 0.029 | 12.671 | |
| build_graph_from_sq_mat | 0.121 | 0.002 | 0.124 | |
| build_net | 2.384 | 0.042 | 2.438 | |
| compare_conditions | 8.229 | 0.131 | 9.392 | |
| detect_modules | 1.589 | 0.043 | 1.645 | |
| filter_RNA_seq | 0.001 | 0.000 | 0.001 | |
| filter_low_var | 0.013 | 0.000 | 0.014 | |
| get_fit.cor | 0.817 | 0.010 | 0.834 | |
| get_fit.expr | 0.786 | 0.008 | 0.798 | |
| get_hub_degree | 0.088 | 0.002 | 0.091 | |
| get_hub_genes | 0.001 | 0.001 | 0.001 | |
| get_hub_high_co | 0.001 | 0.000 | 0.000 | |
| get_hub_kleinberg | 0.184 | 0.004 | 0.189 | |
| get_sub_clusters | 1.661 | 0.029 | 1.701 | |
| is_data_expr | 0.000 | 0.000 | 0.001 | |
| is_gost | 0.028 | 0.004 | 3.291 | |
| is_module | 0.000 | 0.000 | 0.001 | |
| is_network | 0 | 0 | 0 | |
| join_gost | 0.025 | 0.005 | 1.057 | |
| plot_comparison_stats | 0.247 | 0.011 | 0.262 | |
| plot_enrichment | 1.405 | 0.125 | 7.974 | |
| plot_expression_profiles | 2.458 | 0.061 | 2.529 | |
| plot_module | 0.127 | 0.005 | 0.133 | |
| plot_modules_merge | 1.813 | 0.033 | 1.855 | |
| plot_modules_phenotype | 0.462 | 0.004 | 0.468 | |
| z_summary | 12.982 | 0.192 | 15.267 | |