| Back to Multiple platform build/check report for BioC 3.18: simplified long |
|
This page was generated on 2024-04-17 11:35:56 -0400 (Wed, 17 Apr 2024).
| Hostname | OS | Arch (*) | R version | Installed pkgs |
|---|---|---|---|---|
| nebbiolo2 | Linux (Ubuntu 22.04.3 LTS) | x86_64 | 4.3.3 (2024-02-29) -- "Angel Food Cake" | 4676 |
| palomino4 | Windows Server 2022 Datacenter | x64 | 4.3.3 (2024-02-29 ucrt) -- "Angel Food Cake" | 4414 |
| merida1 | macOS 12.7.1 Monterey | x86_64 | 4.3.3 (2024-02-29) -- "Angel Food Cake" | 4437 |
| Click on any hostname to see more info about the system (e.g. compilers) (*) as reported by 'uname -p', except on Windows and Mac OS X | ||||
| Package 679/2266 | Hostname | OS / Arch | INSTALL | BUILD | CHECK | BUILD BIN | ||||||||
| ExperimentHub 2.10.0 (landing page) Bioconductor Package Maintainer
| nebbiolo2 | Linux (Ubuntu 22.04.3 LTS) / x86_64 | OK | OK | WARNINGS | |||||||||
| palomino4 | Windows Server 2022 Datacenter / x64 | OK | OK | WARNINGS | OK | |||||||||
| merida1 | macOS 12.7.1 Monterey / x86_64 | OK | OK | WARNINGS | OK | |||||||||
| kjohnson1 | macOS 13.6.1 Ventura / arm64 | see weekly results here | ||||||||||||
|
To the developers/maintainers of the ExperimentHub package: - Allow up to 24 hours (and sometimes 48 hours) for your latest push to git@git.bioconductor.org:packages/ExperimentHub.git to reflect on this report. See Troubleshooting Build Report for more information. - Use the following Renviron settings to reproduce errors and warnings. - If 'R CMD check' started to fail recently on the Linux builder(s) over a missing dependency, add the missing dependency to 'Suggests:' in your DESCRIPTION file. See Renviron.bioc for more information. |
| Package: ExperimentHub |
| Version: 2.10.0 |
| Command: /home/biocbuild/bbs-3.18-bioc/R/bin/R CMD check --install=check:ExperimentHub.install-out.txt --library=/home/biocbuild/bbs-3.18-bioc/R/site-library --timings ExperimentHub_2.10.0.tar.gz |
| StartedAt: 2024-04-15 22:40:38 -0400 (Mon, 15 Apr 2024) |
| EndedAt: 2024-04-15 22:43:09 -0400 (Mon, 15 Apr 2024) |
| EllapsedTime: 150.6 seconds |
| RetCode: 0 |
| Status: WARNINGS |
| CheckDir: ExperimentHub.Rcheck |
| Warnings: 1 |
##############################################################################
##############################################################################
###
### Running command:
###
### /home/biocbuild/bbs-3.18-bioc/R/bin/R CMD check --install=check:ExperimentHub.install-out.txt --library=/home/biocbuild/bbs-3.18-bioc/R/site-library --timings ExperimentHub_2.10.0.tar.gz
###
##############################################################################
##############################################################################
* using log directory ‘/home/biocbuild/bbs-3.18-bioc/meat/ExperimentHub.Rcheck’
* using R version 4.3.3 (2024-02-29)
* using platform: x86_64-pc-linux-gnu (64-bit)
* R was compiled by
gcc (Ubuntu 11.4.0-1ubuntu1~22.04) 11.4.0
GNU Fortran (Ubuntu 11.4.0-1ubuntu1~22.04) 11.4.0
* running under: Ubuntu 22.04.4 LTS
* using session charset: UTF-8
* checking for file ‘ExperimentHub/DESCRIPTION’ ... OK
* checking extension type ... Package
* this is package ‘ExperimentHub’ version ‘2.10.0’
* checking package namespace information ... OK
* checking package dependencies ... OK
* checking if this is a source package ... OK
* checking if there is a namespace ... OK
* checking for hidden files and directories ... OK
* checking for portable file names ... OK
* checking for sufficient/correct file permissions ... OK
* checking whether package ‘ExperimentHub’ can be installed ... OK
* checking installed package size ... OK
* checking package directory ... OK
* checking ‘build’ directory ... OK
* checking DESCRIPTION meta-information ... OK
* checking top-level files ... OK
* checking for left-over files ... OK
* checking index information ... OK
* checking package subdirectories ... OK
* checking R files for non-ASCII characters ... OK
* checking R files for syntax errors ... OK
* checking whether the package can be loaded ... OK
* checking whether the package can be loaded with stated dependencies ... OK
* checking whether the package can be unloaded cleanly ... OK
* checking whether the namespace can be loaded with stated dependencies ... OK
* checking whether the namespace can be unloaded cleanly ... OK
* checking loading without being on the library search path ... OK
* checking startup messages can be suppressed ... OK
* checking dependencies in R code ... OK
* checking S3 generic/method consistency ... OK
* checking replacement functions ... OK
* checking foreign function calls ... OK
* checking R code for possible problems ... OK
* checking Rd files ... WARNING
checkRd: (5) ExperimentHub-class.Rd:74-87: \item in \describe must have non-empty label
checkRd: (5) ExperimentHub-class.Rd:96-99: \item in \describe must have non-empty label
checkRd: (5) ExperimentHub-class.Rd:100-103: \item in \describe must have non-empty label
checkRd: (5) ExperimentHub-class.Rd:104-107: \item in \describe must have non-empty label
checkRd: (5) ExperimentHub-class.Rd:108-112: \item in \describe must have non-empty label
checkRd: (5) ExperimentHub-class.Rd:113-119: \item in \describe must have non-empty label
checkRd: (5) ExperimentHub-class.Rd:120-124: \item in \describe must have non-empty label
checkRd: (5) ExperimentHub-class.Rd:125-130: \item in \describe must have non-empty label
checkRd: (5) ExperimentHub-class.Rd:131-165: \item in \describe must have non-empty label
checkRd: (5) ExperimentHub-class.Rd:173-177: \item in \describe must have non-empty label
checkRd: (5) ExperimentHub-class.Rd:178-182: \item in \describe must have non-empty label
checkRd: (5) ExperimentHub-class.Rd:183-189: \item in \describe must have non-empty label
checkRd: (5) ExperimentHub-class.Rd:190-211: \item in \describe must have non-empty label
checkRd: (5) ExperimentHub-class.Rd:212-220: \item in \describe must have non-empty label
checkRd: (5) ExperimentHub-class.Rd:221-225: \item in \describe must have non-empty label
checkRd: (5) ExperimentHub-class.Rd:226-230: \item in \describe must have non-empty label
checkRd: (5) ExperimentHub-class.Rd:237-241: \item in \describe must have non-empty label
checkRd: (5) ExperimentHub-class.Rd:242-246: \item in \describe must have non-empty label
checkRd: (5) ExperimentHub-class.Rd:247-258: \item in \describe must have non-empty label
checkRd: (5) ExperimentHub-class.Rd:259-262: \item in \describe must have non-empty label
checkRd: (5) ExperimentHub-class.Rd:263-266: \item in \describe must have non-empty label
checkRd: (5) ExperimentHub-class.Rd:267-274: \item in \describe must have non-empty label
checkRd: (5) ExperimentHub-class.Rd:275-282: \item in \describe must have non-empty label
checkRd: (5) ExperimentHub-class.Rd:283-288: \item in \describe must have non-empty label
checkRd: (5) ExperimentHub-class.Rd:295-299: \item in \describe must have non-empty label
checkRd: (5) ExperimentHub-class.Rd:300-304: \item in \describe must have non-empty label
* checking Rd metadata ... OK
* checking Rd cross-references ... OK
* checking for missing documentation entries ... OK
* checking for code/documentation mismatches ... OK
* checking Rd \usage sections ... OK
* checking Rd contents ... OK
* checking for unstated dependencies in examples ... OK
* checking files in ‘vignettes’ ... OK
* checking examples ... OK
* checking for unstated dependencies in vignettes ... OK
* checking package vignettes in ‘inst/doc’ ... OK
* checking running R code from vignettes ...
‘ExperimentHub.Rmd’ using ‘UTF-8’... OK
OK
* checking re-building of vignette outputs ... OK
* checking PDF version of manual ... OK
* DONE
Status: 1 WARNING
See
‘/home/biocbuild/bbs-3.18-bioc/meat/ExperimentHub.Rcheck/00check.log’
for details.
ExperimentHub.Rcheck/00install.out
############################################################################## ############################################################################## ### ### Running command: ### ### /home/biocbuild/bbs-3.18-bioc/R/bin/R CMD INSTALL ExperimentHub ### ############################################################################## ############################################################################## * installing to library ‘/home/biocbuild/bbs-3.18-bioc/R/site-library’ * installing *source* package ‘ExperimentHub’ ... ** using staged installation ** R ** byte-compile and prepare package for lazy loading ** help *** installing help indices ** building package indices ** installing vignettes ** testing if installed package can be loaded from temporary location ** testing if installed package can be loaded from final location ** testing if installed package keeps a record of temporary installation path * DONE (ExperimentHub)
ExperimentHub.Rcheck/ExperimentHub-Ex.timings
| name | user | system | elapsed | |
| ExperimentHub-class | 1.880 | 0.471 | 2.662 | |
| getExperimentHubOption | 0.001 | 0.000 | 0.000 | |
| listResources | 0 | 0 | 0 | |