| Back to Multiple platform build/check report for BioC 3.18: simplified long |
|
This page was generated on 2024-03-04 11:37:12 -0500 (Mon, 04 Mar 2024).
| Hostname | OS | Arch (*) | R version | Installed pkgs |
|---|---|---|---|---|
| nebbiolo2 | Linux (Ubuntu 22.04.3 LTS) | x86_64 | 4.3.2 Patched (2023-11-13 r85521) -- "Eye Holes" | 4692 |
| palomino4 | Windows Server 2022 Datacenter | x64 | 4.3.2 (2023-10-31 ucrt) -- "Eye Holes" | 4445 |
| lconway | macOS 12.7.1 Monterey | x86_64 | 4.3.2 Patched (2023-11-01 r85457) -- "Eye Holes" | 4466 |
| Click on any hostname to see more info about the system (e.g. compilers) (*) as reported by 'uname -p', except on Windows and Mac OS X | ||||
| Package 344/2266 | Hostname | OS / Arch | INSTALL | BUILD | CHECK | BUILD BIN | ||||||||
| ChromSCape 1.12.0 (landing page) Pacome Prompsy
| nebbiolo2 | Linux (Ubuntu 22.04.3 LTS) / x86_64 | OK | OK | WARNINGS | |||||||||
| palomino4 | Windows Server 2022 Datacenter / x64 | OK | OK | WARNINGS | OK | |||||||||
| lconway | macOS 12.7.1 Monterey / x86_64 | OK | OK | WARNINGS | OK | |||||||||
| kjohnson1 | macOS 13.6.1 Ventura / arm64 | see weekly results here | ||||||||||||
|
To the developers/maintainers of the ChromSCape package: - Allow up to 24 hours (and sometimes 48 hours) for your latest push to git@git.bioconductor.org:packages/ChromSCape.git to reflect on this report. See Troubleshooting Build Report for more information. - Use the following Renviron settings to reproduce errors and warnings. - If 'R CMD check' started to fail recently on the Linux builder(s) over a missing dependency, add the missing dependency to 'Suggests:' in your DESCRIPTION file. See Renviron.bioc for more information. |
| Package: ChromSCape |
| Version: 1.12.0 |
| Command: /Library/Frameworks/R.framework/Resources/bin/R CMD check --install=check:ChromSCape.install-out.txt --library=/Library/Frameworks/R.framework/Resources/library --no-vignettes --timings ChromSCape_1.12.0.tar.gz |
| StartedAt: 2024-03-03 19:37:02 -0500 (Sun, 03 Mar 2024) |
| EndedAt: 2024-03-03 19:52:09 -0500 (Sun, 03 Mar 2024) |
| EllapsedTime: 906.4 seconds |
| RetCode: 0 |
| Status: WARNINGS |
| CheckDir: ChromSCape.Rcheck |
| Warnings: 4 |
##############################################################################
##############################################################################
###
### Running command:
###
### /Library/Frameworks/R.framework/Resources/bin/R CMD check --install=check:ChromSCape.install-out.txt --library=/Library/Frameworks/R.framework/Resources/library --no-vignettes --timings ChromSCape_1.12.0.tar.gz
###
##############################################################################
##############################################################################
* using log directory ‘/Users/biocbuild/bbs-3.18-bioc/meat/ChromSCape.Rcheck’
* using R version 4.3.2 Patched (2023-11-01 r85457)
* using platform: x86_64-apple-darwin20 (64-bit)
* R was compiled by
Apple clang version 14.0.3 (clang-1403.0.22.14.1)
GNU Fortran (GCC) 12.2.0
* running under: macOS Monterey 12.7.1
* using session charset: UTF-8
* using option ‘--no-vignettes’
* checking for file ‘ChromSCape/DESCRIPTION’ ... OK
* this is package ‘ChromSCape’ version ‘1.12.0’
* package encoding: UTF-8
* checking package namespace information ... OK
* checking package dependencies ... OK
* checking if this is a source package ... OK
* checking if there is a namespace ... OK
* checking for hidden files and directories ... NOTE
Found the following hidden files and directories:
.BBSoptions
These were most likely included in error. See section ‘Package
structure’ in the ‘Writing R Extensions’ manual.
* checking for portable file names ... OK
* checking for sufficient/correct file permissions ... OK
* checking whether package ‘ChromSCape’ can be installed ... OK
* used C++ compiler: ‘Apple clang version 14.0.0 (clang-1400.0.29.202)’
* used SDK: ‘MacOSX11.3.sdk’
* checking installed package size ... OK
* checking package directory ... OK
* checking ‘build’ directory ... OK
* checking DESCRIPTION meta-information ... OK
* checking top-level files ... OK
* checking for left-over files ... OK
* checking index information ... OK
* checking package subdirectories ... OK
* checking R files for non-ASCII characters ... OK
* checking R files for syntax errors ... OK
* checking whether the package can be loaded ... OK
* checking whether the package can be loaded with stated dependencies ... OK
* checking whether the package can be unloaded cleanly ... OK
* checking whether the namespace can be loaded with stated dependencies ... OK
* checking whether the namespace can be unloaded cleanly ... OK
* checking startup messages can be suppressed ... OK
* checking dependencies in R code ... WARNING
'library' or 'require' call not declared from: ‘dplyr’
'library' or 'require' call to ‘dplyr’ in package code.
Please use :: or requireNamespace() instead.
See section 'Suggested packages' in the 'Writing R Extensions' manual.
* checking S3 generic/method consistency ... OK
* checking replacement functions ... OK
* checking foreign function calls ... OK
* checking R code for possible problems ... NOTE
bams_to_matrix_indexes: no visible binding for global variable
‘files_dir_list’
enrich_TF_ChEA3_genes: no visible binding for global variable
‘CheA3_TF_nTargets’
filter_correlated_cell_scExp: no visible binding for global variable
‘run_tsne’
generate_analysis: no visible global function definition for ‘head’
generate_analysis: no visible binding for global variable ‘k’
generate_analysis: no visible binding for global variable
‘clusterConsensus’
get_most_variable_cyto: no visible binding for global variable
‘cytoBand’
get_most_variable_cyto: no visible binding for global variable
‘Fri_cyto’
num_cell_after_QC_filt_scExp: no visible binding for global variable
‘sample_id’
num_cell_after_QC_filt_scExp: no visible binding for global variable
‘total_counts’
num_cell_scExp: no visible binding for global variable ‘sample_id’
num_cell_scExp: no visible binding for global variable ‘total_counts’
plot_correlation_PCA_scExp: no visible binding for global variable
‘Component’
plot_coverage_BigWig: no visible binding for global variable ‘molecule’
plot_coverage_BigWig: no visible binding for global variable
‘orientation’
plot_coverage_BigWig: no visible binding for global variable ‘Gene’
plot_gain_or_loss_barplots: no visible binding for global variable
‘Gain_or_Loss’
plot_gain_or_loss_barplots: no visible binding for global variable
‘ncells’
plot_gain_or_loss_barplots: no visible binding for global variable
‘cytoBand’
plot_most_contributing_features: no visible binding for global variable
‘genes’
plot_percent_active_feature_scExp: no visible binding for global
variable ‘group’
plot_percent_active_feature_scExp: no visible binding for global
variable ‘percent_active’
plot_pie_most_contributing_chr: no visible binding for global variable
‘absolute_value’
plot_reduced_dim_scExp: no visible binding for global variable ‘V1’
plot_reduced_dim_scExp: no visible binding for global variable ‘V2’
plot_reduced_dim_scExp: no visible binding for global variable
‘cluster’
plot_top_TF_scExp: no visible binding for global variable ‘TF’
rebin_helper: no visible binding for global variable ‘new_row’
rebin_helper: no visible binding for global variable ‘origin_value’
rebin_matrix: no visible binding for global variable ‘group’
subset_bam_call_peaks: no visible binding for global variable
‘merged_bam’
Undefined global functions or variables:
CheA3_TF_nTargets Component Fri_cyto Gain_or_Loss Gene TF V1 V2
absolute_value cluster clusterConsensus cytoBand files_dir_list genes
group head k merged_bam molecule ncells new_row orientation
origin_value percent_active run_tsne sample_id total_counts
Consider adding
importFrom("utils", "head")
to your NAMESPACE file.
* checking Rd files ... NOTE
prepare_Rd: raw_counts_to_sparse_matrix.Rd:6-8: Dropping empty section \source
* checking Rd metadata ... OK
* checking Rd cross-references ... OK
* checking for missing documentation entries ... OK
* checking for code/documentation mismatches ... WARNING
Codoc mismatches from documentation object 'generate_analysis':
generate_analysis
Code: function(input_data_folder, analysis_name = "Analysis_1",
output_directory = "./", input_data_type = c("scBED",
"DenseMatrix", "SparseMatrix", "scBAM")[1],
feature_count_on = c("bins", "genebody", "peaks")[1],
feature_count_parameter = 50000, rebin_sparse_matrix =
FALSE, ref_genome = c("hg38", "mm10")[1], run =
c("filter", "CNA", "cluster", "consensus", "coverage",
"DA", "GSA", "report")[c(1, 3, 5, 6, 7, 8)],
min_reads_per_cell = 1000, max_quantile_read_per_cell
= 99, n_top_features = 40000, norm_type = "CPM",
subsample_n = NULL, exclude_regions = NULL, n_clust =
NULL, corr_threshold = 99, percent_correlation = 1,
maxK = 10, qval.th = 0.1, logFC.th = 1,
enrichment_qval = 0.1, doBatchCorr = FALSE, batch_sels
= NULL, control_samples_CNA = NULL, genes_to_plot =
c("Krt8", "Krt5", "Tgfb1", "Foxq1", "Cdkn2b",
"Cdkn2a", "chr7:15000000-20000000"))
Docs: function(input_data_folder, analysis_name = "Analysis_1",
output_directory = "./", input_data_type = c("scBED",
"DenseMatrix", "SparseMatrix", "scBAM")[1],
rebin_sparse_matrix = FALSE, feature_count_on =
c("bins", "genebody", "peaks")[1],
feature_count_parameter = 50000, ref_genome =
c("hg38", "mm10")[1], run = c("filter", "CNA",
"cluster", "consensus", "peak_call", "coverage", "DA",
"GSA", "report")[c(1, 3, 6, 7, 8, 9)],
min_reads_per_cell = 1000, max_quantile_read_per_cell
= 99, n_top_features = 40000, norm_type = "CPM",
subsample_n = NULL, exclude_regions = NULL, n_clust =
NULL, corr_threshold = 99, percent_correlation = 1,
maxK = 10, qval.th = 0.1, logFC.th = 1,
enrichment_qval = 0.1, doBatchCorr = FALSE, batch_sels
= NULL, control_samples_CNA = NULL, genes_to_plot =
c("Krt8", "Krt5", "Tgfb1", "Foxq1", "Cdkn2b",
"Cdkn2a", "chr7:15000000-20000000"))
Mismatches in argument names:
Position: 5 Code: feature_count_on Docs: rebin_sparse_matrix
Position: 6 Code: feature_count_parameter Docs: feature_count_on
Position: 7 Code: rebin_sparse_matrix Docs: feature_count_parameter
Mismatches in argument default values:
Name: 'run'
Code: c("filter", "CNA", "cluster", "consensus", "coverage", "DA",
"GSA", "report")[c(1, 3, 5, 6, 7, 8)]
Docs: c("filter", "CNA", "cluster", "consensus", "peak_call", "coverage",
"DA", "GSA", "report")[c(1, 3, 6, 7, 8, 9)]
* checking Rd \usage sections ... WARNING
Undocumented arguments in documentation object 'rebin_matrix'
‘rebin_function’
Functions with \usage entries need to have the appropriate \alias
entries, and all their arguments documented.
The \usage entries must correspond to syntactically valid R code.
See chapter ‘Writing R documentation files’ in the ‘Writing R
Extensions’ manual.
* checking Rd contents ... OK
* checking for unstated dependencies in examples ... OK
* checking contents of ‘data’ directory ... OK
* checking data for non-ASCII characters ... OK
* checking data for ASCII and uncompressed saves ... OK
* checking line endings in C/C++/Fortran sources/headers ... OK
* checking compiled code ... NOTE
Note: information on .o files is not available
* checking files in ‘vignettes’ ... OK
* checking examples ... WARNING
Found the following significant warnings:
Warning: 'as(<matrix>, "dspMatrix")' is deprecated.
Deprecated functions may be defunct as soon as of the next release of
R.
See ?Deprecated.
Examples with CPU (user + system) or elapsed time > 5s
user system elapsed
plot_gain_or_loss_barplots 56.624 0.701 58.284
get_pathway_mat_scExp 39.839 5.888 46.486
calculate_CNA 30.909 3.081 34.929
calculate_cyto_mat 28.805 1.662 31.166
calculate_gain_or_loss 28.975 0.755 30.133
plot_reduced_dim_scExp_CNA 27.798 0.344 28.561
get_most_variable_cyto 27.467 0.516 28.403
calculate_logRatio_CNA 26.216 0.900 27.535
get_cyto_features 24.418 0.381 25.254
num_cell_after_cor_filt_scExp 11.106 0.514 11.797
filter_correlated_cell_scExp 10.281 0.521 10.939
preprocessing_filtering_and_reduction 8.908 0.230 9.274
create_scDataset_raw 8.490 0.590 9.469
CompareedgeRGLM 6.980 0.559 7.681
import_scExp 6.754 0.497 7.358
CompareWilcox 6.319 0.670 6.492
differential_activation 6.534 0.090 6.739
rebin_matrix 6.326 0.105 24.362
enrich_TF_ChEA3_scExp 1.254 0.112 5.133
enrich_TF_ChEA3_genes 0.615 0.204 5.195
* checking for unstated dependencies in ‘tests’ ... OK
* checking tests ...
Running ‘testthat.R’
OK
* checking for unstated dependencies in vignettes ... OK
* checking package vignettes in ‘inst/doc’ ... OK
* checking running R code from vignettes ... SKIPPED
* checking re-building of vignette outputs ... SKIPPED
* checking PDF version of manual ... OK
* DONE
Status: 4 WARNINGs, 4 NOTEs
See
‘/Users/biocbuild/bbs-3.18-bioc/meat/ChromSCape.Rcheck/00check.log’
for details.
ChromSCape.Rcheck/00install.out
############################################################################## ############################################################################## ### ### Running command: ### ### /Library/Frameworks/R.framework/Resources/bin/R CMD INSTALL ChromSCape ### ############################################################################## ############################################################################## * installing to library ‘/Library/Frameworks/R.framework/Versions/4.3-x86_64/Resources/library’ * installing *source* package ‘ChromSCape’ ... ** using staged installation ** libs using C++ compiler: ‘Apple clang version 14.0.0 (clang-1400.0.29.202)’ using SDK: ‘MacOSX11.3.sdk’ clang++ -arch x86_64 -std=gnu++17 -I"/Library/Frameworks/R.framework/Resources/include" -DNDEBUG -I'/Library/Frameworks/R.framework/Versions/4.3-x86_64/Resources/library/Rcpp/include' -I/opt/R/x86_64/include -fPIC -falign-functions=64 -Wall -g -O2 -c RcppExports.cpp -o RcppExports.o clang++ -arch x86_64 -std=gnu++17 -I"/Library/Frameworks/R.framework/Resources/include" -DNDEBUG -I'/Library/Frameworks/R.framework/Versions/4.3-x86_64/Resources/library/Rcpp/include' -I/opt/R/x86_64/include -fPIC -falign-functions=64 -Wall -g -O2 -c as_dist.cpp -o as_dist.o clang++ -arch x86_64 -std=gnu++17 -dynamiclib -Wl,-headerpad_max_install_names -undefined dynamic_lookup -L/Library/Frameworks/R.framework/Resources/lib -L/opt/R/x86_64/lib -o ChromSCape.so RcppExports.o as_dist.o -F/Library/Frameworks/R.framework/.. -framework R -Wl,-framework -Wl,CoreFoundation installing to /Library/Frameworks/R.framework/Versions/4.3-x86_64/Resources/library/00LOCK-ChromSCape/00new/ChromSCape/libs ** R ** data ** inst ** byte-compile and prepare package for lazy loading ** help *** installing help indices ** building package indices ** installing vignettes ** testing if installed package can be loaded from temporary location ** checking absolute paths in shared objects and dynamic libraries ** testing if installed package can be loaded from final location ** testing if installed package keeps a record of temporary installation path * DONE (ChromSCape)
ChromSCape.Rcheck/tests/testthat.Rout
R version 4.3.2 Patched (2023-11-01 r85457) -- "Eye Holes"
Copyright (C) 2023 The R Foundation for Statistical Computing
Platform: x86_64-apple-darwin20 (64-bit)
R is free software and comes with ABSOLUTELY NO WARRANTY.
You are welcome to redistribute it under certain conditions.
Type 'license()' or 'licence()' for distribution details.
R is a collaborative project with many contributors.
Type 'contributors()' for more information and
'citation()' on how to cite R or R packages in publications.
Type 'demo()' for some demos, 'help()' for on-line help, or
'help.start()' for an HTML browser interface to help.
Type 'q()' to quit R.
> library(testthat)
> library(ChromSCape)
>
> test_check("ChromSCape")
[ FAIL 0 | WARN 2 | SKIP 0 | PASS 11 ]
[ FAIL 0 | WARN 2 | SKIP 0 | PASS 11 ]
>
> proc.time()
user system elapsed
42.078 3.716 46.394
ChromSCape.Rcheck/ChromSCape-Ex.timings
| name | user | system | elapsed | |
| CheA3_TF_nTargets | 0.010 | 0.003 | 0.013 | |
| CompareWilcox | 6.319 | 0.670 | 6.492 | |
| CompareedgeRGLM | 6.980 | 0.559 | 7.681 | |
| annotToCol2 | 1.252 | 0.056 | 1.359 | |
| calculate_CNA | 30.909 | 3.081 | 34.929 | |
| calculate_cyto_mat | 28.805 | 1.662 | 31.166 | |
| calculate_gain_or_loss | 28.975 | 0.755 | 30.133 | |
| calculate_logRatio_CNA | 26.216 | 0.900 | 27.535 | |
| choose_cluster_scExp | 3.876 | 0.653 | 4.620 | |
| colors_scExp | 0.459 | 0.014 | 0.487 | |
| consensus_clustering_scExp | 3.465 | 0.632 | 4.191 | |
| correlation_and_hierarchical_clust_scExp | 0.411 | 0.010 | 0.425 | |
| create_project_folder | 0.002 | 0.002 | 0.005 | |
| create_scDataset_raw | 8.490 | 0.590 | 9.469 | |
| create_scExp | 1.659 | 0.131 | 1.825 | |
| define_feature | 0.172 | 0.004 | 0.176 | |
| detect_samples | 1.102 | 0.041 | 1.151 | |
| differential_activation | 6.534 | 0.090 | 6.739 | |
| differential_analysis_scExp | 3.351 | 0.042 | 3.436 | |
| enrich_TF_ChEA3_genes | 0.615 | 0.204 | 5.195 | |
| enrich_TF_ChEA3_scExp | 1.254 | 0.112 | 5.133 | |
| exclude_features_scExp | 0.753 | 0.017 | 0.787 | |
| feature_annotation_scExp | 1.988 | 0.127 | 2.142 | |
| filter_correlated_cell_scExp | 10.281 | 0.521 | 10.939 | |
| filter_scExp | 0.903 | 0.035 | 0.959 | |
| find_clusters_louvain_scExp | 0.531 | 0.267 | 0.697 | |
| find_top_features | 0.467 | 0.057 | 0.534 | |
| gene_set_enrichment_analysis_scExp | 0.304 | 0.016 | 0.323 | |
| generate_analysis | 0.000 | 0.000 | 0.001 | |
| generate_coverage_tracks | 0.000 | 0.001 | 0.001 | |
| generate_report | 0 | 0 | 0 | |
| getExperimentNames | 0.337 | 0.018 | 0.358 | |
| getMainExperiment | 0.395 | 0.024 | 0.424 | |
| get_cyto_features | 24.418 | 0.381 | 25.254 | |
| get_genomic_coordinates | 0.690 | 0.026 | 0.725 | |
| get_most_variable_cyto | 27.467 | 0.516 | 28.403 | |
| get_pathway_mat_scExp | 39.839 | 5.888 | 46.486 | |
| has_genomic_coordinates | 1.126 | 0.025 | 1.174 | |
| import_scExp | 6.754 | 0.497 | 7.358 | |
| inter_correlation_scExp | 0.468 | 0.027 | 0.503 | |
| intra_correlation_scExp | 0.466 | 0.024 | 0.494 | |
| launchApp | 0.001 | 0.000 | 0.000 | |
| normalize_scExp | 0.681 | 0.032 | 0.719 | |
| num_cell_after_QC_filt_scExp | 0.813 | 0.078 | 0.902 | |
| num_cell_after_cor_filt_scExp | 11.106 | 0.514 | 11.797 | |
| num_cell_before_cor_filt_scExp | 0.292 | 0.017 | 0.313 | |
| num_cell_in_cluster_scExp | 0.540 | 0.023 | 0.573 | |
| num_cell_scExp | 0.591 | 0.024 | 0.622 | |
| plot_cluster_consensus_scExp | 1.169 | 0.089 | 1.273 | |
| plot_correlation_PCA_scExp | 1.372 | 0.030 | 1.434 | |
| plot_coverage_BigWig | 0.282 | 0.012 | 0.296 | |
| plot_differential_summary_scExp | 0.300 | 0.011 | 0.313 | |
| plot_differential_volcano_scExp | 0.354 | 0.019 | 0.374 | |
| plot_distribution_scExp | 0.530 | 0.017 | 0.553 | |
| plot_gain_or_loss_barplots | 56.624 | 0.701 | 58.284 | |
| plot_heatmap_scExp | 0.415 | 0.019 | 0.440 | |
| plot_inter_correlation_scExp | 0.755 | 0.019 | 0.785 | |
| plot_intra_correlation_scExp | 0.669 | 0.020 | 0.703 | |
| plot_most_contributing_features | 0.538 | 0.017 | 0.563 | |
| plot_percent_active_feature_scExp | 2.268 | 0.044 | 2.329 | |
| plot_pie_most_contributing_chr | 0.401 | 0.013 | 0.418 | |
| plot_reduced_dim_scExp | 3.205 | 0.055 | 3.338 | |
| plot_reduced_dim_scExp_CNA | 27.798 | 0.344 | 28.561 | |
| plot_top_TF_scExp | 0.683 | 0.032 | 0.727 | |
| plot_violin_feature_scExp | 2.315 | 0.044 | 2.379 | |
| preprocess_CPM | 0.609 | 0.037 | 0.653 | |
| preprocess_RPKM | 0.721 | 0.069 | 0.800 | |
| preprocess_TFIDF | 0.697 | 0.044 | 0.757 | |
| preprocess_TPM | 0.746 | 0.059 | 0.823 | |
| preprocess_feature_size_only | 0.606 | 0.030 | 0.639 | |
| preprocessing_filtering_and_reduction | 8.908 | 0.230 | 9.274 | |
| read_sparse_matrix | 0 | 0 | 0 | |
| rebin_matrix | 6.326 | 0.105 | 24.362 | |
| reduce_dims_scExp | 2.046 | 0.065 | 2.130 | |
| scExp | 1.189 | 0.041 | 1.253 | |
| subsample_scExp | 0.955 | 0.041 | 1.014 | |
| subset_bam_call_peaks | 0.000 | 0.000 | 0.001 | |
| summary_DA | 0.303 | 0.012 | 0.326 | |
| swapAltExp_sameColData | 0.406 | 0.017 | 0.433 | |
| table_enriched_genes_scExp | 0.292 | 0.009 | 0.307 | |
| wrapper_Signac_FeatureMatrix | 0 | 0 | 0 | |