| Back to Multiple platform build/check report for BioC 3.18: simplified long |
|
This page was generated on 2024-03-04 11:37:11 -0500 (Mon, 04 Mar 2024).
| Hostname | OS | Arch (*) | R version | Installed pkgs |
|---|---|---|---|---|
| nebbiolo2 | Linux (Ubuntu 22.04.3 LTS) | x86_64 | 4.3.2 Patched (2023-11-13 r85521) -- "Eye Holes" | 4692 |
| palomino4 | Windows Server 2022 Datacenter | x64 | 4.3.2 (2023-10-31 ucrt) -- "Eye Holes" | 4445 |
| lconway | macOS 12.7.1 Monterey | x86_64 | 4.3.2 Patched (2023-11-01 r85457) -- "Eye Holes" | 4466 |
| Click on any hostname to see more info about the system (e.g. compilers) (*) as reported by 'uname -p', except on Windows and Mac OS X | ||||
| Package 267/2266 | Hostname | OS / Arch | INSTALL | BUILD | CHECK | BUILD BIN | ||||||||
| CancerSubtypes 1.28.0 (landing page) Taosheng Xu
| nebbiolo2 | Linux (Ubuntu 22.04.3 LTS) / x86_64 | OK | OK | ERROR | |||||||||
| palomino4 | Windows Server 2022 Datacenter / x64 | OK | OK | WARNINGS | OK | |||||||||
| lconway | macOS 12.7.1 Monterey / x86_64 | OK | OK | WARNINGS | OK | |||||||||
| kjohnson1 | macOS 13.6.1 Ventura / arm64 | see weekly results here | ||||||||||||
|
To the developers/maintainers of the CancerSubtypes package: - Allow up to 24 hours (and sometimes 48 hours) for your latest push to git@git.bioconductor.org:packages/CancerSubtypes.git to reflect on this report. See Troubleshooting Build Report for more information. - Use the following Renviron settings to reproduce errors and warnings. - If 'R CMD check' started to fail recently on the Linux builder(s) over a missing dependency, add the missing dependency to 'Suggests:' in your DESCRIPTION file. See Renviron.bioc for more information. |
| Package: CancerSubtypes |
| Version: 1.28.0 |
| Command: /Library/Frameworks/R.framework/Resources/bin/R CMD check --install=check:CancerSubtypes.install-out.txt --library=/Library/Frameworks/R.framework/Resources/library --no-vignettes --timings CancerSubtypes_1.28.0.tar.gz |
| StartedAt: 2024-03-03 19:25:07 -0500 (Sun, 03 Mar 2024) |
| EndedAt: 2024-03-03 19:28:47 -0500 (Sun, 03 Mar 2024) |
| EllapsedTime: 219.8 seconds |
| RetCode: 0 |
| Status: WARNINGS |
| CheckDir: CancerSubtypes.Rcheck |
| Warnings: 1 |
##############################################################################
##############################################################################
###
### Running command:
###
### /Library/Frameworks/R.framework/Resources/bin/R CMD check --install=check:CancerSubtypes.install-out.txt --library=/Library/Frameworks/R.framework/Resources/library --no-vignettes --timings CancerSubtypes_1.28.0.tar.gz
###
##############################################################################
##############################################################################
* using log directory ‘/Users/biocbuild/bbs-3.18-bioc/meat/CancerSubtypes.Rcheck’
* using R version 4.3.2 Patched (2023-11-01 r85457)
* using platform: x86_64-apple-darwin20 (64-bit)
* R was compiled by
Apple clang version 14.0.3 (clang-1403.0.22.14.1)
GNU Fortran (GCC) 12.2.0
* running under: macOS Monterey 12.7.1
* using session charset: UTF-8
* using option ‘--no-vignettes’
* checking for file ‘CancerSubtypes/DESCRIPTION’ ... OK
* checking extension type ... Package
* this is package ‘CancerSubtypes’ version ‘1.28.0’
* checking package namespace information ... OK
* checking package dependencies ... OK
* checking if this is a source package ... OK
* checking if there is a namespace ... OK
* checking for hidden files and directories ... OK
* checking for portable file names ... OK
* checking for sufficient/correct file permissions ... OK
* checking whether package ‘CancerSubtypes’ can be installed ... OK
* checking installed package size ... OK
* checking package directory ... OK
* checking ‘build’ directory ... OK
* checking DESCRIPTION meta-information ... OK
* checking top-level files ... OK
* checking for left-over files ... OK
* checking index information ... OK
* checking package subdirectories ... OK
* checking R files for non-ASCII characters ... OK
* checking R files for syntax errors ... OK
* checking whether the package can be loaded ... OK
* checking whether the package can be loaded with stated dependencies ... OK
* checking whether the package can be unloaded cleanly ... OK
* checking whether the namespace can be loaded with stated dependencies ... OK
* checking whether the namespace can be unloaded cleanly ... OK
* checking dependencies in R code ... OK
* checking S3 generic/method consistency ... OK
* checking replacement functions ... OK
* checking foreign function calls ... OK
* checking R code for possible problems ... NOTE
displayClusters: no visible global function definition for ‘grey’
plotiCluster: no visible global function definition for ‘gray’
Undefined global functions or variables:
gray grey
Consider adding
importFrom("grDevices", "gray", "grey")
to your NAMESPACE file.
* checking Rd files ... OK
* checking Rd metadata ... OK
* checking Rd cross-references ... WARNING
Missing link or links in documentation object 'ExecuteiCluster.Rd':
‘iCluster2’
See section 'Cross-references' in the 'Writing R Extensions' manual.
* checking for missing documentation entries ... OK
* checking for code/documentation mismatches ... OK
* checking Rd \usage sections ... OK
* checking Rd contents ... OK
* checking for unstated dependencies in examples ... OK
* checking contents of ‘data’ directory ... OK
* checking data for non-ASCII characters ... OK
* checking data for ASCII and uncompressed saves ... OK
* checking installed files from ‘inst/doc’ ... OK
* checking files in ‘vignettes’ ... OK
* checking examples ... OK
Examples with CPU (user + system) or elapsed time > 5s
user system elapsed
ExecuteCNMF 38.591 1.756 26.732
sigclustTest 23.241 2.858 26.368
ExecuteSNF.CC 18.837 1.192 20.283
survAnalysis 9.815 0.214 10.127
ExecuteCC 7.693 1.913 9.764
FSbyCox 6.592 0.145 6.814
* checking for unstated dependencies in ‘tests’ ... OK
* checking tests ...
Running ‘runTests.R’
OK
* checking for unstated dependencies in vignettes ... OK
* checking package vignettes in ‘inst/doc’ ... OK
* checking running R code from vignettes ... SKIPPED
* checking re-building of vignette outputs ... SKIPPED
* checking PDF version of manual ... OK
* DONE
Status: 1 WARNING, 1 NOTE
See
‘/Users/biocbuild/bbs-3.18-bioc/meat/CancerSubtypes.Rcheck/00check.log’
for details.
CancerSubtypes.Rcheck/00install.out
############################################################################## ############################################################################## ### ### Running command: ### ### /Library/Frameworks/R.framework/Resources/bin/R CMD INSTALL CancerSubtypes ### ############################################################################## ############################################################################## * installing to library ‘/Library/Frameworks/R.framework/Versions/4.3-x86_64/Resources/library’ * installing *source* package ‘CancerSubtypes’ ... ** using staged installation ** R ** data ** inst ** byte-compile and prepare package for lazy loading ** help *** installing help indices ** building package indices ** installing vignettes ** testing if installed package can be loaded from temporary location ** testing if installed package can be loaded from final location ** testing if installed package keeps a record of temporary installation path * DONE (CancerSubtypes)
CancerSubtypes.Rcheck/tests/runTests.Rout
R version 4.3.2 Patched (2023-11-01 r85457) -- "Eye Holes"
Copyright (C) 2023 The R Foundation for Statistical Computing
Platform: x86_64-apple-darwin20 (64-bit)
R is free software and comes with ABSOLUTELY NO WARRANTY.
You are welcome to redistribute it under certain conditions.
Type 'license()' or 'licence()' for distribution details.
R is a collaborative project with many contributors.
Type 'contributors()' for more information and
'citation()' on how to cite R or R packages in publications.
Type 'demo()' for some demos, 'help()' for on-line help, or
'help.start()' for an HTML browser interface to help.
Type 'q()' to quit R.
> BiocGenerics:::testPackage("CancerSubtypes")
NMF - BioConductor layer [OK] | Shared memory capabilities [NO: synchronicity] | Cores 2/2
To enable shared memory capabilities, try: install.extras('
NMF
')
RUNIT TEST PROTOCOL -- Sun Mar 3 19:28:37 2024
***********************************************
Number of test functions: 1
Number of errors: 0
Number of failures: 0
1 Test Suite :
CancerSubtypes RUnit Tests - 1 test function, 0 errors, 0 failures
Number of test functions: 1
Number of errors: 0
Number of failures: 0
>
> proc.time()
user system elapsed
3.647 0.327 4.025
CancerSubtypes.Rcheck/CancerSubtypes-Ex.timings
| name | user | system | elapsed | |
| DiffExp.limma | 0.323 | 0.044 | 0.379 | |
| ExecuteCC | 7.693 | 1.913 | 9.764 | |
| ExecuteCNMF | 38.591 | 1.756 | 26.732 | |
| ExecuteSNF.CC | 18.837 | 1.192 | 20.283 | |
| ExecuteSNF | 0.235 | 0.027 | 0.277 | |
| ExecuteWSNF | 2.025 | 0.084 | 2.134 | |
| ExecuteiCluster | 3.655 | 0.079 | 3.779 | |
| FSbyCox | 6.592 | 0.145 | 6.814 | |
| FSbyMAD | 0.191 | 0.016 | 0.210 | |
| FSbyPCA | 0.119 | 0.004 | 0.124 | |
| FSbyVar | 0.050 | 0.003 | 0.053 | |
| GeneExp | 0.012 | 0.002 | 0.013 | |
| Ranking | 0.040 | 0.007 | 0.048 | |
| affinityMatrix | 0.020 | 0.002 | 0.022 | |
| data.checkDistribution | 0.248 | 0.017 | 0.268 | |
| data.imputation | 0.007 | 0.001 | 0.007 | |
| data.normalization | 0.078 | 0.003 | 0.081 | |
| dist2 | 0.014 | 0.003 | 0.017 | |
| drawHeatmap | 3.806 | 0.209 | 4.052 | |
| miRNAExp | 0.004 | 0.002 | 0.006 | |
| saveFigure | 0.804 | 0.066 | 0.880 | |
| sigclustTest | 23.241 | 2.858 | 26.368 | |
| silhouette_SimilarityMatrix | 0.475 | 0.031 | 0.513 | |
| spectralAlg | 0.004 | 0.002 | 0.005 | |
| status | 0.002 | 0.002 | 0.003 | |
| survAnalysis | 9.815 | 0.214 | 10.127 | |
| time | 0.001 | 0.001 | 0.002 | |