| Back to Multiple platform build/check report for BioC 3.18: simplified long |
|
This page was generated on 2024-04-17 11:36:34 -0400 (Wed, 17 Apr 2024).
| Hostname | OS | Arch (*) | R version | Installed pkgs |
|---|---|---|---|---|
| nebbiolo2 | Linux (Ubuntu 22.04.3 LTS) | x86_64 | 4.3.3 (2024-02-29) -- "Angel Food Cake" | 4676 |
| palomino4 | Windows Server 2022 Datacenter | x64 | 4.3.3 (2024-02-29 ucrt) -- "Angel Food Cake" | 4414 |
| merida1 | macOS 12.7.1 Monterey | x86_64 | 4.3.3 (2024-02-29) -- "Angel Food Cake" | 4437 |
| Click on any hostname to see more info about the system (e.g. compilers) (*) as reported by 'uname -p', except on Windows and Mac OS X | ||||
| Package 173/2266 | Hostname | OS / Arch | INSTALL | BUILD | CHECK | BUILD BIN | ||||||||
| BiocBook 1.0.0 (landing page) Jacques Serizay
| nebbiolo2 | Linux (Ubuntu 22.04.3 LTS) / x86_64 | OK | OK | OK | |||||||||
| palomino4 | Windows Server 2022 Datacenter / x64 | OK | OK | ERROR | OK | |||||||||
| merida1 | macOS 12.7.1 Monterey / x86_64 | OK | OK | OK | OK | |||||||||
| kjohnson1 | macOS 13.6.1 Ventura / arm64 | see weekly results here | ||||||||||||
|
To the developers/maintainers of the BiocBook package: - Allow up to 24 hours (and sometimes 48 hours) for your latest push to git@git.bioconductor.org:packages/BiocBook.git to reflect on this report. See Troubleshooting Build Report for more information. - Use the following Renviron settings to reproduce errors and warnings. - If 'R CMD check' started to fail recently on the Linux builder(s) over a missing dependency, add the missing dependency to 'Suggests:' in your DESCRIPTION file. See Renviron.bioc for more information. |
| Package: BiocBook |
| Version: 1.0.0 |
| Command: F:\biocbuild\bbs-3.18-bioc\R\bin\R.exe CMD check --no-multiarch --install=check:BiocBook.install-out.txt --library=F:\biocbuild\bbs-3.18-bioc\R\library --no-vignettes --timings BiocBook_1.0.0.tar.gz |
| StartedAt: 2024-04-15 22:39:55 -0400 (Mon, 15 Apr 2024) |
| EndedAt: 2024-04-15 22:41:57 -0400 (Mon, 15 Apr 2024) |
| EllapsedTime: 121.5 seconds |
| RetCode: 1 |
| Status: ERROR |
| CheckDir: BiocBook.Rcheck |
| Warnings: NA |
##############################################################################
##############################################################################
###
### Running command:
###
### F:\biocbuild\bbs-3.18-bioc\R\bin\R.exe CMD check --no-multiarch --install=check:BiocBook.install-out.txt --library=F:\biocbuild\bbs-3.18-bioc\R\library --no-vignettes --timings BiocBook_1.0.0.tar.gz
###
##############################################################################
##############################################################################
* using log directory 'F:/biocbuild/bbs-3.18-bioc/meat/BiocBook.Rcheck'
* using R version 4.3.3 (2024-02-29 ucrt)
* using platform: x86_64-w64-mingw32 (64-bit)
* R was compiled by
gcc.exe (GCC) 12.3.0
GNU Fortran (GCC) 12.3.0
* running under: Windows Server 2022 x64 (build 20348)
* using session charset: UTF-8
* using option '--no-vignettes'
* checking for file 'BiocBook/DESCRIPTION' ... OK
* this is package 'BiocBook' version '1.0.0'
* package encoding: UTF-8
* checking package namespace information ... OK
* checking package dependencies ... OK
* checking if this is a source package ... OK
* checking if there is a namespace ... OK
* checking for hidden files and directories ... OK
* checking for portable file names ... OK
* checking whether package 'BiocBook' can be installed ... OK
* checking installed package size ... OK
* checking package directory ... OK
* checking 'build' directory ... OK
* checking DESCRIPTION meta-information ... OK
* checking top-level files ... OK
* checking for left-over files ... OK
* checking index information ... OK
* checking package subdirectories ... OK
* checking R files for non-ASCII characters ... OK
* checking R files for syntax errors ... OK
* checking whether the package can be loaded ... OK
* checking whether the package can be loaded with stated dependencies ... OK
* checking whether the package can be unloaded cleanly ... OK
* checking whether the namespace can be loaded with stated dependencies ... OK
* checking whether the namespace can be unloaded cleanly ... OK
* checking dependencies in R code ... OK
* checking S3 generic/method consistency ... OK
* checking replacement functions ... OK
* checking foreign function calls ... OK
* checking R code for possible problems ... OK
* checking Rd files ... OK
* checking Rd metadata ... OK
* checking Rd cross-references ... OK
* checking for missing documentation entries ... OK
* checking for code/documentation mismatches ... OK
* checking Rd \usage sections ... OK
* checking Rd contents ... OK
* checking for unstated dependencies in examples ... OK
* checking files in 'vignettes' ... OK
* checking examples ... ERROR
Running examples in 'BiocBook-Ex.R' failed
The error most likely occurred in:
> base::assign(".ptime", proc.time(), pos = "CheckExEnv")
> ### Name: BiocBook
> ### Title: Handling BiocBook directories
> ### Aliases: BiocBook init BiocBook-class releases chapters
> ### path,BiocBook-method releases,BiocBook-method
> ### chapters,BiocBook-method show,BiocBook-method
>
> ### ** Examples
>
> ## In practice, you should not use `.local` argument.
> bookname <- paste(Sys.info()[['sysname']], 'localbook1', sep = '.')
> init(bookname, .local = TRUE)
══ Running preflight checklist ═════════════════════════════════════════════════
⠙ Checking that no folder named `Windows.localbook1` already exists
Error in `.preflight_checks()`:
! A folder named Windows.localbook1 already exists.
Backtrace:
▆
1. └─BiocBook::init(bookname, .local = TRUE)
2. └─BiocBook:::.preflight_checks(new_package, skip_availability, .local)
3. └─cli::cli_abort("A folder named {new_package} already exists.")
4. └─rlang::abort(...)
Execution halted
* checking for unstated dependencies in 'tests' ... OK
* checking tests ...
Running 'testthat.R'
OK
* checking for unstated dependencies in vignettes ... OK
* checking package vignettes in 'inst/doc' ... OK
* checking running R code from vignettes ... SKIPPED
* checking re-building of vignette outputs ... SKIPPED
* checking PDF version of manual ... OK
* DONE
Status: 1 ERROR
See
'F:/biocbuild/bbs-3.18-bioc/meat/BiocBook.Rcheck/00check.log'
for details.
BiocBook.Rcheck/00install.out
############################################################################## ############################################################################## ### ### Running command: ### ### F:\biocbuild\bbs-3.18-bioc\R\bin\R.exe CMD INSTALL BiocBook ### ############################################################################## ############################################################################## * installing to library 'F:/biocbuild/bbs-3.18-bioc/R/library' * installing *source* package 'BiocBook' ... ** using staged installation ** R ** inst ** byte-compile and prepare package for lazy loading ** help *** installing help indices *** copying figures ** building package indices ** installing vignettes ** testing if installed package can be loaded from temporary location ** testing if installed package can be loaded from final location ** testing if installed package keeps a record of temporary installation path * DONE (BiocBook)
BiocBook.Rcheck/tests/testthat.Rout
R version 4.3.3 (2024-02-29 ucrt) -- "Angel Food Cake"
Copyright (C) 2024 The R Foundation for Statistical Computing
Platform: x86_64-w64-mingw32/x64 (64-bit)
R is free software and comes with ABSOLUTELY NO WARRANTY.
You are welcome to redistribute it under certain conditions.
Type 'license()' or 'licence()' for distribution details.
R is a collaborative project with many contributors.
Type 'contributors()' for more information and
'citation()' on how to cite R or R packages in publications.
Type 'demo()' for some demos, 'help()' for on-line help, or
'help.start()' for an HTML browser interface to help.
Type 'q()' to quit R.
> # This file is part of the standard setup for testthat.
> # It is recommended that you do not modify it.
> #
> # Where should you do additional test configuration?
> # Learn more about the roles of various files in:
> # * https://r-pkgs.org/testing-design.html#sec-tests-files-overview
> # * https://testthat.r-lib.org/articles/special-files.html
>
> library(testthat)
> library(BiocBook)
>
> test_check("BiocBook")
== Running preflight checklist =================================================
\ Checking that no folder named `R8M9I9I2G8` already exists
\ Checking package name availability
v Package name `R8M9I9I2G8` is available
\ Checking package name availability
! Dummy git configured
\ Checking package name availability
* git user: `dummy`
\ Checking package name availability
* git email: `dummy@dummy.com`
\ Checking package name availability
! No GitHub configured
\ Checking package name availability
* github user: NULL
\ Checking package name availability
* PAT: NULL
\ Checking package name availability
== Initiating a new `BiocBook` =================================================
\ Creating new repository from template provided in BiocBook `inst/` directory`
v New local book `R8M9I9I2G8` successfully created
\ Creating new repository from template provided in BiocBook `inst/` directory`
v Filled out `inst/assets/_book.yml` fields
\ Creating new repository from template provided in BiocBook `inst/` directory`
v Filled out `README.md` fields
\ Creating new repository from template provided in BiocBook `inst/` directory`
v Filled out `DESCRIPTION` fields
\ Creating new repository from template provided in BiocBook `inst/` directory`
i Please finish editing the `DESCRIPTION` fields, including:
\ Creating new repository from template provided in BiocBook `inst/` directory`
* Title
\ Creating new repository from template provided in BiocBook `inst/` directory`
* Description
\ Creating new repository from template provided in BiocBook `inst/` directory`
* Authors@R
\ Creating new repository from template provided in BiocBook `inst/` directory`
v Filled out `inst/index.qmd` fields
\ Creating new repository from template provided in BiocBook `inst/` directory`
i Please finish editing the `inst/index.qmd` fields, including the `Welcome` section
\ Creating new repository from template provided in BiocBook `inst/` directory`
i The following files need to be committed:
* .Rbuildignore
* .github/
* DESCRIPTION
* Dockerfile
* LICENSE
* LICENSE.md
* NAMESPACE
* README.md
* inst/
* vignettes/
v The new files have been commited to the `devel` branch.
-- NOTES -----------------------------------------------------------------------
i If you wish to change the cover picture, please replace the following file:
* inst/assets/cover.png
== Results =====================================================================
v Local `BiocBook` directory successfully created : R8M9I9I2G8
! This book will be only available in local until a Github remote is set.
# You can connect to the local directory as follows:
biocbook <- BiocBook('R8M9I9I2G8')
BiocBook object
- local path:
F:/biocbuild/bbs-3.18-bioc/meat/BiocBook.Rcheck/tests/testthat/R8M9I9I2G8
- remote url:
- Title: R8M9I9I2G8
- Releases(0):
- Chapters(1):
* Welcome [/inst/index.qmd]
v File created @ `F:/biocbuild/bbs-3.18-bioc/meat/BiocBook.Rcheck/tests/testthat/R8M9I9I2G8/inst/pages/preamble.qmd`
v File created @ `F:/biocbuild/bbs-3.18-bioc/meat/BiocBook.Rcheck/tests/testthat/R8M9I9I2G8/inst/pages/chapter-1.qmd`
v File created @ `F:/biocbuild/bbs-3.18-bioc/meat/BiocBook.Rcheck/tests/testthat/R8M9I9I2G8/inst/pages/chapter1.qmd`
* Edit 'F:/biocbuild/bbs-3.18-bioc/meat/BiocBook.Rcheck/tests/testthat/R8M9I9I2G8/inst/assets/_book.yml'
* Edit 'F:/biocbuild/bbs-3.18-bioc/meat/BiocBook.Rcheck/tests/testthat/R8M9I9I2G8/inst/assets/book.scss'
* Edit 'F:/biocbuild/bbs-3.18-bioc/meat/BiocBook.Rcheck/tests/testthat/R8M9I9I2G8/inst/assets/bibliography.bib'
* Edit 'F:/biocbuild/bbs-3.18-bioc/meat/BiocBook.Rcheck/tests/testthat/R8M9I9I2G8/inst/requirements'
[ FAIL 0 | WARN 1 | SKIP 0 | PASS 17 ]
[ FAIL 0 | WARN 1 | SKIP 0 | PASS 17 ]
>
> proc.time()
user system elapsed
7.23 0.82 25.00
BiocBook.Rcheck/BiocBook-Ex.timings
| name | user | system | elapsed | |
| BiocBook-editing | 4.57 | 0.37 | 21.99 | |