| Back to Multiple platform build/check report for BioC 3.18: simplified long |
|
This page was generated on 2024-03-04 11:37:07 -0500 (Mon, 04 Mar 2024).
| Hostname | OS | Arch (*) | R version | Installed pkgs |
|---|---|---|---|---|
| nebbiolo2 | Linux (Ubuntu 22.04.3 LTS) | x86_64 | 4.3.2 Patched (2023-11-13 r85521) -- "Eye Holes" | 4692 |
| palomino4 | Windows Server 2022 Datacenter | x64 | 4.3.2 (2023-10-31 ucrt) -- "Eye Holes" | 4445 |
| lconway | macOS 12.7.1 Monterey | x86_64 | 4.3.2 Patched (2023-11-01 r85457) -- "Eye Holes" | 4466 |
| Click on any hostname to see more info about the system (e.g. compilers) (*) as reported by 'uname -p', except on Windows and Mac OS X | ||||
| Package 99/2266 | Hostname | OS / Arch | INSTALL | BUILD | CHECK | BUILD BIN | ||||||||
| ASpli 2.12.0 (landing page) Ariel Chernomoretz
| nebbiolo2 | Linux (Ubuntu 22.04.3 LTS) / x86_64 | OK | OK | WARNINGS | |||||||||
| palomino4 | Windows Server 2022 Datacenter / x64 | OK | OK | WARNINGS | OK | |||||||||
| lconway | macOS 12.7.1 Monterey / x86_64 | OK | OK | WARNINGS | OK | |||||||||
| kjohnson1 | macOS 13.6.1 Ventura / arm64 | see weekly results here | ||||||||||||
|
To the developers/maintainers of the ASpli package: - Allow up to 24 hours (and sometimes 48 hours) for your latest push to git@git.bioconductor.org:packages/ASpli.git to reflect on this report. See Troubleshooting Build Report for more information. - Use the following Renviron settings to reproduce errors and warnings. - If 'R CMD check' started to fail recently on the Linux builder(s) over a missing dependency, add the missing dependency to 'Suggests:' in your DESCRIPTION file. See Renviron.bioc for more information. |
| Package: ASpli |
| Version: 2.12.0 |
| Command: /Library/Frameworks/R.framework/Resources/bin/R CMD check --install=check:ASpli.install-out.txt --library=/Library/Frameworks/R.framework/Resources/library --no-vignettes --timings ASpli_2.12.0.tar.gz |
| StartedAt: 2024-03-03 18:58:43 -0500 (Sun, 03 Mar 2024) |
| EndedAt: 2024-03-03 19:17:00 -0500 (Sun, 03 Mar 2024) |
| EllapsedTime: 1096.2 seconds |
| RetCode: 0 |
| Status: WARNINGS |
| CheckDir: ASpli.Rcheck |
| Warnings: 1 |
##############################################################################
##############################################################################
###
### Running command:
###
### /Library/Frameworks/R.framework/Resources/bin/R CMD check --install=check:ASpli.install-out.txt --library=/Library/Frameworks/R.framework/Resources/library --no-vignettes --timings ASpli_2.12.0.tar.gz
###
##############################################################################
##############################################################################
* using log directory ‘/Users/biocbuild/bbs-3.18-bioc/meat/ASpli.Rcheck’
* using R version 4.3.2 Patched (2023-11-01 r85457)
* using platform: x86_64-apple-darwin20 (64-bit)
* R was compiled by
Apple clang version 14.0.3 (clang-1403.0.22.14.1)
GNU Fortran (GCC) 12.2.0
* running under: macOS Monterey 12.7.1
* using session charset: UTF-8
* using option ‘--no-vignettes’
* checking for file ‘ASpli/DESCRIPTION’ ... OK
* checking extension type ... Package
* this is package ‘ASpli’ version ‘2.12.0’
* checking package namespace information ... OK
* checking package dependencies ... OK
* checking if this is a source package ... OK
* checking if there is a namespace ... OK
* checking for hidden files and directories ... OK
* checking for portable file names ... OK
* checking for sufficient/correct file permissions ... OK
* checking whether package ‘ASpli’ can be installed ... WARNING
Found the following significant warnings:
Warning: replacing previous import ‘utils::findMatches’ by ‘S4Vectors::findMatches’ when loading ‘ASpli’
See ‘/Users/biocbuild/bbs-3.18-bioc/meat/ASpli.Rcheck/00install.out’ for details.
* checking installed package size ... OK
* checking package directory ... OK
* checking ‘build’ directory ... OK
* checking DESCRIPTION meta-information ... OK
* checking top-level files ... OK
* checking for left-over files ... OK
* checking index information ... OK
* checking package subdirectories ... OK
* checking R files for non-ASCII characters ... OK
* checking R files for syntax errors ... OK
* checking whether the package can be loaded ... OK
* checking whether the package can be loaded with stated dependencies ... OK
* checking whether the package can be unloaded cleanly ... OK
* checking whether the namespace can be loaded with stated dependencies ... OK
* checking whether the namespace can be unloaded cleanly ... OK
* checking dependencies in R code ... OK
* checking S3 generic/method consistency ... OK
* checking replacement functions ... OK
* checking foreign function calls ... OK
* checking R code for possible problems ... OK
* checking Rd files ... OK
* checking Rd metadata ... OK
* checking Rd cross-references ... OK
* checking for missing documentation entries ... OK
* checking for code/documentation mismatches ... OK
* checking Rd \usage sections ... OK
* checking Rd contents ... OK
* checking for unstated dependencies in examples ... OK
* checking sizes of PDF files under ‘inst/doc’ ... OK
* checking installed files from ‘inst/doc’ ... OK
* checking files in ‘vignettes’ ... OK
* checking examples ... OK
Examples with CPU (user + system) or elapsed time > 5s
user system elapsed
ASpli-package 134.763 1.347 137.099
exportIntegratedSignals 72.738 0.808 74.212
exportSplicingReports 71.693 0.655 72.797
integrateSignals 69.172 0.667 70.386
jDUreport 68.277 0.828 69.805
jCounts-methods 66.926 0.793 68.338
splicingReport 65.340 1.001 67.169
gbCounts 61.309 0.457 62.121
gbDUreport-method 60.721 0.549 61.721
* checking for unstated dependencies in vignettes ... OK
* checking package vignettes in ‘inst/doc’ ... OK
* checking running R code from vignettes ... SKIPPED
* checking re-building of vignette outputs ... SKIPPED
* checking PDF version of manual ... OK
* DONE
Status: 1 WARNING
See
‘/Users/biocbuild/bbs-3.18-bioc/meat/ASpli.Rcheck/00check.log’
for details.
ASpli.Rcheck/00install.out
############################################################################## ############################################################################## ### ### Running command: ### ### /Library/Frameworks/R.framework/Resources/bin/R CMD INSTALL ASpli ### ############################################################################## ############################################################################## * installing to library ‘/Library/Frameworks/R.framework/Versions/4.3-x86_64/Resources/library’ * installing *source* package ‘ASpli’ ... ** using staged installation ** R ** inst ** byte-compile and prepare package for lazy loading Warning: replacing previous import ‘utils::findMatches’ by ‘S4Vectors::findMatches’ when loading ‘ASpli’ ** help *** installing help indices ** building package indices ** installing vignettes ** testing if installed package can be loaded from temporary location Warning: replacing previous import ‘utils::findMatches’ by ‘S4Vectors::findMatches’ when loading ‘ASpli’ ** testing if installed package can be loaded from final location Warning: replacing previous import ‘utils::findMatches’ by ‘S4Vectors::findMatches’ when loading ‘ASpli’ ** testing if installed package keeps a record of temporary installation path * DONE (ASpli)
ASpli.Rcheck/ASpli-Ex.timings
| name | user | system | elapsed | |
| ASpli-package | 134.763 | 1.347 | 137.099 | |
| DUreport | 0.000 | 0.001 | 0.001 | |
| DUreport.norm | 0 | 0 | 0 | |
| DUreport.offset | 0.001 | 0.001 | 0.001 | |
| DUreportBinSplice-method | 0.000 | 0.001 | 0.000 | |
| acc_AS | 0.000 | 0.001 | 0.001 | |
| acc_DU | 0.000 | 0.000 | 0.001 | |
| acc_counts | 0.000 | 0.001 | 0.011 | |
| acc_features | 0.186 | 0.003 | 0.190 | |
| binGenome | 4.280 | 0.055 | 4.373 | |
| containsJunctions-function | 0.000 | 0.000 | 0.001 | |
| example_data | 0 | 0 | 0 | |
| exportIntegratedSignals | 72.738 | 0.808 | 74.212 | |
| exportSplicingReports | 71.693 | 0.655 | 72.797 | |
| filterDU-method | 0.000 | 0.001 | 0.001 | |
| filterSignals | 0 | 0 | 0 | |
| gbCounts | 61.309 | 0.457 | 62.121 | |
| gbDUreport-method | 60.721 | 0.549 | 61.721 | |
| getConditions-function | 0.000 | 0.000 | 0.001 | |
| integrateSignals | 69.172 | 0.667 | 70.386 | |
| jCounts-methods | 66.926 | 0.793 | 68.338 | |
| jDUreport | 68.277 | 0.828 | 69.805 | |
| junctionDUreport | 0.001 | 0.000 | 0.000 | |
| loadBAM | 0.000 | 0.001 | 0.000 | |
| mergeBinDUAS-method | 0.000 | 0.001 | 0.000 | |
| plotBins | 0.000 | 0.001 | 0.001 | |
| plotGenomicRegions | 0.000 | 0.001 | 0.002 | |
| rds | 0.001 | 0.000 | 0.000 | |
| splicingReport | 65.340 | 1.001 | 67.169 | |
| subset-methods | 0.000 | 0.001 | 0.002 | |