| Back to Build/check report for BioC 3.17 experimental data |
|
This page was generated on 2023-10-12 14:51:35 -0400 (Thu, 12 Oct 2023).
| Hostname | OS | Arch (*) | R version | Installed pkgs |
|---|---|---|---|---|
| nebbiolo1 | Linux (Ubuntu 22.04.2 LTS) | x86_64 | 4.3.1 (2023-06-16) -- "Beagle Scouts" | 4626 |
| Click on any hostname to see more info about the system (e.g. compilers) (*) as reported by 'uname -p', except on Windows and Mac OS X | ||||
| Package 151/421 | Hostname | OS / Arch | INSTALL | BUILD | CHECK | ||||||||
| grndata 1.32.0 (landing page) Pau Bellot
| nebbiolo1 | Linux (Ubuntu 22.04.2 LTS) / x86_64 | OK | OK | WARNINGS | ||||||||
|
To the developers/maintainers of the grndata package: - Use the following Renviron settings to reproduce errors and warnings. - If 'R CMD check' started to fail recently on the Linux builder(s) over a missing dependency, add the missing dependency to 'Suggests:' in your DESCRIPTION file. See Renviron.bioc for more information. |
| Package: grndata |
| Version: 1.32.0 |
| Command: /home/biocbuild/bbs-3.17-bioc/R/bin/R CMD check --install=check:grndata.install-out.txt --library=/home/biocbuild/bbs-3.17-bioc/R/site-library --timings grndata_1.32.0.tar.gz |
| StartedAt: 2023-10-12 11:26:15 -0400 (Thu, 12 Oct 2023) |
| EndedAt: 2023-10-12 11:26:37 -0400 (Thu, 12 Oct 2023) |
| EllapsedTime: 21.9 seconds |
| RetCode: 0 |
| Status: WARNINGS |
| CheckDir: grndata.Rcheck |
| Warnings: 1 |
##############################################################################
##############################################################################
###
### Running command:
###
### /home/biocbuild/bbs-3.17-bioc/R/bin/R CMD check --install=check:grndata.install-out.txt --library=/home/biocbuild/bbs-3.17-bioc/R/site-library --timings grndata_1.32.0.tar.gz
###
##############################################################################
##############################################################################
* using log directory ‘/home/biocbuild/bbs-3.17-data-experiment/meat/grndata.Rcheck’
* using R version 4.3.1 (2023-06-16)
* using platform: x86_64-pc-linux-gnu (64-bit)
* R was compiled by
gcc (Ubuntu 11.3.0-1ubuntu1~22.04.1) 11.3.0
GNU Fortran (Ubuntu 11.3.0-1ubuntu1~22.04.1) 11.3.0
* running under: Ubuntu 22.04.3 LTS
* using session charset: UTF-8
* checking for file ‘grndata/DESCRIPTION’ ... OK
* checking extension type ... Package
* this is package ‘grndata’ version ‘1.32.0’
* checking package namespace information ... OK
* checking package dependencies ... OK
* checking if this is a source package ... OK
* checking if there is a namespace ... OK
* checking for hidden files and directories ... OK
* checking for portable file names ... OK
* checking for sufficient/correct file permissions ... OK
* checking whether package ‘grndata’ can be installed ... OK
* checking installed package size ... NOTE
installed size is 54.4Mb
sub-directories of 1Mb or more:
data 54.3Mb
* checking package directory ... OK
* checking ‘build’ directory ... OK
* checking DESCRIPTION meta-information ... NOTE
Malformed Description field: should contain one or more complete sentences.
* checking top-level files ... OK
* checking for left-over files ... OK
* checking index information ... OK
* checking package subdirectories ... OK
* checking R files for non-ASCII characters ... OK
* checking R files for syntax errors ... OK
* checking whether the package can be loaded ... OK
* checking whether the package can be loaded with stated dependencies ... OK
* checking whether the package can be unloaded cleanly ... OK
* checking whether the namespace can be loaded with stated dependencies ... OK
* checking whether the namespace can be unloaded cleanly ... OK
* checking loading without being on the library search path ... OK
* checking dependencies in R code ... OK
* checking S3 generic/method consistency ... OK
* checking replacement functions ... OK
* checking foreign function calls ... OK
* checking R code for possible problems ... OK
* checking Rd files ... NOTE
checkRd: (-1) syntren1000.data.Rd:16: Escaped LaTeX specials: \_
checkRd: (-1) syntren1000.net.Rd:15: Escaped LaTeX specials: \_
checkRd: (-1) syntren300.data.Rd:16: Escaped LaTeX specials: \_
checkRd: (-1) syntren300.net.Rd:15: Escaped LaTeX specials: \_
* checking Rd metadata ... OK
* checking Rd cross-references ... OK
* checking for missing documentation entries ... OK
* checking for code/documentation mismatches ... OK
* checking Rd \usage sections ... OK
* checking Rd contents ... OK
* checking for unstated dependencies in examples ... OK
* checking contents of ‘data’ directory ... OK
* checking data for non-ASCII characters ... OK
* checking LazyData ... WARNING
LazyData DB of 54.2 MB without LazyDataCompression set
See §1.1.6 of 'Writing R Extensions'
* checking data for ASCII and uncompressed saves ... OK
* checking files in ‘vignettes’ ... OK
* checking examples ... OK
* checking for unstated dependencies in ‘tests’ ... OK
* checking tests ...
Running ‘runTests.R’
OK
* checking for unstated dependencies in vignettes ... OK
* checking package vignettes in ‘inst/doc’ ... OK
* checking running R code from vignettes ...
‘grndata.Rmd’ using ‘UTF-8’... OK
NONE
* checking re-building of vignette outputs ... OK
* checking PDF version of manual ... OK
* DONE
Status: 1 WARNING, 3 NOTEs
See
‘/home/biocbuild/bbs-3.17-data-experiment/meat/grndata.Rcheck/00check.log’
for details.
grndata.Rcheck/00install.out
############################################################################## ############################################################################## ### ### Running command: ### ### /home/biocbuild/bbs-3.17-bioc/R/bin/R CMD INSTALL grndata ### ############################################################################## ############################################################################## * installing to library ‘/home/biocbuild/bbs-3.17-bioc/R/site-library’ * installing *source* package ‘grndata’ ... ** using staged installation ** R ** data *** moving datasets to lazyload DB ** inst ** byte-compile and prepare package for lazy loading ** help *** installing help indices ** building package indices ** installing vignettes ** testing if installed package can be loaded from temporary location ** testing if installed package can be loaded from final location ** testing if installed package keeps a record of temporary installation path * DONE (grndata)
grndata.Rcheck/tests/runTests.Rout
R version 4.3.1 (2023-06-16) -- "Beagle Scouts"
Copyright (C) 2023 The R Foundation for Statistical Computing
Platform: x86_64-pc-linux-gnu (64-bit)
R is free software and comes with ABSOLUTELY NO WARRANTY.
You are welcome to redistribute it under certain conditions.
Type 'license()' or 'licence()' for distribution details.
R is a collaborative project with many contributors.
Type 'contributors()' for more information and
'citation()' on how to cite R or R packages in publications.
Type 'demo()' for some demos, 'help()' for on-line help, or
'help.start()' for an HTML browser interface to help.
Type 'q()' to quit R.
> BiocGenerics:::testPackage("grndata")
RUNIT TEST PROTOCOL -- Thu Oct 12 11:26:33 2023
***********************************************
Number of test functions: 1
Number of errors: 0
Number of failures: 0
1 Test Suite :
grndata RUnit Tests - 1 test function, 0 errors, 0 failures
Number of test functions: 1
Number of errors: 0
Number of failures: 0
>
> proc.time()
user system elapsed
1.285 0.255 1.530
grndata.Rcheck/grndata-Ex.timings
| name | user | system | elapsed | |
| Availabledata | 0.011 | 0.001 | 0.012 | |
| getData | 0.111 | 0.019 | 0.131 | |
| gnw1565.data | 0.210 | 0.017 | 0.226 | |
| gnw1565.net | 0.110 | 0.019 | 0.129 | |
| gnw2000.data | 0.290 | 0.025 | 0.313 | |
| gnw2000.net | 0.139 | 0.048 | 0.187 | |
| rogers1000.data | 0.042 | 0.015 | 0.059 | |
| rogers1000.net | 0.036 | 0.004 | 0.040 | |
| syntren1000.data | 0.053 | 0.017 | 0.069 | |
| syntren1000.net | 0.029 | 0.000 | 0.029 | |
| syntren300.data | 0.015 | 0.000 | 0.015 | |
| syntren300.net | 0.004 | 0.000 | 0.004 | |
| toy.data | 0.000 | 0.002 | 0.001 | |
| toy.net | 0.000 | 0.001 | 0.001 | |