| Back to Mac ARM64 build report for BioC 3.17 |
|
This page was generated on 2023-10-20 09:38:13 -0400 (Fri, 20 Oct 2023).
| Hostname | OS | Arch (*) | R version | Installed pkgs |
|---|---|---|---|---|
| kjohnson2 | macOS 12.6.1 Monterey | arm64 | 4.3.1 (2023-06-16) -- "Beagle Scouts" | 4347 |
| Click on any hostname to see more info about the system (e.g. compilers) (*) as reported by 'uname -p', except on Windows and Mac OS X | ||||
| Package 2058/2230 | Hostname | OS / Arch | INSTALL | BUILD | CHECK | BUILD BIN | ||||||||
| synergyfinder 3.8.2 (landing page) Shuyu Zheng
| kjohnson2 | macOS 12.6.1 Monterey / arm64 | OK | OK | WARNINGS | OK | ||||||||
|
To the developers/maintainers of the synergyfinder package: - Use the following Renviron settings to reproduce errors and warnings. - If 'R CMD check' started to fail recently on the Linux builder(s) over a missing dependency, add the missing dependency to 'Suggests:' in your DESCRIPTION file. See Renviron.bioc for more information. |
| Package: synergyfinder |
| Version: 3.8.2 |
| Command: /Library/Frameworks/R.framework/Resources/bin/R CMD check --install=check:synergyfinder.install-out.txt --library=/Library/Frameworks/R.framework/Resources/library --no-vignettes --timings synergyfinder_3.8.2.tar.gz |
| StartedAt: 2023-10-19 05:50:52 -0400 (Thu, 19 Oct 2023) |
| EndedAt: 2023-10-19 05:54:14 -0400 (Thu, 19 Oct 2023) |
| EllapsedTime: 202.1 seconds |
| RetCode: 0 |
| Status: WARNINGS |
| CheckDir: synergyfinder.Rcheck |
| Warnings: 1 |
##############################################################################
##############################################################################
###
### Running command:
###
### /Library/Frameworks/R.framework/Resources/bin/R CMD check --install=check:synergyfinder.install-out.txt --library=/Library/Frameworks/R.framework/Resources/library --no-vignettes --timings synergyfinder_3.8.2.tar.gz
###
##############################################################################
##############################################################################
* using log directory ‘/Users/biocbuild/bbs-3.17-bioc-mac-arm64/meat/synergyfinder.Rcheck’
* using R version 4.3.1 (2023-06-16)
* using platform: aarch64-apple-darwin20 (64-bit)
* R was compiled by
Apple clang version 14.0.0 (clang-1400.0.29.202)
GNU Fortran (GCC) 12.2.0
* running under: macOS Monterey 12.6.7
* using session charset: UTF-8
* using option ‘--no-vignettes’
* checking for file ‘synergyfinder/DESCRIPTION’ ... OK
* checking extension type ... Package
* this is package ‘synergyfinder’ version ‘3.8.2’
* package encoding: UTF-8
* checking package namespace information ... OK
* checking package dependencies ... OK
* checking if this is a source package ... OK
* checking if there is a namespace ... OK
* checking for hidden files and directories ... OK
* checking for portable file names ... OK
* checking for sufficient/correct file permissions ... OK
* checking whether package ‘synergyfinder’ can be installed ... OK
* checking installed package size ... OK
* checking package directory ... OK
* checking ‘build’ directory ... OK
* checking DESCRIPTION meta-information ... OK
* checking top-level files ... OK
* checking for left-over files ... OK
* checking index information ... OK
* checking package subdirectories ... OK
* checking R files for non-ASCII characters ... OK
* checking R files for syntax errors ... OK
* checking whether the package can be loaded ... OK
* checking whether the package can be loaded with stated dependencies ... OK
* checking whether the package can be unloaded cleanly ... OK
* checking whether the namespace can be loaded with stated dependencies ... OK
* checking whether the namespace can be unloaded cleanly ... OK
* checking dependencies in R code ... WARNING
'::' or ':::' import not declared from: ‘scales’
Namespaces in Imports field not imported from:
‘future’ ‘gstat’ ‘nleqslv’ ‘sp’ ‘tidyverse’
All declared Imports should be used.
* checking S3 generic/method consistency ... OK
* checking replacement functions ... OK
* checking foreign function calls ... OK
* checking R code for possible problems ... NOTE
.Extract2DrugPlotData: no visible binding for global variable
‘input_type’
.Extract2DrugPlotData: no visible binding for global variable
‘block_id’
.Extract2DrugPlotData: no visible binding for global variable ‘value’
.Extract2DrugPlotData: no visible binding for global variable ‘left’
.Extract2DrugPlotData: no visible binding for global variable ‘right’
.Extract2DrugPlotData: no visible binding for global variable ‘conc1’
.Extract2DrugPlotData: no visible binding for global variable ‘conc2’
.Extract2DrugPlotData: no visible binding for global variable ‘text’
.ExtractMultiDrugPlotData: no visible binding for global variable
‘block_id’
Bliss: no visible binding for global variable ‘Bliss_ref’
CalculateCSS: no visible binding for global variable ‘data’
CalculateSensitivity: no visible binding for global variable
‘response_origin’
CalculateSensitivity: no visible binding for global variable ‘block_id’
CalculateSynergy: no visible binding for global variable
‘response_origin’
CalculateSynergy: no visible binding for global variable ‘block_id’
CalculateSynergy: no visible global function definition for ‘t.test’
HSA: no visible binding for global variable ‘HSA_ref’
HighlightBarPlot: no visible binding for global variable ‘id’
HighlightBarPlot: no visible binding for global variable ‘value’
HighlightBarPlot: no visible binding for global variable ‘color’
Plot2DrugHeatmap: no visible binding for global variable ‘text’
PlotBarometer: no visible binding for global variable ‘block_id’
PlotBarometer: no visible binding for global variable ‘response_mean’
PlotBarometer: no visible binding for global variable ‘response’
PlotBarometer: no visible binding for global variable ‘r’
PlotBarometer: no visible binding for global variable ‘theta’
PlotBarometer: no visible binding for global variable ‘value’
PlotBarometer: no visible binding for global variable ‘start’
PlotBarometer: no visible binding for global variable ‘end’
PlotBarometer: no visible binding for global variable ‘label’
PlotBarometer: no visible binding for global variable ‘x’
PlotBarometer: no visible binding for global variable ‘y’
PlotBarometer: no visible binding for global variable ‘adjust’
PlotBarometer: no visible binding for global variable ‘angle’
PlotDoseResponseCurve: no visible binding for global variable
‘response_origin’
PlotDoseResponseCurve: no visible binding for global variable
‘block_id’
PlotDoseResponseCurve: no visible global function definition for
‘dev.list’
PlotDoseResponseCurve: no visible global function definition for
‘dev.off’
PlotMultiDrugBar: no visible binding for global variable ‘id’
PlotMultiDrugBar: no visible binding for global variable ‘value’
PlotMultiDrugBar: no visible binding for global variable ‘color’
PlotMultiDrugBar: no visible binding for global variable ‘metric’
PlotSensitivitySynergy: no visible binding for global variable
‘block_id’
PlotSensitivitySynergy: no visible binding for global variable ‘css’
PlotSensitivitySynergy: no visible binding for global variable ‘label’
PlotSensitivitySynergy: no visible binding for global variable
‘synergy’
ReshapeData: no visible binding for global variable ‘block_id’
ReshapeData: no visible binding for global variable ‘n’
ReshapeData: no visible global function definition for ‘head’
ReshapeData: no visible binding for global variable ‘response_origin’
ReshapeData: no visible binding for global variable ‘nn’
ReshapeData: no visible binding for global variable ‘maxn’
ReshapeData: no visible binding for global variable ‘response_sd’
ReshapeData: no visible binding for global variable ‘response_sem’
ReshapeData: no visible binding for global variable ‘response_mean’
ReshapeData: no visible binding for global variable ‘response_CI95’
ReshapeData: no visible binding for global variable
‘response_origin_sd’
ReshapeData: no visible binding for global variable
‘response_origin_sem’
ReshapeData: no visible binding for global variable
‘response_origin_mean’
ReshapeData: no visible binding for global variable
‘response_origin_CI95’
ZIP : <anonymous>: no visible binding for global variable ‘data’
ZIP : <anonymous>: no visible binding for global variable ‘pred’
ZIP : <anonymous>: no visible global function definition for ‘:=’
ZIP: no visible binding for global variable ‘.’
ZIP: no visible binding for global variable ‘ZIP_fit’
ZIP: no visible binding for global variable ‘ZIP_ref’
ZIP: no visible binding for global variable ‘ZIP_synergy’
Undefined global functions or variables:
. := Bliss_ref HSA_ref ZIP_fit ZIP_ref ZIP_synergy adjust angle
block_id color conc1 conc2 css data dev.list dev.off end head id
input_type label left maxn metric n nn pred r response response_CI95
response_mean response_origin response_origin_CI95
response_origin_mean response_origin_sd response_origin_sem
response_sd response_sem right start synergy t.test text theta value
x y
Consider adding
importFrom("grDevices", "dev.list", "dev.off")
importFrom("graphics", "text")
importFrom("stats", "end", "start", "t.test")
importFrom("utils", "data", "head")
to your NAMESPACE file.
* checking Rd files ... NOTE
checkRd: (-1) FitDoseResponse.Rd:55: Escaped LaTeX specials: \&
* checking Rd metadata ... OK
* checking Rd cross-references ... OK
* checking for missing documentation entries ... OK
* checking for code/documentation mismatches ... OK
* checking Rd \usage sections ... OK
* checking Rd contents ... OK
* checking for unstated dependencies in examples ... OK
* checking contents of ‘data’ directory ... OK
* checking data for non-ASCII characters ... OK
* checking data for ASCII and uncompressed saves ... OK
* checking files in ‘vignettes’ ... OK
* checking examples ... OK
Examples with CPU (user + system) or elapsed time > 5s
user system elapsed
CalculateSensitivity 23.950 0.534 43.619
PlotMultiDrugSurface 14.707 0.219 26.563
PlotSensitivitySynergy 3.423 0.079 5.797
PlotMultiDrugBar 2.856 0.040 5.132
* checking for unstated dependencies in vignettes ... OK
* checking package vignettes in ‘inst/doc’ ... OK
* checking running R code from vignettes ... SKIPPED
* checking re-building of vignette outputs ... SKIPPED
* checking PDF version of manual ... OK
* DONE
Status: 1 WARNING, 2 NOTEs
See
‘/Users/biocbuild/bbs-3.17-bioc-mac-arm64/meat/synergyfinder.Rcheck/00check.log’
for details.
synergyfinder.Rcheck/00install.out
############################################################################## ############################################################################## ### ### Running command: ### ### /Library/Frameworks/R.framework/Resources/bin/R CMD INSTALL synergyfinder ### ############################################################################## ############################################################################## * installing to library ‘/Library/Frameworks/R.framework/Versions/4.3-arm64/Resources/library’ * installing *source* package ‘synergyfinder’ ... ** using staged installation ** R ** data ** inst ** byte-compile and prepare package for lazy loading ** help *** installing help indices ** building package indices ** installing vignettes ** testing if installed package can be loaded from temporary location ** testing if installed package can be loaded from final location ** testing if installed package keeps a record of temporary installation path * DONE (synergyfinder)
synergyfinder.Rcheck/synergyfinder-Ex.timings
| name | user | system | elapsed | |
| Bliss | 0.267 | 0.018 | 0.513 | |
| CalculateRI | 1.342 | 0.080 | 2.545 | |
| CalculateSensitivity | 23.950 | 0.534 | 43.619 | |
| CalculateSynergy | 1.605 | 0.028 | 2.932 | |
| CorrectBaseLine | 0.214 | 0.006 | 0.379 | |
| ExtractSingleDrug | 0.161 | 0.005 | 0.290 | |
| FindModelType | 0.015 | 0.000 | 0.027 | |
| FitDoseResponse | 0.015 | 0.000 | 0.028 | |
| HSA | 0.161 | 0.006 | 0.294 | |
| Loewe | 0.327 | 0.008 | 0.575 | |
| Plot2DrugContour | 1.421 | 0.059 | 2.591 | |
| Plot2DrugHeatmap | 0.423 | 0.008 | 0.754 | |
| Plot2DrugSurface | 0.682 | 0.066 | 1.350 | |
| PlotBarometer | 2.183 | 0.038 | 4.019 | |
| PlotDoseResponse | 0.000 | 0.000 | 0.001 | |
| PlotDoseResponseCurve | 0.214 | 0.010 | 0.384 | |
| PlotMultiDrugBar | 2.856 | 0.040 | 5.132 | |
| PlotMultiDrugSurface | 14.707 | 0.219 | 26.563 | |
| PlotSensitivitySynergy | 3.423 | 0.079 | 5.797 | |
| PlotSynergy | 1.733 | 0.025 | 3.107 | |
| ReshapeData | 0.152 | 0.006 | 0.280 | |
| ZIP | 0.665 | 0.016 | 1.223 | |