| Back to Mac ARM64 build report for BioC 3.17 |
|
This page was generated on 2023-10-20 09:38:10 -0400 (Fri, 20 Oct 2023).
| Hostname | OS | Arch (*) | R version | Installed pkgs |
|---|---|---|---|---|
| kjohnson2 | macOS 12.6.1 Monterey | arm64 | 4.3.1 (2023-06-16) -- "Beagle Scouts" | 4347 |
| Click on any hostname to see more info about the system (e.g. compilers) (*) as reported by 'uname -p', except on Windows and Mac OS X | ||||
| Package 1720/2230 | Hostname | OS / Arch | INSTALL | BUILD | CHECK | BUILD BIN | ||||||||
| rifi 1.4.1 (landing page) Jens Georg
| kjohnson2 | macOS 12.6.1 Monterey / arm64 | OK | OK | WARNINGS | OK | ||||||||
|
To the developers/maintainers of the rifi package: - Use the following Renviron settings to reproduce errors and warnings. - If 'R CMD check' started to fail recently on the Linux builder(s) over a missing dependency, add the missing dependency to 'Suggests:' in your DESCRIPTION file. See Renviron.bioc for more information. |
| Package: rifi |
| Version: 1.4.1 |
| Command: /Library/Frameworks/R.framework/Resources/bin/R CMD check --install=check:rifi.install-out.txt --library=/Library/Frameworks/R.framework/Resources/library --no-vignettes --timings rifi_1.4.1.tar.gz |
| StartedAt: 2023-10-18 19:10:38 -0400 (Wed, 18 Oct 2023) |
| EndedAt: 2023-10-18 19:26:27 -0400 (Wed, 18 Oct 2023) |
| EllapsedTime: 949.1 seconds |
| RetCode: 0 |
| Status: WARNINGS |
| CheckDir: rifi.Rcheck |
| Warnings: 2 |
##############################################################################
##############################################################################
###
### Running command:
###
### /Library/Frameworks/R.framework/Resources/bin/R CMD check --install=check:rifi.install-out.txt --library=/Library/Frameworks/R.framework/Resources/library --no-vignettes --timings rifi_1.4.1.tar.gz
###
##############################################################################
##############################################################################
* using log directory ‘/Users/biocbuild/bbs-3.17-bioc-mac-arm64/meat/rifi.Rcheck’
* using R version 4.3.1 (2023-06-16)
* using platform: aarch64-apple-darwin20 (64-bit)
* R was compiled by
Apple clang version 14.0.0 (clang-1400.0.29.202)
GNU Fortran (GCC) 12.2.0
* running under: macOS Monterey 12.6.7
* using session charset: UTF-8
* using option ‘--no-vignettes’
* checking for file ‘rifi/DESCRIPTION’ ... OK
* this is package ‘rifi’ version ‘1.4.1’
* package encoding: UTF-8
* checking package namespace information ... OK
* checking package dependencies ... OK
* checking if this is a source package ... OK
* checking if there is a namespace ... OK
* checking for hidden files and directories ... NOTE
Found the following hidden files and directories:
.BBSoptions
R/.ipynb_checkpoints
vignettes/.ipynb_checkpoints
These were most likely included in error. See section ‘Package
structure’ in the ‘Writing R Extensions’ manual.
* checking for portable file names ... OK
* checking for sufficient/correct file permissions ... OK
* checking whether package ‘rifi’ can be installed ... WARNING
Found the following significant warnings:
Note: next used in wrong context: no loop is visible
Warning: apply_Ttest_delay.Rd:55: unexpected '}'
Warning: predict_ps_itss.Rd:57: unexpected '}'
See ‘/Users/biocbuild/bbs-3.17-bioc-mac-arm64/meat/rifi.Rcheck/00install.out’ for details.
Information on the location(s) of code generating the ‘Note’s can be
obtained by re-running with environment variable R_KEEP_PKG_SOURCE set
to ‘yes’.
* checking installed package size ... OK
* checking package directory ... OK
* checking ‘build’ directory ... OK
* checking DESCRIPTION meta-information ... OK
* checking top-level files ... OK
* checking for left-over files ... OK
* checking index information ... OK
* checking package subdirectories ... OK
* checking R files for non-ASCII characters ... OK
* checking R files for syntax errors ... OK
* checking whether the package can be loaded ... OK
* checking whether the package can be loaded with stated dependencies ... OK
* checking whether the package can be unloaded cleanly ... OK
* checking whether the namespace can be loaded with stated dependencies ... OK
* checking whether the namespace can be unloaded cleanly ... OK
* checking dependencies in R code ... OK
* checking S3 generic/method consistency ... OK
* checking replacement functions ... OK
* checking foreign function calls ... OK
* checking R code for possible problems ... OK
* checking Rd files ... WARNING
prepare_Rd: apply_Ttest_delay.Rd:55: unexpected '}'
prepare_Rd: predict_ps_itss.Rd:57: unexpected '}'
* checking Rd metadata ... OK
* checking Rd cross-references ... OK
* checking for missing documentation entries ... OK
* checking for code/documentation mismatches ... OK
* checking Rd \usage sections ... OK
* checking Rd contents ... OK
* checking for unstated dependencies in examples ... OK
* checking contents of ‘data’ directory ... OK
* checking data for non-ASCII characters ... OK
* checking data for ASCII and uncompressed saves ... OK
* checking files in ‘vignettes’ ... OK
* checking examples ... OK
Examples with CPU (user + system) or elapsed time > 5s
user system elapsed
rifi_wrapper 115.144 32.690 198.901
rifi_penalties 60.846 24.015 126.515
nls2_fit 42.640 2.095 45.862
rifi_fit 28.183 0.621 42.433
rifi_visualization 26.451 1.783 42.693
make_pen 11.345 4.284 23.628
TI_fit 11.922 1.093 13.598
rifi_stats 6.478 0.154 8.804
rifi_fragmentation 3.677 0.667 6.521
fold_change 3.726 0.113 5.846
* checking for unstated dependencies in vignettes ... OK
* checking package vignettes in ‘inst/doc’ ... OK
* checking running R code from vignettes ... SKIPPED
* checking re-building of vignette outputs ... SKIPPED
* checking PDF version of manual ... OK
* DONE
Status: 2 WARNINGs, 1 NOTE
See
‘/Users/biocbuild/bbs-3.17-bioc-mac-arm64/meat/rifi.Rcheck/00check.log’
for details.
rifi.Rcheck/00install.out
############################################################################## ############################################################################## ### ### Running command: ### ### /Library/Frameworks/R.framework/Resources/bin/R CMD INSTALL rifi ### ############################################################################## ############################################################################## * installing to library ‘/Library/Frameworks/R.framework/Versions/4.3-arm64/Resources/library’ * installing *source* package ‘rifi’ ... ** using staged installation ** R ** data ** inst ** byte-compile and prepare package for lazy loading Note: next used in wrong context: no loop is visible ** help Warning: apply_Ttest_delay.Rd:55: unexpected '}' Warning: predict_ps_itss.Rd:57: unexpected '}' *** installing help indices ** building package indices ** installing vignettes ** testing if installed package can be loaded from temporary location ** testing if installed package can be loaded from final location ** testing if installed package keeps a record of temporary installation path * DONE (rifi)
rifi.Rcheck/rifi-Ex.timings
| name | user | system | elapsed | |
| TI_fit | 11.922 | 1.093 | 13.598 | |
| TUgether | 0.508 | 0.110 | 0.929 | |
| apply_Ttest_delay | 0.121 | 0.022 | 0.215 | |
| apply_ancova | 0.369 | 0.049 | 0.642 | |
| apply_event_position | 0.107 | 0.015 | 0.186 | |
| apply_manova | 0.682 | 0.030 | 1.081 | |
| apply_t_test | 0.76 | 0.01 | 1.18 | |
| apply_t_test_ti | 0.207 | 0.004 | 0.320 | |
| check_input | 0.426 | 0.015 | 0.669 | |
| dataframe_summary | 0.115 | 0.014 | 0.197 | |
| dataframe_summary_TI | 0.050 | 0.004 | 0.083 | |
| dataframe_summary_events | 0.990 | 0.041 | 1.565 | |
| dataframe_summary_events_HL_int | 0.787 | 0.025 | 1.231 | |
| dataframe_summary_events_ps_itss | 0.380 | 0.020 | 0.611 | |
| dataframe_summary_events_velocity | 0.352 | 0.018 | 0.562 | |
| event_dataframe | 0.995 | 0.031 | 1.582 | |
| finding_PDD | 0.245 | 0.058 | 0.455 | |
| finding_TI | 0.402 | 0.104 | 0.760 | |
| fold_change | 3.726 | 0.113 | 5.846 | |
| fragment_HL | 0.732 | 0.130 | 1.327 | |
| fragment_TI | 0.503 | 0.045 | 0.827 | |
| fragment_delay | 1.199 | 0.219 | 2.138 | |
| fragment_inty | 0.707 | 0.160 | 1.283 | |
| gff3_preprocess | 0.670 | 0.057 | 1.099 | |
| make_df | 0.756 | 0.205 | 1.093 | |
| make_pen | 11.345 | 4.284 | 23.628 | |
| nls2_fit | 42.640 | 2.095 | 45.862 | |
| predict_ps_itss | 0.308 | 0.089 | 0.491 | |
| rifi_fit | 28.183 | 0.621 | 42.433 | |
| rifi_fragmentation | 3.677 | 0.667 | 6.521 | |
| rifi_penalties | 60.846 | 24.015 | 126.515 | |
| rifi_preprocess | 2.009 | 0.501 | 3.031 | |
| rifi_stats | 6.478 | 0.154 | 8.804 | |
| rifi_summary | 2.716 | 0.060 | 4.166 | |
| rifi_visualization | 26.451 | 1.783 | 42.693 | |
| rifi_wrapper | 115.144 | 32.690 | 198.901 | |
| segment_pos | 0.224 | 0.005 | 0.343 | |
| viz_pen_obj | 0.010 | 0.006 | 0.028 | |