| Back to Mac ARM64 build report for BioC 3.17 |
|
This page was generated on 2023-10-20 09:38:06 -0400 (Fri, 20 Oct 2023).
| Hostname | OS | Arch (*) | R version | Installed pkgs |
|---|---|---|---|---|
| kjohnson2 | macOS 12.6.1 Monterey | arm64 | 4.3.1 (2023-06-16) -- "Beagle Scouts" | 4347 |
| Click on any hostname to see more info about the system (e.g. compilers) (*) as reported by 'uname -p', except on Windows and Mac OS X | ||||
| Package 1174/2230 | Hostname | OS / Arch | INSTALL | BUILD | CHECK | BUILD BIN | ||||||||
| metagene 2.32.0 (landing page) Charles Joly Beauparlant
| kjohnson2 | macOS 12.6.1 Monterey / arm64 | OK | OK | ERROR | OK | ||||||||
|
To the developers/maintainers of the metagene package: - Use the following Renviron settings to reproduce errors and warnings. - If 'R CMD check' started to fail recently on the Linux builder(s) over a missing dependency, add the missing dependency to 'Suggests:' in your DESCRIPTION file. See Renviron.bioc for more information. |
| Package: metagene |
| Version: 2.32.0 |
| Command: /Library/Frameworks/R.framework/Resources/bin/R CMD check --install=check:metagene.install-out.txt --library=/Library/Frameworks/R.framework/Resources/library --no-vignettes --timings metagene_2.32.0.tar.gz |
| StartedAt: 2023-10-18 05:53:30 -0400 (Wed, 18 Oct 2023) |
| EndedAt: 2023-10-18 06:03:42 -0400 (Wed, 18 Oct 2023) |
| EllapsedTime: 612.2 seconds |
| RetCode: 1 |
| Status: ERROR |
| CheckDir: metagene.Rcheck |
| Warnings: NA |
##############################################################################
##############################################################################
###
### Running command:
###
### /Library/Frameworks/R.framework/Resources/bin/R CMD check --install=check:metagene.install-out.txt --library=/Library/Frameworks/R.framework/Resources/library --no-vignettes --timings metagene_2.32.0.tar.gz
###
##############################################################################
##############################################################################
* using log directory ‘/Users/biocbuild/bbs-3.17-bioc-mac-arm64/meat/metagene.Rcheck’
* using R version 4.3.1 (2023-06-16)
* using platform: aarch64-apple-darwin20 (64-bit)
* R was compiled by
Apple clang version 14.0.0 (clang-1400.0.29.202)
GNU Fortran (GCC) 12.2.0
* running under: macOS Monterey 12.6.7
* using session charset: UTF-8
* using option ‘--no-vignettes’
* checking for file ‘metagene/DESCRIPTION’ ... OK
* this is package ‘metagene’ version ‘2.32.0’
* checking package namespace information ... OK
* checking package dependencies ... OK
* checking if this is a source package ... OK
* checking if there is a namespace ... OK
* checking for hidden files and directories ... OK
* checking for portable file names ... OK
* checking for sufficient/correct file permissions ... OK
* checking whether package ‘metagene’ can be installed ... OK
* checking installed package size ... NOTE
installed size is 7.2Mb
sub-directories of 1Mb or more:
extdata 5.4Mb
* checking package directory ... OK
* checking ‘build’ directory ... OK
* checking DESCRIPTION meta-information ... OK
* checking top-level files ... OK
* checking for left-over files ... OK
* checking index information ... OK
* checking package subdirectories ... OK
* checking R files for non-ASCII characters ... OK
* checking R files for syntax errors ... OK
* checking whether the package can be loaded ... OK
* checking whether the package can be loaded with stated dependencies ... OK
* checking whether the package can be unloaded cleanly ... OK
* checking whether the namespace can be loaded with stated dependencies ... OK
* checking whether the namespace can be unloaded cleanly ... OK
* checking dependencies in R code ... OK
* checking S3 generic/method consistency ... OK
* checking replacement functions ... OK
* checking foreign function calls ... OK
* checking R code for possible problems ... NOTE
NCIS.internal: no visible global function definition for
'est.norm.med.search'
avoid_gaps_update: no visible binding for global variable 'value'
avoid_gaps_update: no visible binding for global variable 'bam'
avoid_gaps_update: no visible binding for global variable 'tab'
avoid_gaps_update: no visible binding for global variable 'nuc'
bin.data: no visible global function definition for 'hist'
permutation_test: no visible global function definition for '.'
permutation_test: no visible binding for global variable 'value'
plot_metagene: no visible binding for global variable 'bin'
plot_metagene: no visible binding for global variable 'value'
plot_metagene: no visible binding for global variable 'qinf'
plot_metagene: no visible binding for global variable 'qsup'
plot_metagene: no visible binding for global variable 'group'
plot_metagene: no visible binding for global variable 'nuc'
plot_metagene: no visible binding for global variable 'design'
plot_metagene: no visible binding for global variable 'nuctot'
Undefined global functions or variables:
. bam bin design est.norm.med.search group hist nuc nuctot qinf qsup
tab value
Consider adding
importFrom("graphics", "hist")
to your NAMESPACE file.
* checking Rd files ... WARNING
checkRd: (5) Bam_Handler.Rd:22: \item in \describe must have non-empty label
checkRd: (5) Bam_Handler.Rd:42: \item in \describe must have non-empty label
checkRd: (5) Bam_Handler.Rd:46: \item in \describe must have non-empty label
checkRd: (5) Bam_Handler.Rd:50: \item in \describe must have non-empty label
checkRd: (5) Bam_Handler.Rd:54: \item in \describe must have non-empty label
checkRd: (5) Bam_Handler.Rd:58: \item in \describe must have non-empty label
checkRd: (5) Bam_Handler.Rd:61-62: \item in \describe must have non-empty label
checkRd: (5) Bam_Handler.Rd:71-72: \item in \describe must have non-empty label
checkRd: (5) Bam_Handler.Rd:81: \item in \describe must have non-empty label
checkRd: (5) metagene.Rd:23-26: \item in \describe must have non-empty label
checkRd: (5) metagene.Rd:61-62: \item in \describe must have non-empty label
checkRd: (5) metagene.Rd:77-78: \item in \describe must have non-empty label
checkRd: (5) metagene.Rd:102-103: \item in \describe must have non-empty label
checkRd: (5) metagene.Rd:116: \item in \describe must have non-empty label
checkRd: (5) metagene.Rd:119: \item in \describe must have non-empty label
checkRd: (5) metagene.Rd:122: \item in \describe must have non-empty label
checkRd: (5) metagene.Rd:127: \item in \describe must have non-empty label
checkRd: (5) metagene.Rd:130: \item in \describe must have non-empty label
checkRd: (5) metagene.Rd:133: \item in \describe must have non-empty label
checkRd: (5) metagene.Rd:144: \item in \describe must have non-empty label
checkRd: (5) metagene.Rd:147: \item in \describe must have non-empty label
checkRd: (5) metagene.Rd:155: \item in \describe must have non-empty label
checkRd: (5) metagene.Rd:164: \item in \describe must have non-empty label
checkRd: (5) metagene.Rd:170: \item in \describe must have non-empty label
checkRd: (5) metagene.Rd:179: \item in \describe must have non-empty label
checkRd: (5) metagene.Rd:183: \item in \describe must have non-empty label
checkRd: (5) metagene.Rd:186: \item in \describe must have non-empty label
* checking Rd metadata ... OK
* checking Rd cross-references ... OK
* checking for missing documentation entries ... OK
* checking for code/documentation mismatches ... OK
* checking Rd \usage sections ... OK
* checking Rd contents ... OK
* checking for unstated dependencies in examples ... OK
* checking contents of ‘data’ directory ... OK
* checking data for non-ASCII characters ... OK
* checking LazyData ... OK
* checking data for ASCII and uncompressed saves ... OK
* checking R/sysdata.rda ... OK
* checking line endings in Makefiles ... OK
* checking for GNU extensions in Makefiles ... OK
* checking include directives in Makefiles ... OK
* checking files in ‘vignettes’ ... OK
* checking examples ... OK
* checking for unstated dependencies in ‘tests’ ... OK
* checking tests ...
Running ‘runTests.R’
ERROR
Running the tests in ‘tests/runTests.R’ failed.
Last 13 lines of output:
Test files with failing tests
test_parallel_job.R
test.parallel_job_get_core_count_valid_multiple_core
test.parallel_job_get_core_count_valid_single_core
test.parallel_job_set_core_count_valid_multiple_core
test.parallel_job_set_core_count_valid_single_core
Error in BiocGenerics:::testPackage("metagene") :
unit tests failed for package metagene
In addition: There were 50 or more warnings (use warnings() to see the first 50)
Execution halted
* checking for unstated dependencies in vignettes ... OK
* checking package vignettes in ‘inst/doc’ ... OK
* checking running R code from vignettes ... SKIPPED
* checking re-building of vignette outputs ... SKIPPED
* checking PDF version of manual ... OK
* DONE
Status: 1 ERROR, 1 WARNING, 2 NOTEs
See
‘/Users/biocbuild/bbs-3.17-bioc-mac-arm64/meat/metagene.Rcheck/00check.log’
for details.
metagene.Rcheck/00install.out
############################################################################## ############################################################################## ### ### Running command: ### ### /Library/Frameworks/R.framework/Resources/bin/R CMD INSTALL metagene ### ############################################################################## ############################################################################## * installing to library ‘/Library/Frameworks/R.framework/Versions/4.3-arm64/Resources/library’ * installing *source* package ‘metagene’ ... ** using staged installation ** R ** data *** moving datasets to lazyload DB ** inst ** byte-compile and prepare package for lazy loading ** help *** installing help indices ** building package indices ** installing vignettes ** testing if installed package can be loaded from temporary location ** testing if installed package can be loaded from final location ** testing if installed package keeps a record of temporary installation path * DONE (metagene)
metagene.Rcheck/tests/runTests.Rout.fail
R version 4.3.1 (2023-06-16) -- "Beagle Scouts"
Copyright (C) 2023 The R Foundation for Statistical Computing
Platform: aarch64-apple-darwin20 (64-bit)
R is free software and comes with ABSOLUTELY NO WARRANTY.
You are welcome to redistribute it under certain conditions.
Type 'license()' or 'licence()' for distribution details.
R is a collaborative project with many contributors.
Type 'contributors()' for more information and
'citation()' on how to cite R or R packages in publications.
Type 'demo()' for some demos, 'help()' for on-line help, or
'help.start()' for an HTML browser interface to help.
Type 'q()' to quit R.
> ## Run all tests in the metagene package
> BiocGenerics:::testPackage("metagene")
Attaching package: 'BiocGenerics'
The following objects are masked from 'package:stats':
IQR, mad, sd, var, xtabs
The following objects are masked from 'package:base':
Filter, Find, Map, Position, Reduce, anyDuplicated, aperm, append,
as.data.frame, basename, cbind, colnames, dirname, do.call,
duplicated, eval, evalq, get, grep, grepl, intersect, is.unsorted,
lapply, mapply, match, mget, order, paste, pmax, pmax.int, pmin,
pmin.int, rank, rbind, rownames, sapply, setdiff, sort, table,
tapply, union, unique, unsplit, which.max, which.min
Attaching package: 'S4Vectors'
The following object is masked from 'package:utils':
findMatches
The following objects are masked from 'package:base':
I, expand.grid, unname
produce data table : ChIP-Seq
produce data frame : ChIP-Seq
produce data table : ChIP-Seq
produce data frame : ChIP-Seq
produce data table : ChIP-Seq
produce data frame : ChIP-Seq
produce data table : ChIP-Seq
produce data frame : ChIP-Seq
produce data table : ChIP-Seq
produce data frame : ChIP-Seq
produce data table : ChIP-Seq
produce data frame : ChIP-Seq
produce data table : ChIP-Seq
produce data frame : ChIP-Seq
produce data table : ChIP-Seq
produce data frame : ChIP-Seq
produce data table : ChIP-Seq
produce data frame : ChIP-Seq
produce data table : ChIP-Seq
produce data frame : ChIP-Seq
produce data table : ChIP-Seq
produce data frame : ChIP-Seq
produce data table : ChIP-Seq
produce data frame : ChIP-Seq
produce data table : ChIP-Seq
produce data table : ChIP-Seq
produce data table : ChIP-Seq
produce data table : ChIP-Seq
produce data frame : ChIP-Seq
[1] TRUE
produce data table : ChIP-Seq
produce data table : ChIP-Seq
produce data table : ChIP-Seq
produce data table : ChIP-Seq
produce data table : ChIP-Seq
produce data table : ChIP-Seq
ChIP-Seq flip/unflip
Normalization done
produce data table : ChIP-Seq
[1] TRUE
produce data table : ChIP-Seq
[1] TRUE
produce data table : ChIP-Seq
[1] TRUE
produce data table : ChIP-Seq
[1] TRUE
produce data table : ChIP-Seq
[1] TRUE
produce data table : ChIP-Seq
produce data table : ChIP-Seq
ChIP-Seq flip/unflip
ChIP-Seq flip/unflip
Timing stopped at: 0.755 0.013 1.051
Error in checkIdentical(obs, exp) : FALSE
In addition: There were 50 or more warnings (use warnings() to see the first 50)
Timing stopped at: 0.003 0 0.005
Error in checkIdentical(obs, exp) : FALSE
Timing stopped at: 0.752 0.151 1.362
Error in checkIdentical(obs, exp) : FALSE
Timing stopped at: 0.725 0.005 1.131
Error in checkIdentical(obs, exp) : FALSE
produce data table : ChIP-Seq
produce data table : ChIP-Seq
produce data table : ChIP-Seq
produce data table : ChIP-Seq
produce data table : ChIP-Seq
produce data table : ChIP-Seq
produce data table : ChIP-Seq
produce data table : ChIP-Seq
produce data table : ChIP-Seq
produce data table : ChIP-Seq
[1] TRUE
RUNIT TEST PROTOCOL -- Wed Oct 18 06:03:27 2023
***********************************************
Number of test functions: 218
Number of errors: 0
Number of failures: 4
1 Test Suite :
metagene RUnit Tests - 218 test functions, 0 errors, 4 failures
FAILURE in test.parallel_job_get_core_count_valid_multiple_core: Error in checkIdentical(obs, exp) : FALSE
FAILURE in test.parallel_job_get_core_count_valid_single_core: Error in checkIdentical(obs, exp) : FALSE
FAILURE in test.parallel_job_set_core_count_valid_multiple_core: Error in checkIdentical(obs, exp) : FALSE
FAILURE in test.parallel_job_set_core_count_valid_single_core: Error in checkIdentical(obs, exp) : FALSE
Test files with failing tests
test_parallel_job.R
test.parallel_job_get_core_count_valid_multiple_core
test.parallel_job_get_core_count_valid_single_core
test.parallel_job_set_core_count_valid_multiple_core
test.parallel_job_set_core_count_valid_single_core
Error in BiocGenerics:::testPackage("metagene") :
unit tests failed for package metagene
In addition: There were 50 or more warnings (use warnings() to see the first 50)
Execution halted
metagene.Rcheck/metagene-Ex.timings
| name | user | system | elapsed | |
| Bam_Handler | 0.105 | 0.008 | 0.170 | |
| avoid_gaps_update | 0 | 0 | 0 | |
| bed_file_filter | 0 | 0 | 0 | |
| exon_by_gene_with_observed_transcripts | 0.001 | 0.000 | 0.001 | |
| get_demo_bam_files | 0.005 | 0.001 | 0.010 | |
| get_demo_design | 0.002 | 0.001 | 0.003 | |
| get_demo_metagene | 2.076 | 0.256 | 3.588 | |
| get_demo_regions | 0.001 | 0.001 | 0.007 | |
| get_promoters_txdb | 0 | 0 | 0 | |
| metagene | 0.351 | 0.025 | 0.576 | |
| permutation_test | 0 | 0 | 0 | |
| plot_metagene | 1.040 | 0.046 | 1.687 | |
| promoters_hg18 | 0.003 | 0.002 | 0.005 | |
| promoters_hg19 | 0.001 | 0.001 | 0.005 | |
| promoters_mm10 | 0.001 | 0.001 | 0.005 | |
| promoters_mm9 | 0.001 | 0.001 | 0.004 | |
| write_bed_file_filter_result | 0.000 | 0.001 | 0.001 | |