| Back to Mac ARM64 build report for BioC 3.17 |
|
This page was generated on 2023-10-20 09:38:03 -0400 (Fri, 20 Oct 2023).
| Hostname | OS | Arch (*) | R version | Installed pkgs |
|---|---|---|---|---|
| kjohnson2 | macOS 12.6.1 Monterey | arm64 | 4.3.1 (2023-06-16) -- "Beagle Scouts" | 4347 |
| Click on any hostname to see more info about the system (e.g. compilers) (*) as reported by 'uname -p', except on Windows and Mac OS X | ||||
| Package 871/2230 | Hostname | OS / Arch | INSTALL | BUILD | CHECK | BUILD BIN | ||||||||
| gpls 1.72.0 (landing page) Bioconductor Package Maintainer
| kjohnson2 | macOS 12.6.1 Monterey / arm64 | OK | OK | WARNINGS | OK | ||||||||
|
To the developers/maintainers of the gpls package: - Use the following Renviron settings to reproduce errors and warnings. - If 'R CMD check' started to fail recently on the Linux builder(s) over a missing dependency, add the missing dependency to 'Suggests:' in your DESCRIPTION file. See Renviron.bioc for more information. |
| Package: gpls |
| Version: 1.72.0 |
| Command: /Library/Frameworks/R.framework/Resources/bin/R CMD check --install=check:gpls.install-out.txt --library=/Library/Frameworks/R.framework/Resources/library --no-vignettes --timings gpls_1.72.0.tar.gz |
| StartedAt: 2023-10-17 23:22:59 -0400 (Tue, 17 Oct 2023) |
| EndedAt: 2023-10-17 23:23:46 -0400 (Tue, 17 Oct 2023) |
| EllapsedTime: 47.0 seconds |
| RetCode: 0 |
| Status: WARNINGS |
| CheckDir: gpls.Rcheck |
| Warnings: 1 |
##############################################################################
##############################################################################
###
### Running command:
###
### /Library/Frameworks/R.framework/Resources/bin/R CMD check --install=check:gpls.install-out.txt --library=/Library/Frameworks/R.framework/Resources/library --no-vignettes --timings gpls_1.72.0.tar.gz
###
##############################################################################
##############################################################################
* using log directory ‘/Users/biocbuild/bbs-3.17-bioc-mac-arm64/meat/gpls.Rcheck’
* using R version 4.3.1 (2023-06-16)
* using platform: aarch64-apple-darwin20 (64-bit)
* R was compiled by
Apple clang version 14.0.0 (clang-1400.0.29.202)
GNU Fortran (GCC) 12.2.0
* running under: macOS Monterey 12.6.7
* using session charset: UTF-8
* using option ‘--no-vignettes’
* checking for file ‘gpls/DESCRIPTION’ ... OK
* this is package ‘gpls’ version ‘1.72.0’
* checking package namespace information ... OK
* checking package dependencies ... OK
* checking if this is a source package ... OK
* checking if there is a namespace ... OK
* checking for hidden files and directories ... OK
* checking for portable file names ... OK
* checking for sufficient/correct file permissions ... OK
* checking whether package ‘gpls’ can be installed ... WARNING
Found the following significant warnings:
Note: break used in wrong context: no loop is visible
See ‘/Users/biocbuild/bbs-3.17-bioc-mac-arm64/meat/gpls.Rcheck/00install.out’ for details.
Information on the location(s) of code generating the ‘Note’s can be
obtained by re-running with environment variable R_KEEP_PKG_SOURCE set
to ‘yes’.
* checking installed package size ... OK
* checking package directory ... OK
* checking ‘build’ directory ... OK
* checking DESCRIPTION meta-information ... OK
* checking top-level files ... OK
* checking for left-over files ... OK
* checking index information ... OK
* checking package subdirectories ... OK
* checking R files for non-ASCII characters ... OK
* checking R files for syntax errors ... OK
* checking whether the package can be loaded ... OK
* checking whether the package can be loaded with stated dependencies ... OK
* checking whether the package can be unloaded cleanly ... OK
* checking whether the namespace can be loaded with stated dependencies ... OK
* checking whether the namespace can be unloaded cleanly ... OK
* checking dependencies in R code ... OK
* checking S3 generic/method consistency ... OK
* checking replacement functions ... OK
* checking foreign function calls ... OK
* checking R code for possible problems ... OK
* checking Rd files ... NOTE
prepare_Rd: glpls1a.Rd:26-28: Dropping empty section \details
prepare_Rd: glpls1a.Rd:47: Dropping empty section \note
prepare_Rd: glpls1a.cv.error.Rd:24-26: Dropping empty section \details
prepare_Rd: glpls1a.cv.error.Rd:42: Dropping empty section \note
prepare_Rd: glpls1a.logit.all.Rd:28-30: Dropping empty section \details
prepare_Rd: glpls1a.logit.all.Rd:45: Dropping empty section \note
prepare_Rd: glpls1a.mlogit.Rd:27-29: Dropping empty section \details
prepare_Rd: glpls1a.mlogit.Rd:47: Dropping empty section \note
prepare_Rd: glpls1a.mlogit.cv.error.Rd:24: Dropping empty section \details
prepare_Rd: glpls1a.mlogit.cv.error.Rd:40: Dropping empty section \note
prepare_Rd: glpls1a.train.test.error.Rd:27-29: Dropping empty section \details
prepare_Rd: glpls1a.train.test.error.Rd:46: Dropping empty section \note
* checking Rd metadata ... OK
* checking Rd cross-references ... OK
* checking for missing documentation entries ... OK
* checking for code/documentation mismatches ... OK
* checking Rd \usage sections ... OK
* checking Rd contents ... OK
* checking for unstated dependencies in examples ... OK
* checking sizes of PDF files under ‘inst/doc’ ... OK
* checking files in ‘vignettes’ ... OK
* checking examples ... OK
* checking for unstated dependencies in vignettes ... OK
* checking package vignettes in ‘inst/doc’ ... OK
* checking running R code from vignettes ... SKIPPED
* checking re-building of vignette outputs ... SKIPPED
* checking PDF version of manual ... OK
* DONE
Status: 1 WARNING, 1 NOTE
See
‘/Users/biocbuild/bbs-3.17-bioc-mac-arm64/meat/gpls.Rcheck/00check.log’
for details.
gpls.Rcheck/00install.out
############################################################################## ############################################################################## ### ### Running command: ### ### /Library/Frameworks/R.framework/Resources/bin/R CMD INSTALL gpls ### ############################################################################## ############################################################################## * installing to library ‘/Library/Frameworks/R.framework/Versions/4.3-arm64/Resources/library’ * installing *source* package ‘gpls’ ... ** using staged installation ** R ** byte-compile and prepare package for lazy loading Note: break used in wrong context: no loop is visible Note: break used in wrong context: no loop is visible ** help *** installing help indices ** building package indices ** installing vignettes ** testing if installed package can be loaded from temporary location ** testing if installed package can be loaded from final location ** testing if installed package keeps a record of temporary installation path * DONE (gpls)
gpls.Rcheck/gpls-Ex.timings
| name | user | system | elapsed | |
| glpls1a | 0.032 | 0.002 | 0.050 | |
| glpls1a.cv.error | 0.209 | 0.005 | 0.329 | |
| glpls1a.logit.all | 0.033 | 0.001 | 0.051 | |
| glpls1a.mlogit | 0.103 | 0.004 | 0.155 | |
| glpls1a.mlogit.cv.error | 2.157 | 0.032 | 3.129 | |
| glpls1a.train.test.error | 0.010 | 0.001 | 0.014 | |
| gpls | 0.084 | 0.006 | 0.135 | |
| predict.gpls | 0.089 | 0.007 | 0.148 | |