| Back to Mac ARM64 build report for BioC 3.17 |
|
This page was generated on 2023-10-20 09:38:03 -0400 (Fri, 20 Oct 2023).
| Hostname | OS | Arch (*) | R version | Installed pkgs |
|---|---|---|---|---|
| kjohnson2 | macOS 12.6.1 Monterey | arm64 | 4.3.1 (2023-06-16) -- "Beagle Scouts" | 4347 |
| Click on any hostname to see more info about the system (e.g. compilers) (*) as reported by 'uname -p', except on Windows and Mac OS X | ||||
| Package 832/2230 | Hostname | OS / Arch | INSTALL | BUILD | CHECK | BUILD BIN | ||||||||
| ggbio 1.48.0 (landing page) Michael Lawrence
| kjohnson2 | macOS 12.6.1 Monterey / arm64 | OK | OK | WARNINGS | OK | ||||||||
|
To the developers/maintainers of the ggbio package: - Use the following Renviron settings to reproduce errors and warnings. - If 'R CMD check' started to fail recently on the Linux builder(s) over a missing dependency, add the missing dependency to 'Suggests:' in your DESCRIPTION file. See Renviron.bioc for more information. |
| Package: ggbio |
| Version: 1.48.0 |
| Command: /Library/Frameworks/R.framework/Resources/bin/R CMD check --install=check:ggbio.install-out.txt --library=/Library/Frameworks/R.framework/Resources/library --no-vignettes --timings ggbio_1.48.0.tar.gz |
| StartedAt: 2023-10-17 22:18:42 -0400 (Tue, 17 Oct 2023) |
| EndedAt: 2023-10-17 22:36:19 -0400 (Tue, 17 Oct 2023) |
| EllapsedTime: 1057.0 seconds |
| RetCode: 0 |
| Status: WARNINGS |
| CheckDir: ggbio.Rcheck |
| Warnings: 2 |
##############################################################################
##############################################################################
###
### Running command:
###
### /Library/Frameworks/R.framework/Resources/bin/R CMD check --install=check:ggbio.install-out.txt --library=/Library/Frameworks/R.framework/Resources/library --no-vignettes --timings ggbio_1.48.0.tar.gz
###
##############################################################################
##############################################################################
* using log directory ‘/Users/biocbuild/bbs-3.17-bioc-mac-arm64/meat/ggbio.Rcheck’
* using R version 4.3.1 (2023-06-16)
* using platform: aarch64-apple-darwin20 (64-bit)
* R was compiled by
Apple clang version 14.0.0 (clang-1400.0.29.202)
GNU Fortran (GCC) 12.2.0
* running under: macOS Monterey 12.6.7
* using session charset: UTF-8
* using option ‘--no-vignettes’
* checking for file ‘ggbio/DESCRIPTION’ ... OK
* this is package ‘ggbio’ version ‘1.48.0’
* checking package namespace information ... OK
* checking package dependencies ... OK
* checking if this is a source package ... OK
* checking if there is a namespace ... OK
* checking for hidden files and directories ... OK
* checking for portable file names ... OK
* checking for sufficient/correct file permissions ... OK
* checking whether package ‘ggbio’ can be installed ... OK
* checking installed package size ... OK
* checking package directory ... OK
* checking ‘build’ directory ... OK
* checking DESCRIPTION meta-information ... OK
* checking top-level files ... OK
* checking for left-over files ... OK
* checking index information ... OK
* checking package subdirectories ... OK
* checking R files for non-ASCII characters ... OK
* checking R files for syntax errors ... OK
* checking whether the package can be loaded ... OK
* checking whether the package can be loaded with stated dependencies ... OK
* checking whether the package can be unloaded cleanly ... OK
* checking whether the namespace can be loaded with stated dependencies ... OK
* checking whether the namespace can be unloaded cleanly ... OK
* checking startup messages can be suppressed ... OK
* checking dependencies in R code ... NOTE
':::' call which should be '::': 'ggplot2:::set_last_plot'
See the note in ?`:::` about the use of this operator.
Unexported objects imported by ':::' calls:
'S4Vectors:::top_prenv' 'ggplot2:::add_ggplot' 'ggplot2:::cunion'
'ggplot2:::rescale01'
See the note in ?`:::` about the use of this operator.
* checking S3 generic/method consistency ... OK
* checking replacement functions ... OK
* checking foreign function calls ... OK
* checking R code for possible problems ... NOTE
.combineNames: no visible binding for global variable
'.layout_circle.stats'
Ideogram: no visible global function definition for 'data'
Ideogram: no visible binding for global variable 'ideoCyto'
getNR: no visible global function definition for 'se'
getNR: no visible global function definition for 'indexProbesProcessed'
getNR: no visible global function definition for 'coefs'
scale_x_sequnit: no visible binding for global variable '.x'
autoplot,ExpressionSet: no visible binding for global variable
'variable'
autoplot,RangedSummarizedExperiment: no visible binding for global
variable 'variable'
autoplot,VCF: no visible binding for global variable 'stepping'
autoplot,VCF: no visible binding for global variable 'value'
autoplot,VRanges: no visible binding for global variable 'midpoint'
autoplot,Views: no visible binding for global variable 'x'
autoplot,Views: no visible binding for global variable 'value'
geom_alignment,BamFile: no visible binding for global variable 'fl'
geom_alignment,BamFile: no visible binding for global variable
'stepping'
height,GGbio: no visible binding for global variable 'mt'
height,Tracked: no visible binding for global variable 'mt'
height,gg: no visible binding for global variable 'mt'
layout_karyogram,GRanges: no visible binding for global variable
'gieStain'
layout_karyogram,GRanges: no visible binding for global variable 'x'
layout_karyogram,GRanges: no visible binding for global variable 'xend'
layout_karyogram,GRanges: no visible binding for global variable 'y2'
layout_karyogram,GRanges: no visible binding for global variable
'yend2'
layout_karyogram,GRanges: no visible binding for global variable 'name'
plotFragLength,character-GRanges: no visible binding for global
variable '.fragLength'
plotSpliceSum,character-EnsDb: possible error in GRangesFilter(which,
condition = "overlapping"): unused argument (condition =
"overlapping")
stat_mismatch,GRanges: no visible binding for global variable 'sts'
stat_mismatch,GRanges: no visible binding for global variable 'eds'
stat_mismatch,GRanges: no visible binding for global variable 'read'
Undefined global functions or variables:
.fragLength .layout_circle.stats .x coefs data eds fl gieStain
ideoCyto indexProbesProcessed midpoint mt name read se stepping sts
value variable x xend y2 yend2
Consider adding
importFrom("utils", "data")
to your NAMESPACE file.
* checking Rd files ... NOTE
checkRd: (-1) autoplot-method.Rd:445: Escaped LaTeX specials: \~
* checking Rd metadata ... OK
* checking Rd cross-references ... OK
* checking for missing documentation entries ... WARNING
Undocumented S4 methods:
generic '+' and siglist 'Tracks,ANY'
generic '+' and siglist 'Tracks,Tracks'
generic '+' and siglist 'Tracks,cartesian'
generic '+' and siglist 'Tracks,position_c'
generic '+' and siglist 'Tracks,theme'
generic '+' and siglist 'Tracks,zoom'
All user-level objects in a package (including S4 classes and methods)
should have documentation entries.
See chapter ‘Writing R documentation files’ in the ‘Writing R
Extensions’ manual.
* checking for code/documentation mismatches ... WARNING
Codoc mismatches from documentation object 'geom_alignment':
\S4method{geom_alignment}{GRanges}
Code: function(data, ..., xlab, ylab, main, facets = NULL, stat =
c("stepping", "identity"), range.geom = c("rect",
"arrowrect"), gap.geom = c("chevron", "arrow",
"segment"), rect.height = NULL, group.selfish = TRUE)
Docs: function(data, ..., xlab, ylab, main, facets = NULL, stat =
c("stepping", "identity"), range.geom = c("rect",
"arrowrect"), gap.geom = c("chevron", "arrow",
"segment"), rect.height = NULL, group.selfish = TRUE,
label = TRUE)
Argument names in docs not in code:
label
Codoc mismatches from documentation object 'ggsave':
ggsave
Code: function(filename, plot = last_plot(), device = NULL, path =
NULL, scale = 1, width = NA, height = NA, units =
c("in", "cm", "mm"), dpi = 300, limitsize = TRUE, ...)
Docs: function(filename, plot = last_plot(), device =
default_device(filename), path = NULL, scale = 1,
width = par("din")[1], height = par("din")[2], units =
c("in", "cm", "mm"), dpi = 300, limitsize = TRUE, ...)
Mismatches in argument default values:
Name: 'device' Code: NULL Docs: default_device(filename)
Name: 'width' Code: NA Docs: par("din")[1]
Name: 'height' Code: NA Docs: par("din")[2]
* checking Rd \usage sections ... OK
* checking Rd contents ... OK
* checking for unstated dependencies in examples ... OK
* checking line endings in Makefiles ... OK
* checking for GNU extensions in Makefiles ... OK
* checking include directives in Makefiles ... OK
* checking sizes of PDF files under ‘inst/doc’ ... OK
* checking files in ‘vignettes’ ... OK
* checking examples ... OK
Examples with CPU (user + system) or elapsed time > 5s
user system elapsed
autoplot-method 105.169 2.117 163.964
geom_alignment-method 41.745 0.777 62.602
tracks 27.408 0.387 40.715
layout_karyogram-method 19.633 0.270 30.047
plotRangesLinkedToData 12.140 0.211 17.089
stat_reduce-method 10.325 0.207 15.062
ggplot-method 9.312 0.183 13.622
stat_aggregate-method 8.962 0.188 13.885
plotGrandLinear 7.460 0.187 11.382
layout_circle-method 6.562 0.082 10.193
geom_arrow-method 6.424 0.089 9.927
stat_bin-method 5.564 0.101 8.555
geom_chevron-method 5.571 0.085 8.746
geom_arrowrect-method 4.194 0.061 6.467
geom_rect-method 3.983 0.070 6.097
geom_segment-method 3.768 0.053 5.333
stat_slice-method 3.504 0.053 5.153
stat_identity-method 3.392 0.099 5.226
scale_fill_giemsa 3.400 0.048 5.331
* checking for unstated dependencies in ‘tests’ ... OK
* checking tests ...
Running ‘test-all.R’
OK
* checking for unstated dependencies in vignettes ... OK
* checking package vignettes in ‘inst/doc’ ... OK
* checking running R code from vignettes ... SKIPPED
* checking re-building of vignette outputs ... SKIPPED
* checking PDF version of manual ... OK
* DONE
Status: 2 WARNINGs, 3 NOTEs
See
‘/Users/biocbuild/bbs-3.17-bioc-mac-arm64/meat/ggbio.Rcheck/00check.log’
for details.
ggbio.Rcheck/00install.out
############################################################################## ############################################################################## ### ### Running command: ### ### /Library/Frameworks/R.framework/Resources/bin/R CMD INSTALL ggbio ### ############################################################################## ############################################################################## * installing to library ‘/Library/Frameworks/R.framework/Versions/4.3-arm64/Resources/library’ * installing *source* package ‘ggbio’ ... ** using staged installation ** R ** inst ** byte-compile and prepare package for lazy loading Creating a new generic function for 'rescale' in package 'ggbio' Creating a new generic function for 'xlim' in package 'ggbio' Creating a new generic function for 'geom_rect' in package 'ggbio' Creating a new generic function for 'geom_segment' in package 'ggbio' Creating a new generic function for 'geom_bar' in package 'ggbio' Creating a new generic function for 'stat_identity' in package 'ggbio' Creating a new generic function for 'stat_bin' in package 'ggbio' ** help *** installing help indices ** building package indices ** installing vignettes ** testing if installed package can be loaded from temporary location ** testing if installed package can be loaded from final location ** testing if installed package keeps a record of temporary installation path * DONE (ggbio)
ggbio.Rcheck/tests/test-all.Rout
R version 4.3.1 (2023-06-16) -- "Beagle Scouts"
Copyright (C) 2023 The R Foundation for Statistical Computing
Platform: aarch64-apple-darwin20 (64-bit)
R is free software and comes with ABSOLUTELY NO WARRANTY.
You are welcome to redistribute it under certain conditions.
Type 'license()' or 'licence()' for distribution details.
R is a collaborative project with many contributors.
Type 'contributors()' for more information and
'citation()' on how to cite R or R packages in publications.
Type 'demo()' for some demos, 'help()' for on-line help, or
'help.start()' for an HTML browser interface to help.
Type 'q()' to quit R.
> library(testthat)
> test_check("ggbio")
Loading required package: ggbio
Loading required package: BiocGenerics
Attaching package: 'BiocGenerics'
The following objects are masked from 'package:stats':
IQR, mad, sd, var, xtabs
The following objects are masked from 'package:base':
Filter, Find, Map, Position, Reduce, anyDuplicated, aperm, append,
as.data.frame, basename, cbind, colnames, dirname, do.call,
duplicated, eval, evalq, get, grep, grepl, intersect, is.unsorted,
lapply, mapply, match, mget, order, paste, pmax, pmax.int, pmin,
pmin.int, rank, rbind, rownames, sapply, setdiff, sort, table,
tapply, union, unique, unsplit, which.max, which.min
Loading required package: ggplot2
Need specific help about ggbio? try mailing
the maintainer or visit https://lawremi.github.io/ggbio/
Attaching package: 'ggbio'
The following objects are masked from 'package:ggplot2':
geom_bar, geom_rect, geom_segment, ggsave, stat_bin, stat_identity,
xlim
[ FAIL 0 | WARN 0 | SKIP 0 | PASS 0 ]
>
> proc.time()
user system elapsed
17.876 1.010 27.324
ggbio.Rcheck/ggbio-Ex.timings
| name | user | system | elapsed | |
| arrangeGrobByParsingLegend | 3.044 | 0.159 | 4.868 | |
| autoplot-method | 105.169 | 2.117 | 163.964 | |
| geom_alignment-method | 41.745 | 0.777 | 62.602 | |
| geom_arch-method | 1.583 | 0.044 | 2.493 | |
| geom_arrow-method | 6.424 | 0.089 | 9.927 | |
| geom_arrowrect-method | 4.194 | 0.061 | 6.467 | |
| geom_bar-method | 1.319 | 0.028 | 2.061 | |
| geom_chevron-method | 5.571 | 0.085 | 8.746 | |
| geom_rect-method | 3.983 | 0.070 | 6.097 | |
| geom_segment-method | 3.768 | 0.053 | 5.333 | |
| ggbio-class | 0.014 | 0.001 | 0.016 | |
| ggplot-method | 9.312 | 0.183 | 13.622 | |
| layout_circle-method | 6.562 | 0.082 | 10.193 | |
| layout_karyogram-method | 19.633 | 0.270 | 30.047 | |
| plotFragLength | 0.000 | 0.001 | 0.001 | |
| plotGrandLinear | 7.460 | 0.187 | 11.382 | |
| plotRangesLinkedToData | 12.140 | 0.211 | 17.089 | |
| plotSingleChrom | 0 | 0 | 0 | |
| plotSpliceSum | 0.001 | 0.000 | 0.000 | |
| plotStackedOverview | 0.000 | 0.001 | 0.002 | |
| rescale-method | 0.129 | 0.004 | 0.202 | |
| scale_fill_fold_change | 0.453 | 0.012 | 0.690 | |
| scale_fill_giemsa | 3.400 | 0.048 | 5.331 | |
| scale_x_sequnit | 0.407 | 0.013 | 0.642 | |
| stat_aggregate-method | 8.962 | 0.188 | 13.885 | |
| stat_bin-method | 5.564 | 0.101 | 8.555 | |
| stat_coverage-method | 2.889 | 0.058 | 4.118 | |
| stat_gene-method | 0.000 | 0.001 | 0.001 | |
| stat_identity-method | 3.392 | 0.099 | 5.226 | |
| stat_reduce-method | 10.325 | 0.207 | 15.062 | |
| stat_slice-method | 3.504 | 0.053 | 5.153 | |
| stat_stepping-method | 3.101 | 0.045 | 4.713 | |
| stat_table-method | 2.083 | 0.038 | 3.113 | |
| theme | 1.979 | 0.029 | 2.653 | |
| tracks | 27.408 | 0.387 | 40.715 | |