| Back to Mac ARM64 build report for BioC 3.17 |
|
This page was generated on 2023-10-20 09:37:58 -0400 (Fri, 20 Oct 2023).
| Hostname | OS | Arch (*) | R version | Installed pkgs |
|---|---|---|---|---|
| kjohnson2 | macOS 12.6.1 Monterey | arm64 | 4.3.1 (2023-06-16) -- "Beagle Scouts" | 4347 |
| Click on any hostname to see more info about the system (e.g. compilers) (*) as reported by 'uname -p', except on Windows and Mac OS X | ||||
| Package 64/2230 | Hostname | OS / Arch | INSTALL | BUILD | CHECK | BUILD BIN | ||||||||
| animalcules 1.16.0 (landing page) Yue Zhao
| kjohnson2 | macOS 12.6.1 Monterey / arm64 | OK | OK | WARNINGS | OK | ||||||||
|
To the developers/maintainers of the animalcules package: - Use the following Renviron settings to reproduce errors and warnings. - If 'R CMD check' started to fail recently on the Linux builder(s) over a missing dependency, add the missing dependency to 'Suggests:' in your DESCRIPTION file. See Renviron.bioc for more information. |
| Package: animalcules |
| Version: 1.16.0 |
| Command: /Library/Frameworks/R.framework/Resources/bin/R CMD check --install=check:animalcules.install-out.txt --library=/Library/Frameworks/R.framework/Resources/library --no-vignettes --timings animalcules_1.16.0.tar.gz |
| StartedAt: 2023-10-17 02:12:37 -0400 (Tue, 17 Oct 2023) |
| EndedAt: 2023-10-17 02:20:21 -0400 (Tue, 17 Oct 2023) |
| EllapsedTime: 464.9 seconds |
| RetCode: 0 |
| Status: WARNINGS |
| CheckDir: animalcules.Rcheck |
| Warnings: 1 |
##############################################################################
##############################################################################
###
### Running command:
###
### /Library/Frameworks/R.framework/Resources/bin/R CMD check --install=check:animalcules.install-out.txt --library=/Library/Frameworks/R.framework/Resources/library --no-vignettes --timings animalcules_1.16.0.tar.gz
###
##############################################################################
##############################################################################
* using log directory ‘/Users/biocbuild/bbs-3.17-bioc-mac-arm64/meat/animalcules.Rcheck’
* using R version 4.3.1 (2023-06-16)
* using platform: aarch64-apple-darwin20 (64-bit)
* R was compiled by
Apple clang version 14.0.0 (clang-1400.0.29.202)
GNU Fortran (GCC) 12.2.0
* running under: macOS Monterey 12.6.7
* using session charset: UTF-8
* using option ‘--no-vignettes’
* checking for file ‘animalcules/DESCRIPTION’ ... OK
* this is package ‘animalcules’ version ‘1.16.0’
* package encoding: UTF-8
* checking package namespace information ... OK
* checking package dependencies ... OK
* checking if this is a source package ... OK
* checking if there is a namespace ... OK
* checking for hidden files and directories ... OK
* checking for portable file names ... OK
* checking for sufficient/correct file permissions ... OK
* checking whether package ‘animalcules’ can be installed ... WARNING
Found the following significant warnings:
Warning: replacing previous import ‘SummarizedExperiment::rownames’ by ‘biomformat::rownames’ when loading ‘animalcules’
Warning: replacing previous import ‘SummarizedExperiment::colnames’ by ‘biomformat::colnames’ when loading ‘animalcules’
Warning: replacing previous import ‘ape::where’ by ‘dplyr::where’ when loading ‘animalcules’
See ‘/Users/biocbuild/bbs-3.17-bioc-mac-arm64/meat/animalcules.Rcheck/00install.out’ for details.
* checking installed package size ... OK
* checking package directory ... OK
* checking ‘build’ directory ... OK
* checking DESCRIPTION meta-information ... OK
* checking top-level files ... OK
* checking for left-over files ... OK
* checking index information ... OK
* checking package subdirectories ... OK
* checking R files for non-ASCII characters ... OK
* checking R files for syntax errors ... OK
* checking whether the package can be loaded ... OK
* checking whether the package can be loaded with stated dependencies ... OK
* checking whether the package can be unloaded cleanly ... OK
* checking whether the namespace can be loaded with stated dependencies ... OK
* checking whether the namespace can be unloaded cleanly ... OK
* checking dependencies in R code ... OK
* checking S3 generic/method consistency ... OK
* checking replacement functions ... OK
* checking foreign function calls ... OK
* checking R code for possible problems ... NOTE
alpha_div_boxplot: no visible binding for global variable ‘richness’
differential_abundance: no visible binding for global variable ‘padj’
differential_abundance: no visible binding for global variable ‘pValue’
differential_abundance: no visible binding for global variable
‘log2FoldChange’
diversities_help: no visible binding for global variable ‘x’
find_biomarker: no visible binding for global variable ‘rowname’
find_biomarker: no visible binding for global variable ‘importance’
find_biomarker: no visible binding for global variable ‘.’
find_biomarker: no visible binding for global variable ‘Overall’
find_biomarker: no visible binding for global variable ‘y’
find_biomarker: no visible binding for global variable ‘m’
find_biomarker: no visible binding for global variable ‘d’
relabu_barplot: no visible binding for global variable ‘.’
relabu_boxplot: no visible binding for global variable ‘.’
relabu_heatmap: no visible binding for global variable ‘.’
upsample_counts: no visible binding for global variable ‘.’
Undefined global functions or variables:
. Overall d importance log2FoldChange m pValue padj richness rowname
x y
* checking Rd files ... OK
* checking Rd metadata ... OK
* checking Rd cross-references ... OK
* checking for missing documentation entries ... OK
* checking for code/documentation mismatches ... OK
* checking Rd \usage sections ... OK
* checking Rd contents ... OK
* checking for unstated dependencies in examples ... OK
* checking files in ‘vignettes’ ... OK
* checking examples ... OK
Examples with CPU (user + system) or elapsed time > 5s
user system elapsed
dimred_tsne 6.754 0.190 10.669
differential_abundance 6.218 0.176 9.792
find_biomarker 4.823 0.082 7.517
find_taxon_mat 0.191 0.025 7.290
* checking for unstated dependencies in ‘tests’ ... OK
* checking tests ...
Running ‘testthat.R’
OK
* checking for unstated dependencies in vignettes ... OK
* checking package vignettes in ‘inst/doc’ ... OK
* checking running R code from vignettes ... SKIPPED
* checking re-building of vignette outputs ... SKIPPED
* checking PDF version of manual ... OK
* DONE
Status: 1 WARNING, 1 NOTE
See
‘/Users/biocbuild/bbs-3.17-bioc-mac-arm64/meat/animalcules.Rcheck/00check.log’
for details.
animalcules.Rcheck/00install.out
############################################################################## ############################################################################## ### ### Running command: ### ### /Library/Frameworks/R.framework/Resources/bin/R CMD INSTALL animalcules ### ############################################################################## ############################################################################## * installing to library ‘/Library/Frameworks/R.framework/Versions/4.3-arm64/Resources/library’ * installing *source* package ‘animalcules’ ... ** using staged installation ** R ** inst ** byte-compile and prepare package for lazy loading Warning: replacing previous import ‘SummarizedExperiment::rownames’ by ‘biomformat::rownames’ when loading ‘animalcules’ Warning: replacing previous import ‘SummarizedExperiment::colnames’ by ‘biomformat::colnames’ when loading ‘animalcules’ Warning: replacing previous import ‘ape::where’ by ‘dplyr::where’ when loading ‘animalcules’ ** help *** installing help indices ** building package indices ** installing vignettes ** testing if installed package can be loaded from temporary location Warning: replacing previous import ‘SummarizedExperiment::rownames’ by ‘biomformat::rownames’ when loading ‘animalcules’ Warning: replacing previous import ‘SummarizedExperiment::colnames’ by ‘biomformat::colnames’ when loading ‘animalcules’ Warning: replacing previous import ‘ape::where’ by ‘dplyr::where’ when loading ‘animalcules’ ** testing if installed package can be loaded from final location Warning: replacing previous import ‘SummarizedExperiment::rownames’ by ‘biomformat::rownames’ when loading ‘animalcules’ Warning: replacing previous import ‘SummarizedExperiment::colnames’ by ‘biomformat::colnames’ when loading ‘animalcules’ Warning: replacing previous import ‘ape::where’ by ‘dplyr::where’ when loading ‘animalcules’ ** testing if installed package keeps a record of temporary installation path * DONE (animalcules)
animalcules.Rcheck/tests/testthat.Rout
R version 4.3.1 (2023-06-16) -- "Beagle Scouts"
Copyright (C) 2023 The R Foundation for Statistical Computing
Platform: aarch64-apple-darwin20 (64-bit)
R is free software and comes with ABSOLUTELY NO WARRANTY.
You are welcome to redistribute it under certain conditions.
Type 'license()' or 'licence()' for distribution details.
R is a collaborative project with many contributors.
Type 'contributors()' for more information and
'citation()' on how to cite R or R packages in publications.
Type 'demo()' for some demos, 'help()' for on-line help, or
'help.start()' for an HTML browser interface to help.
Type 'q()' to quit R.
> library(testthat)
> library(animalcules)
Warning messages:
1: replacing previous import 'SummarizedExperiment::rownames' by 'biomformat::rownames' when loading 'animalcules'
2: replacing previous import 'SummarizedExperiment::colnames' by 'biomformat::colnames' when loading 'animalcules'
3: replacing previous import 'ape::where' by 'dplyr::where' when loading 'animalcules'
>
> test_check("animalcules")
[ FAIL 0 | WARN 7 | SKIP 0 | PASS 38 ]
[ FAIL 0 | WARN 7 | SKIP 0 | PASS 38 ]
>
> proc.time()
user system elapsed
30.942 1.057 48.985
animalcules.Rcheck/animalcules-Ex.timings
| name | user | system | elapsed | |
| alpha_div_boxplot | 0.652 | 0.085 | 1.121 | |
| alpha_div_test | 0.004 | 0.001 | 0.007 | |
| counts_to_logcpm | 0.002 | 0.001 | 0.005 | |
| counts_to_relabu | 0.003 | 0.001 | 0.005 | |
| df_char_to_factor | 0.001 | 0.001 | 0.001 | |
| differential_abundance | 6.218 | 0.176 | 9.792 | |
| dimred_pca | 0.199 | 0.042 | 0.367 | |
| dimred_pcoa | 0.187 | 0.036 | 0.344 | |
| dimred_tsne | 6.754 | 0.190 | 10.669 | |
| dimred_umap | 0.450 | 0.041 | 0.755 | |
| diversities | 0.001 | 0.000 | 0.000 | |
| diversities_help | 0.001 | 0.001 | 0.001 | |
| diversity_beta_boxplot | 0.236 | 0.035 | 0.420 | |
| diversity_beta_heatmap | 0.246 | 0.038 | 0.433 | |
| diversity_beta_test | 0.123 | 0.003 | 0.195 | |
| do_alpha_div_test | 0.063 | 0.003 | 0.103 | |
| filter_categorize | 0.444 | 0.084 | 0.802 | |
| filter_summary_bar_density | 0.372 | 0.036 | 0.627 | |
| filter_summary_pie_box | 0.279 | 0.034 | 0.481 | |
| find_biomarker | 4.823 | 0.082 | 7.517 | |
| find_taxon_mat | 0.191 | 0.025 | 7.290 | |
| find_taxonomy | 0.024 | 0.001 | 0.699 | |
| find_taxonomy_300 | 0.024 | 0.001 | 0.709 | |
| gini_simpson | 0.001 | 0.000 | 0.001 | |
| grep_tid | 0.001 | 0.001 | 0.001 | |
| inverse_simpson | 0.000 | 0.001 | 0.001 | |
| is_categorical | 0.001 | 0.000 | 0.002 | |
| is_integer0 | 0.001 | 0.000 | 0.001 | |
| is_integer1 | 0.001 | 0.000 | 0.000 | |
| mae_pick_organisms | 0.121 | 0.002 | 0.189 | |
| mae_pick_samples | 0.088 | 0.002 | 0.140 | |
| pct2str | 0.001 | 0.001 | 0.003 | |
| percent | 0.000 | 0.001 | 0.001 | |
| relabu_barplot | 1.297 | 0.045 | 2.062 | |
| relabu_boxplot | 0.122 | 0.028 | 0.225 | |
| relabu_heatmap | 0.152 | 0.031 | 0.271 | |
| run_animalcules | 0.000 | 0.000 | 0.001 | |
| shannon | 0 | 0 | 0 | |
| simpson_index | 0 | 0 | 0 | |
| upsample_counts | 0.014 | 0.001 | 0.022 | |