| Back to Mac ARM64 build report for BioC 3.17 |
|
This page was generated on 2023-10-20 09:38:11 -0400 (Fri, 20 Oct 2023).
| Hostname | OS | Arch (*) | R version | Installed pkgs |
|---|---|---|---|---|
| kjohnson2 | macOS 12.6.1 Monterey | arm64 | 4.3.1 (2023-06-16) -- "Beagle Scouts" | 4347 |
| Click on any hostname to see more info about the system (e.g. compilers) (*) as reported by 'uname -p', except on Windows and Mac OS X | ||||
| Package 1770/2230 | Hostname | OS / Arch | INSTALL | BUILD | CHECK | BUILD BIN | ||||||||
| Rsamtools 2.16.0 (landing page) Bioconductor Package Maintainer
| kjohnson2 | macOS 12.6.1 Monterey / arm64 | OK | OK | WARNINGS | OK | ||||||||
|
To the developers/maintainers of the Rsamtools package: - Use the following Renviron settings to reproduce errors and warnings. - If 'R CMD check' started to fail recently on the Linux builder(s) over a missing dependency, add the missing dependency to 'Suggests:' in your DESCRIPTION file. See Renviron.bioc for more information. |
| Package: Rsamtools |
| Version: 2.16.0 |
| Command: /Library/Frameworks/R.framework/Resources/bin/R CMD check --install=check:Rsamtools.install-out.txt --library=/Library/Frameworks/R.framework/Resources/library --no-vignettes --timings Rsamtools_2.16.0.tar.gz |
| StartedAt: 2023-10-18 20:38:19 -0400 (Wed, 18 Oct 2023) |
| EndedAt: 2023-10-18 20:42:58 -0400 (Wed, 18 Oct 2023) |
| EllapsedTime: 278.7 seconds |
| RetCode: 0 |
| Status: WARNINGS |
| CheckDir: Rsamtools.Rcheck |
| Warnings: 2 |
##############################################################################
##############################################################################
###
### Running command:
###
### /Library/Frameworks/R.framework/Resources/bin/R CMD check --install=check:Rsamtools.install-out.txt --library=/Library/Frameworks/R.framework/Resources/library --no-vignettes --timings Rsamtools_2.16.0.tar.gz
###
##############################################################################
##############################################################################
* using log directory ‘/Users/biocbuild/bbs-3.17-bioc-mac-arm64/meat/Rsamtools.Rcheck’
* using R version 4.3.1 (2023-06-16)
* using platform: aarch64-apple-darwin20 (64-bit)
* R was compiled by
Apple clang version 14.0.0 (clang-1400.0.29.202)
GNU Fortran (GCC) 12.2.0
* running under: macOS Monterey 12.6.7
* using session charset: UTF-8
* using option ‘--no-vignettes’
* checking for file ‘Rsamtools/DESCRIPTION’ ... OK
* checking extension type ... Package
* this is package ‘Rsamtools’ version ‘2.16.0’
* package encoding: UTF-8
* checking package namespace information ... OK
* checking package dependencies ... OK
* checking if this is a source package ... OK
* checking if there is a namespace ... OK
* checking for hidden files and directories ... OK
* checking for portable file names ... OK
* checking for sufficient/correct file permissions ... OK
* checking whether package ‘Rsamtools’ can be installed ... WARNING
Found the following significant warnings:
tabixfile.c:190:9: warning: 'bgzf_is_bgzf' is deprecated: Use bgzf_compression() or hts_detect_format() instead [-Wdeprecated-declarations]
See ‘/Users/biocbuild/bbs-3.17-bioc-mac-arm64/meat/Rsamtools.Rcheck/00install.out’ for details.
* used C compiler: ‘Apple clang version 14.0.0 (clang-1400.0.29.202)’
* used C++ compiler: ‘Apple clang version 14.0.0 (clang-1400.0.29.202)’
* used SDK: ‘MacOSX11.3.sdk’
* checking installed package size ... NOTE
installed size is 5.7Mb
sub-directories of 1Mb or more:
extdata 2.7Mb
libs 1.2Mb
* checking package directory ... OK
* checking ‘build’ directory ... OK
* checking DESCRIPTION meta-information ... OK
* checking top-level files ... OK
* checking for left-over files ... OK
* checking index information ... OK
* checking package subdirectories ... OK
* checking R files for non-ASCII characters ... OK
* checking R files for syntax errors ... OK
* checking whether the package can be loaded ... OK
* checking whether the package can be loaded with stated dependencies ... OK
* checking whether the package can be unloaded cleanly ... OK
* checking whether the namespace can be loaded with stated dependencies ... OK
* checking whether the namespace can be unloaded cleanly ... OK
* checking startup messages can be suppressed ... OK
* checking dependencies in R code ... NOTE
Unexported objects imported by ':::' calls:
‘S4Vectors:::explodeIntBits’ ‘S4Vectors:::implodeIntBits’
‘S4Vectors:::makePowersOfTwo’ ‘S4Vectors:::quick_unlist’
‘S4Vectors:::selectSome’
See the note in ?`:::` about the use of this operator.
* checking S3 generic/method consistency ... OK
* checking replacement functions ... OK
* checking foreign function calls ... OK
* checking R code for possible problems ... OK
* checking Rd files ... OK
* checking Rd metadata ... OK
* checking Rd cross-references ... OK
* checking for missing documentation entries ... OK
* checking for code/documentation mismatches ... OK
* checking Rd \usage sections ... OK
* checking Rd contents ... OK
* checking for unstated dependencies in examples ... OK
* checking line endings in C/C++/Fortran sources/headers ... OK
* checking line endings in Makefiles ... OK
* checking compilation flags in Makevars ... OK
* checking for GNU extensions in Makefiles ... NOTE
GNU make is a SystemRequirements.
* checking for portable use of $(BLAS_LIBS) and $(LAPACK_LIBS) ... OK
* checking use of PKG_*FLAGS in Makefiles ... OK
* checking compiled code ... WARNING
Note: information on .o files is not available
File ‘/Library/Frameworks/R.framework/Versions/4.3-arm64/Resources/library/Rsamtools/libs/Rsamtools.so’:
Found ‘___assert_rtn’, possibly from ‘assert’ (C)
Found ‘___sprintf_chk’, possibly from ‘sprintf’ (C)
Found ‘___stderrp’, possibly from ‘stderr’ (C)
Found ‘___stdoutp’, possibly from ‘stdout’ (C)
Found ‘_abort’, possibly from ‘abort’ (C)
Found ‘_exit’, possibly from ‘exit’ (C)
Found ‘_sprintf’, possibly from ‘sprintf’ (C)
Compiled code should not call entry points which might terminate R nor
write to stdout/stderr instead of to the console, nor use Fortran I/O
nor system RNGs nor [v]sprintf. The detected symbols are linked into
the code but might come from libraries and not actually be called.
See ‘Writing portable packages’ in the ‘Writing R Extensions’ manual.
* checking files in ‘vignettes’ ... OK
* checking examples ... OK
Examples with CPU (user + system) or elapsed time > 5s
user system elapsed
pileup 42.807 0.596 64.703
* checking for unstated dependencies in ‘tests’ ... OK
* checking tests ...
Running ‘Rsamtools_unit_tests.R’
OK
* checking for unstated dependencies in vignettes ... OK
* checking package vignettes in ‘inst/doc’ ... OK
* checking running R code from vignettes ... SKIPPED
* checking re-building of vignette outputs ... SKIPPED
* checking PDF version of manual ... OK
* DONE
Status: 2 WARNINGs, 3 NOTEs
See
‘/Users/biocbuild/bbs-3.17-bioc-mac-arm64/meat/Rsamtools.Rcheck/00check.log’
for details.
Rsamtools.Rcheck/00install.out
##############################################################################
##############################################################################
###
### Running command:
###
### /Library/Frameworks/R.framework/Resources/bin/R CMD INSTALL Rsamtools
###
##############################################################################
##############################################################################
* installing to library ‘/Library/Frameworks/R.framework/Versions/4.3-arm64/Resources/library’
* installing *source* package ‘Rsamtools’ ...
** using staged installation
** libs
using C compiler: ‘Apple clang version 14.0.0 (clang-1400.0.29.202)’
using C++ compiler: ‘Apple clang version 14.0.0 (clang-1400.0.29.202)’
using SDK: ‘MacOSX11.3.sdk’
clang -arch arm64 -I"/Library/Frameworks/R.framework/Resources/include" -DNDEBUG -D_FILE_OFFSET_BITS=64 -I'/Library/Frameworks/R.framework/Versions/4.3-arm64/Resources/library/Rhtslib/include' -I'/Library/Frameworks/R.framework/Versions/4.3-arm64/Resources/library/S4Vectors/include' -I'/Library/Frameworks/R.framework/Versions/4.3-arm64/Resources/library/IRanges/include' -I'/Library/Frameworks/R.framework/Versions/4.3-arm64/Resources/library/XVector/include' -I'/Library/Frameworks/R.framework/Versions/4.3-arm64/Resources/library/Biostrings/include' -I/opt/R/arm64/include -fPIC -falign-functions=64 -Wall -g -O2 -c Biostrings_stubs.c -o Biostrings_stubs.o
clang -arch arm64 -I"/Library/Frameworks/R.framework/Resources/include" -DNDEBUG -D_FILE_OFFSET_BITS=64 -I'/Library/Frameworks/R.framework/Versions/4.3-arm64/Resources/library/Rhtslib/include' -I'/Library/Frameworks/R.framework/Versions/4.3-arm64/Resources/library/S4Vectors/include' -I'/Library/Frameworks/R.framework/Versions/4.3-arm64/Resources/library/IRanges/include' -I'/Library/Frameworks/R.framework/Versions/4.3-arm64/Resources/library/XVector/include' -I'/Library/Frameworks/R.framework/Versions/4.3-arm64/Resources/library/Biostrings/include' -I/opt/R/arm64/include -fPIC -falign-functions=64 -Wall -g -O2 -c COMPAT_bcf_hdr_read.c -o COMPAT_bcf_hdr_read.o
clang -arch arm64 -I"/Library/Frameworks/R.framework/Resources/include" -DNDEBUG -D_FILE_OFFSET_BITS=64 -I'/Library/Frameworks/R.framework/Versions/4.3-arm64/Resources/library/Rhtslib/include' -I'/Library/Frameworks/R.framework/Versions/4.3-arm64/Resources/library/S4Vectors/include' -I'/Library/Frameworks/R.framework/Versions/4.3-arm64/Resources/library/IRanges/include' -I'/Library/Frameworks/R.framework/Versions/4.3-arm64/Resources/library/XVector/include' -I'/Library/Frameworks/R.framework/Versions/4.3-arm64/Resources/library/Biostrings/include' -I/opt/R/arm64/include -fPIC -falign-functions=64 -Wall -g -O2 -c IRanges_stubs.c -o IRanges_stubs.o
clang++ -arch arm64 -std=gnu++17 -I"/Library/Frameworks/R.framework/Resources/include" -DNDEBUG -D_FILE_OFFSET_BITS=64 -I'/Library/Frameworks/R.framework/Versions/4.3-arm64/Resources/library/Rhtslib/include' -I'/Library/Frameworks/R.framework/Versions/4.3-arm64/Resources/library/S4Vectors/include' -I'/Library/Frameworks/R.framework/Versions/4.3-arm64/Resources/library/IRanges/include' -I'/Library/Frameworks/R.framework/Versions/4.3-arm64/Resources/library/XVector/include' -I'/Library/Frameworks/R.framework/Versions/4.3-arm64/Resources/library/Biostrings/include' -I/opt/R/arm64/include -fPIC -falign-functions=64 -Wall -g -O2 -c PileupBuffer.cpp -o PileupBuffer.o
clang++ -arch arm64 -std=gnu++17 -I"/Library/Frameworks/R.framework/Resources/include" -DNDEBUG -D_FILE_OFFSET_BITS=64 -I'/Library/Frameworks/R.framework/Versions/4.3-arm64/Resources/library/Rhtslib/include' -I'/Library/Frameworks/R.framework/Versions/4.3-arm64/Resources/library/S4Vectors/include' -I'/Library/Frameworks/R.framework/Versions/4.3-arm64/Resources/library/IRanges/include' -I'/Library/Frameworks/R.framework/Versions/4.3-arm64/Resources/library/XVector/include' -I'/Library/Frameworks/R.framework/Versions/4.3-arm64/Resources/library/Biostrings/include' -I/opt/R/arm64/include -fPIC -falign-functions=64 -Wall -g -O2 -c PosCacheColl.cpp -o PosCacheColl.o
clang -arch arm64 -I"/Library/Frameworks/R.framework/Resources/include" -DNDEBUG -D_FILE_OFFSET_BITS=64 -I'/Library/Frameworks/R.framework/Versions/4.3-arm64/Resources/library/Rhtslib/include' -I'/Library/Frameworks/R.framework/Versions/4.3-arm64/Resources/library/S4Vectors/include' -I'/Library/Frameworks/R.framework/Versions/4.3-arm64/Resources/library/IRanges/include' -I'/Library/Frameworks/R.framework/Versions/4.3-arm64/Resources/library/XVector/include' -I'/Library/Frameworks/R.framework/Versions/4.3-arm64/Resources/library/Biostrings/include' -I/opt/R/arm64/include -fPIC -falign-functions=64 -Wall -g -O2 -c R_init_Rsamtools.c -o R_init_Rsamtools.o
clang++ -arch arm64 -std=gnu++17 -I"/Library/Frameworks/R.framework/Resources/include" -DNDEBUG -D_FILE_OFFSET_BITS=64 -I'/Library/Frameworks/R.framework/Versions/4.3-arm64/Resources/library/Rhtslib/include' -I'/Library/Frameworks/R.framework/Versions/4.3-arm64/Resources/library/S4Vectors/include' -I'/Library/Frameworks/R.framework/Versions/4.3-arm64/Resources/library/IRanges/include' -I'/Library/Frameworks/R.framework/Versions/4.3-arm64/Resources/library/XVector/include' -I'/Library/Frameworks/R.framework/Versions/4.3-arm64/Resources/library/Biostrings/include' -I/opt/R/arm64/include -fPIC -falign-functions=64 -Wall -g -O2 -c ResultManager.cpp -o ResultManager.o
clang -arch arm64 -I"/Library/Frameworks/R.framework/Resources/include" -DNDEBUG -D_FILE_OFFSET_BITS=64 -I'/Library/Frameworks/R.framework/Versions/4.3-arm64/Resources/library/Rhtslib/include' -I'/Library/Frameworks/R.framework/Versions/4.3-arm64/Resources/library/S4Vectors/include' -I'/Library/Frameworks/R.framework/Versions/4.3-arm64/Resources/library/IRanges/include' -I'/Library/Frameworks/R.framework/Versions/4.3-arm64/Resources/library/XVector/include' -I'/Library/Frameworks/R.framework/Versions/4.3-arm64/Resources/library/Biostrings/include' -I/opt/R/arm64/include -fPIC -falign-functions=64 -Wall -g -O2 -c S4Vectors_stubs.c -o S4Vectors_stubs.o
clang -arch arm64 -I"/Library/Frameworks/R.framework/Resources/include" -DNDEBUG -D_FILE_OFFSET_BITS=64 -I'/Library/Frameworks/R.framework/Versions/4.3-arm64/Resources/library/Rhtslib/include' -I'/Library/Frameworks/R.framework/Versions/4.3-arm64/Resources/library/S4Vectors/include' -I'/Library/Frameworks/R.framework/Versions/4.3-arm64/Resources/library/IRanges/include' -I'/Library/Frameworks/R.framework/Versions/4.3-arm64/Resources/library/XVector/include' -I'/Library/Frameworks/R.framework/Versions/4.3-arm64/Resources/library/Biostrings/include' -I/opt/R/arm64/include -fPIC -falign-functions=64 -Wall -g -O2 -c XVector_stubs.c -o XVector_stubs.o
clang -arch arm64 -I"/Library/Frameworks/R.framework/Resources/include" -DNDEBUG -D_FILE_OFFSET_BITS=64 -I'/Library/Frameworks/R.framework/Versions/4.3-arm64/Resources/library/Rhtslib/include' -I'/Library/Frameworks/R.framework/Versions/4.3-arm64/Resources/library/S4Vectors/include' -I'/Library/Frameworks/R.framework/Versions/4.3-arm64/Resources/library/IRanges/include' -I'/Library/Frameworks/R.framework/Versions/4.3-arm64/Resources/library/XVector/include' -I'/Library/Frameworks/R.framework/Versions/4.3-arm64/Resources/library/Biostrings/include' -I/opt/R/arm64/include -fPIC -falign-functions=64 -Wall -g -O2 -c as_bam.c -o as_bam.o
clang -arch arm64 -I"/Library/Frameworks/R.framework/Resources/include" -DNDEBUG -D_FILE_OFFSET_BITS=64 -I'/Library/Frameworks/R.framework/Versions/4.3-arm64/Resources/library/Rhtslib/include' -I'/Library/Frameworks/R.framework/Versions/4.3-arm64/Resources/library/S4Vectors/include' -I'/Library/Frameworks/R.framework/Versions/4.3-arm64/Resources/library/IRanges/include' -I'/Library/Frameworks/R.framework/Versions/4.3-arm64/Resources/library/XVector/include' -I'/Library/Frameworks/R.framework/Versions/4.3-arm64/Resources/library/Biostrings/include' -I/opt/R/arm64/include -fPIC -falign-functions=64 -Wall -g -O2 -c bam_data.c -o bam_data.o
clang++ -arch arm64 -std=gnu++17 -I"/Library/Frameworks/R.framework/Resources/include" -DNDEBUG -D_FILE_OFFSET_BITS=64 -I'/Library/Frameworks/R.framework/Versions/4.3-arm64/Resources/library/Rhtslib/include' -I'/Library/Frameworks/R.framework/Versions/4.3-arm64/Resources/library/S4Vectors/include' -I'/Library/Frameworks/R.framework/Versions/4.3-arm64/Resources/library/IRanges/include' -I'/Library/Frameworks/R.framework/Versions/4.3-arm64/Resources/library/XVector/include' -I'/Library/Frameworks/R.framework/Versions/4.3-arm64/Resources/library/Biostrings/include' -I/opt/R/arm64/include -fPIC -falign-functions=64 -Wall -g -O2 -c bam_mate_iter.cpp -o bam_mate_iter.o
clang -arch arm64 -I"/Library/Frameworks/R.framework/Resources/include" -DNDEBUG -D_FILE_OFFSET_BITS=64 -I'/Library/Frameworks/R.framework/Versions/4.3-arm64/Resources/library/Rhtslib/include' -I'/Library/Frameworks/R.framework/Versions/4.3-arm64/Resources/library/S4Vectors/include' -I'/Library/Frameworks/R.framework/Versions/4.3-arm64/Resources/library/IRanges/include' -I'/Library/Frameworks/R.framework/Versions/4.3-arm64/Resources/library/XVector/include' -I'/Library/Frameworks/R.framework/Versions/4.3-arm64/Resources/library/Biostrings/include' -I/opt/R/arm64/include -fPIC -falign-functions=64 -Wall -g -O2 -c bam_plbuf.c -o bam_plbuf.o
clang -arch arm64 -I"/Library/Frameworks/R.framework/Resources/include" -DNDEBUG -D_FILE_OFFSET_BITS=64 -I'/Library/Frameworks/R.framework/Versions/4.3-arm64/Resources/library/Rhtslib/include' -I'/Library/Frameworks/R.framework/Versions/4.3-arm64/Resources/library/S4Vectors/include' -I'/Library/Frameworks/R.framework/Versions/4.3-arm64/Resources/library/IRanges/include' -I'/Library/Frameworks/R.framework/Versions/4.3-arm64/Resources/library/XVector/include' -I'/Library/Frameworks/R.framework/Versions/4.3-arm64/Resources/library/Biostrings/include' -I/opt/R/arm64/include -fPIC -falign-functions=64 -Wall -g -O2 -c bam_sort.c -o bam_sort.o
clang -arch arm64 -I"/Library/Frameworks/R.framework/Resources/include" -DNDEBUG -D_FILE_OFFSET_BITS=64 -I'/Library/Frameworks/R.framework/Versions/4.3-arm64/Resources/library/Rhtslib/include' -I'/Library/Frameworks/R.framework/Versions/4.3-arm64/Resources/library/S4Vectors/include' -I'/Library/Frameworks/R.framework/Versions/4.3-arm64/Resources/library/IRanges/include' -I'/Library/Frameworks/R.framework/Versions/4.3-arm64/Resources/library/XVector/include' -I'/Library/Frameworks/R.framework/Versions/4.3-arm64/Resources/library/Biostrings/include' -I/opt/R/arm64/include -fPIC -falign-functions=64 -Wall -g -O2 -c bambuffer.c -o bambuffer.o
clang -arch arm64 -I"/Library/Frameworks/R.framework/Resources/include" -DNDEBUG -D_FILE_OFFSET_BITS=64 -I'/Library/Frameworks/R.framework/Versions/4.3-arm64/Resources/library/Rhtslib/include' -I'/Library/Frameworks/R.framework/Versions/4.3-arm64/Resources/library/S4Vectors/include' -I'/Library/Frameworks/R.framework/Versions/4.3-arm64/Resources/library/IRanges/include' -I'/Library/Frameworks/R.framework/Versions/4.3-arm64/Resources/library/XVector/include' -I'/Library/Frameworks/R.framework/Versions/4.3-arm64/Resources/library/Biostrings/include' -I/opt/R/arm64/include -fPIC -falign-functions=64 -Wall -g -O2 -c bamfile.c -o bamfile.o
clang -arch arm64 -I"/Library/Frameworks/R.framework/Resources/include" -DNDEBUG -D_FILE_OFFSET_BITS=64 -I'/Library/Frameworks/R.framework/Versions/4.3-arm64/Resources/library/Rhtslib/include' -I'/Library/Frameworks/R.framework/Versions/4.3-arm64/Resources/library/S4Vectors/include' -I'/Library/Frameworks/R.framework/Versions/4.3-arm64/Resources/library/IRanges/include' -I'/Library/Frameworks/R.framework/Versions/4.3-arm64/Resources/library/XVector/include' -I'/Library/Frameworks/R.framework/Versions/4.3-arm64/Resources/library/Biostrings/include' -I/opt/R/arm64/include -fPIC -falign-functions=64 -Wall -g -O2 -c bcffile.c -o bcffile.o
clang -arch arm64 -I"/Library/Frameworks/R.framework/Resources/include" -DNDEBUG -D_FILE_OFFSET_BITS=64 -I'/Library/Frameworks/R.framework/Versions/4.3-arm64/Resources/library/Rhtslib/include' -I'/Library/Frameworks/R.framework/Versions/4.3-arm64/Resources/library/S4Vectors/include' -I'/Library/Frameworks/R.framework/Versions/4.3-arm64/Resources/library/IRanges/include' -I'/Library/Frameworks/R.framework/Versions/4.3-arm64/Resources/library/XVector/include' -I'/Library/Frameworks/R.framework/Versions/4.3-arm64/Resources/library/Biostrings/include' -I/opt/R/arm64/include -fPIC -falign-functions=64 -Wall -g -O2 -c bedidx.c -o bedidx.o
clang -arch arm64 -I"/Library/Frameworks/R.framework/Resources/include" -DNDEBUG -D_FILE_OFFSET_BITS=64 -I'/Library/Frameworks/R.framework/Versions/4.3-arm64/Resources/library/Rhtslib/include' -I'/Library/Frameworks/R.framework/Versions/4.3-arm64/Resources/library/S4Vectors/include' -I'/Library/Frameworks/R.framework/Versions/4.3-arm64/Resources/library/IRanges/include' -I'/Library/Frameworks/R.framework/Versions/4.3-arm64/Resources/library/XVector/include' -I'/Library/Frameworks/R.framework/Versions/4.3-arm64/Resources/library/Biostrings/include' -I/opt/R/arm64/include -fPIC -falign-functions=64 -Wall -g -O2 -c encode.c -o encode.o
clang -arch arm64 -I"/Library/Frameworks/R.framework/Resources/include" -DNDEBUG -D_FILE_OFFSET_BITS=64 -I'/Library/Frameworks/R.framework/Versions/4.3-arm64/Resources/library/Rhtslib/include' -I'/Library/Frameworks/R.framework/Versions/4.3-arm64/Resources/library/S4Vectors/include' -I'/Library/Frameworks/R.framework/Versions/4.3-arm64/Resources/library/IRanges/include' -I'/Library/Frameworks/R.framework/Versions/4.3-arm64/Resources/library/XVector/include' -I'/Library/Frameworks/R.framework/Versions/4.3-arm64/Resources/library/Biostrings/include' -I/opt/R/arm64/include -fPIC -falign-functions=64 -Wall -g -O2 -c fafile.c -o fafile.o
clang -arch arm64 -I"/Library/Frameworks/R.framework/Resources/include" -DNDEBUG -D_FILE_OFFSET_BITS=64 -I'/Library/Frameworks/R.framework/Versions/4.3-arm64/Resources/library/Rhtslib/include' -I'/Library/Frameworks/R.framework/Versions/4.3-arm64/Resources/library/S4Vectors/include' -I'/Library/Frameworks/R.framework/Versions/4.3-arm64/Resources/library/IRanges/include' -I'/Library/Frameworks/R.framework/Versions/4.3-arm64/Resources/library/XVector/include' -I'/Library/Frameworks/R.framework/Versions/4.3-arm64/Resources/library/Biostrings/include' -I/opt/R/arm64/include -fPIC -falign-functions=64 -Wall -g -O2 -c idxstats.c -o idxstats.o
clang -arch arm64 -I"/Library/Frameworks/R.framework/Resources/include" -DNDEBUG -D_FILE_OFFSET_BITS=64 -I'/Library/Frameworks/R.framework/Versions/4.3-arm64/Resources/library/Rhtslib/include' -I'/Library/Frameworks/R.framework/Versions/4.3-arm64/Resources/library/S4Vectors/include' -I'/Library/Frameworks/R.framework/Versions/4.3-arm64/Resources/library/IRanges/include' -I'/Library/Frameworks/R.framework/Versions/4.3-arm64/Resources/library/XVector/include' -I'/Library/Frameworks/R.framework/Versions/4.3-arm64/Resources/library/Biostrings/include' -I/opt/R/arm64/include -fPIC -falign-functions=64 -Wall -g -O2 -c io_sam.c -o io_sam.o
clang++ -arch arm64 -std=gnu++17 -I"/Library/Frameworks/R.framework/Resources/include" -DNDEBUG -D_FILE_OFFSET_BITS=64 -I'/Library/Frameworks/R.framework/Versions/4.3-arm64/Resources/library/Rhtslib/include' -I'/Library/Frameworks/R.framework/Versions/4.3-arm64/Resources/library/S4Vectors/include' -I'/Library/Frameworks/R.framework/Versions/4.3-arm64/Resources/library/IRanges/include' -I'/Library/Frameworks/R.framework/Versions/4.3-arm64/Resources/library/XVector/include' -I'/Library/Frameworks/R.framework/Versions/4.3-arm64/Resources/library/Biostrings/include' -I/opt/R/arm64/include -fPIC -falign-functions=64 -Wall -g -O2 -c pbuffer_wrapper.cpp -o pbuffer_wrapper.o
clang++ -arch arm64 -std=gnu++17 -I"/Library/Frameworks/R.framework/Resources/include" -DNDEBUG -D_FILE_OFFSET_BITS=64 -I'/Library/Frameworks/R.framework/Versions/4.3-arm64/Resources/library/Rhtslib/include' -I'/Library/Frameworks/R.framework/Versions/4.3-arm64/Resources/library/S4Vectors/include' -I'/Library/Frameworks/R.framework/Versions/4.3-arm64/Resources/library/IRanges/include' -I'/Library/Frameworks/R.framework/Versions/4.3-arm64/Resources/library/XVector/include' -I'/Library/Frameworks/R.framework/Versions/4.3-arm64/Resources/library/Biostrings/include' -I/opt/R/arm64/include -fPIC -falign-functions=64 -Wall -g -O2 -c pileup.cpp -o pileup.o
clang -arch arm64 -I"/Library/Frameworks/R.framework/Resources/include" -DNDEBUG -D_FILE_OFFSET_BITS=64 -I'/Library/Frameworks/R.framework/Versions/4.3-arm64/Resources/library/Rhtslib/include' -I'/Library/Frameworks/R.framework/Versions/4.3-arm64/Resources/library/S4Vectors/include' -I'/Library/Frameworks/R.framework/Versions/4.3-arm64/Resources/library/IRanges/include' -I'/Library/Frameworks/R.framework/Versions/4.3-arm64/Resources/library/XVector/include' -I'/Library/Frameworks/R.framework/Versions/4.3-arm64/Resources/library/Biostrings/include' -I/opt/R/arm64/include -fPIC -falign-functions=64 -Wall -g -O2 -c pileupbam.c -o pileupbam.o
clang -arch arm64 -I"/Library/Frameworks/R.framework/Resources/include" -DNDEBUG -D_FILE_OFFSET_BITS=64 -I'/Library/Frameworks/R.framework/Versions/4.3-arm64/Resources/library/Rhtslib/include' -I'/Library/Frameworks/R.framework/Versions/4.3-arm64/Resources/library/S4Vectors/include' -I'/Library/Frameworks/R.framework/Versions/4.3-arm64/Resources/library/IRanges/include' -I'/Library/Frameworks/R.framework/Versions/4.3-arm64/Resources/library/XVector/include' -I'/Library/Frameworks/R.framework/Versions/4.3-arm64/Resources/library/Biostrings/include' -I/opt/R/arm64/include -fPIC -falign-functions=64 -Wall -g -O2 -c sam_opts.c -o sam_opts.o
clang -arch arm64 -I"/Library/Frameworks/R.framework/Resources/include" -DNDEBUG -D_FILE_OFFSET_BITS=64 -I'/Library/Frameworks/R.framework/Versions/4.3-arm64/Resources/library/Rhtslib/include' -I'/Library/Frameworks/R.framework/Versions/4.3-arm64/Resources/library/S4Vectors/include' -I'/Library/Frameworks/R.framework/Versions/4.3-arm64/Resources/library/IRanges/include' -I'/Library/Frameworks/R.framework/Versions/4.3-arm64/Resources/library/XVector/include' -I'/Library/Frameworks/R.framework/Versions/4.3-arm64/Resources/library/Biostrings/include' -I/opt/R/arm64/include -fPIC -falign-functions=64 -Wall -g -O2 -c sam_utils.c -o sam_utils.o
clang -arch arm64 -I"/Library/Frameworks/R.framework/Resources/include" -DNDEBUG -D_FILE_OFFSET_BITS=64 -I'/Library/Frameworks/R.framework/Versions/4.3-arm64/Resources/library/Rhtslib/include' -I'/Library/Frameworks/R.framework/Versions/4.3-arm64/Resources/library/S4Vectors/include' -I'/Library/Frameworks/R.framework/Versions/4.3-arm64/Resources/library/IRanges/include' -I'/Library/Frameworks/R.framework/Versions/4.3-arm64/Resources/library/XVector/include' -I'/Library/Frameworks/R.framework/Versions/4.3-arm64/Resources/library/Biostrings/include' -I/opt/R/arm64/include -fPIC -falign-functions=64 -Wall -g -O2 -c samtools_patch.c -o samtools_patch.o
clang -arch arm64 -I"/Library/Frameworks/R.framework/Resources/include" -DNDEBUG -D_FILE_OFFSET_BITS=64 -I'/Library/Frameworks/R.framework/Versions/4.3-arm64/Resources/library/Rhtslib/include' -I'/Library/Frameworks/R.framework/Versions/4.3-arm64/Resources/library/S4Vectors/include' -I'/Library/Frameworks/R.framework/Versions/4.3-arm64/Resources/library/IRanges/include' -I'/Library/Frameworks/R.framework/Versions/4.3-arm64/Resources/library/XVector/include' -I'/Library/Frameworks/R.framework/Versions/4.3-arm64/Resources/library/Biostrings/include' -I/opt/R/arm64/include -fPIC -falign-functions=64 -Wall -g -O2 -c scan_bam_data.c -o scan_bam_data.o
clang -arch arm64 -I"/Library/Frameworks/R.framework/Resources/include" -DNDEBUG -D_FILE_OFFSET_BITS=64 -I'/Library/Frameworks/R.framework/Versions/4.3-arm64/Resources/library/Rhtslib/include' -I'/Library/Frameworks/R.framework/Versions/4.3-arm64/Resources/library/S4Vectors/include' -I'/Library/Frameworks/R.framework/Versions/4.3-arm64/Resources/library/IRanges/include' -I'/Library/Frameworks/R.framework/Versions/4.3-arm64/Resources/library/XVector/include' -I'/Library/Frameworks/R.framework/Versions/4.3-arm64/Resources/library/Biostrings/include' -I/opt/R/arm64/include -fPIC -falign-functions=64 -Wall -g -O2 -c tabixfile.c -o tabixfile.o
tabixfile.c:190:9: warning: 'bgzf_is_bgzf' is deprecated: Use bgzf_compression() or hts_detect_format() instead [-Wdeprecated-declarations]
if (bgzf_is_bgzf(fn) != 1)
^
/Library/Frameworks/R.framework/Versions/4.3-arm64/Resources/library/Rhtslib/include/htslib/bgzf.h:270:38: note: 'bgzf_is_bgzf' has been explicitly marked deprecated here
int bgzf_is_bgzf(const char *fn) HTS_DEPRECATED("Use bgzf_compression() or hts_detect_format() instead");
^
/Library/Frameworks/R.framework/Versions/4.3-arm64/Resources/library/Rhtslib/include/htslib/hts_defs.h:75:49: note: expanded from macro 'HTS_DEPRECATED'
#define HTS_DEPRECATED(message) __attribute__ ((__deprecated__ (message)))
^
1 warning generated.
clang -arch arm64 -I"/Library/Frameworks/R.framework/Resources/include" -DNDEBUG -D_FILE_OFFSET_BITS=64 -I'/Library/Frameworks/R.framework/Versions/4.3-arm64/Resources/library/Rhtslib/include' -I'/Library/Frameworks/R.framework/Versions/4.3-arm64/Resources/library/S4Vectors/include' -I'/Library/Frameworks/R.framework/Versions/4.3-arm64/Resources/library/IRanges/include' -I'/Library/Frameworks/R.framework/Versions/4.3-arm64/Resources/library/XVector/include' -I'/Library/Frameworks/R.framework/Versions/4.3-arm64/Resources/library/Biostrings/include' -I/opt/R/arm64/include -fPIC -falign-functions=64 -Wall -g -O2 -c tagfilter.c -o tagfilter.o
clang -arch arm64 -I"/Library/Frameworks/R.framework/Resources/include" -DNDEBUG -D_FILE_OFFSET_BITS=64 -I'/Library/Frameworks/R.framework/Versions/4.3-arm64/Resources/library/Rhtslib/include' -I'/Library/Frameworks/R.framework/Versions/4.3-arm64/Resources/library/S4Vectors/include' -I'/Library/Frameworks/R.framework/Versions/4.3-arm64/Resources/library/IRanges/include' -I'/Library/Frameworks/R.framework/Versions/4.3-arm64/Resources/library/XVector/include' -I'/Library/Frameworks/R.framework/Versions/4.3-arm64/Resources/library/Biostrings/include' -I/opt/R/arm64/include -fPIC -falign-functions=64 -Wall -g -O2 -c utilities.c -o utilities.o
clang -arch arm64 -I"/Library/Frameworks/R.framework/Resources/include" -DNDEBUG -D_FILE_OFFSET_BITS=64 -I'/Library/Frameworks/R.framework/Versions/4.3-arm64/Resources/library/Rhtslib/include' -I'/Library/Frameworks/R.framework/Versions/4.3-arm64/Resources/library/S4Vectors/include' -I'/Library/Frameworks/R.framework/Versions/4.3-arm64/Resources/library/IRanges/include' -I'/Library/Frameworks/R.framework/Versions/4.3-arm64/Resources/library/XVector/include' -I'/Library/Frameworks/R.framework/Versions/4.3-arm64/Resources/library/Biostrings/include' -I/opt/R/arm64/include -fPIC -falign-functions=64 -Wall -g -O2 -c zip_compression.c -o zip_compression.o
clang++ -arch arm64 -std=gnu++17 -dynamiclib -Wl,-headerpad_max_install_names -undefined dynamic_lookup -single_module -multiply_defined suppress -L/Library/Frameworks/R.framework/Resources/lib -L/opt/R/arm64/lib -o Rsamtools.so Biostrings_stubs.o COMPAT_bcf_hdr_read.o IRanges_stubs.o PileupBuffer.o PosCacheColl.o R_init_Rsamtools.o ResultManager.o S4Vectors_stubs.o XVector_stubs.o as_bam.o bam_data.o bam_mate_iter.o bam_plbuf.o bam_sort.o bambuffer.o bamfile.o bcffile.o bedidx.o encode.o fafile.o idxstats.o io_sam.o pbuffer_wrapper.o pileup.o pileupbam.o sam_opts.o sam_utils.o samtools_patch.o scan_bam_data.o tabixfile.o tagfilter.o utilities.o zip_compression.o /Library/Frameworks/R.framework/Versions/4.3-arm64/Resources/library/Rhtslib/usrlib/libhts.a -lcurl -F/Library/Frameworks/R.framework/.. -framework R -Wl,-framework -Wl,CoreFoundation
installing to /Library/Frameworks/R.framework/Versions/4.3-arm64/Resources/library/00LOCK-Rsamtools/00new/Rsamtools/libs
** R
** inst
** byte-compile and prepare package for lazy loading
** help
*** installing help indices
** building package indices
** installing vignettes
** testing if installed package can be loaded from temporary location
** checking absolute paths in shared objects and dynamic libraries
** testing if installed package can be loaded from final location
** testing if installed package keeps a record of temporary installation path
* DONE (Rsamtools)
Rsamtools.Rcheck/tests/Rsamtools_unit_tests.Rout
R version 4.3.1 (2023-06-16) -- "Beagle Scouts"
Copyright (C) 2023 The R Foundation for Statistical Computing
Platform: aarch64-apple-darwin20 (64-bit)
R is free software and comes with ABSOLUTELY NO WARRANTY.
You are welcome to redistribute it under certain conditions.
Type 'license()' or 'licence()' for distribution details.
R is a collaborative project with many contributors.
Type 'contributors()' for more information and
'citation()' on how to cite R or R packages in publications.
Type 'demo()' for some demos, 'help()' for on-line help, or
'help.start()' for an HTML browser interface to help.
Type 'q()' to quit R.
> BiocGenerics:::testPackage('Rsamtools')
Attaching package: 'BiocGenerics'
The following objects are masked from 'package:stats':
IQR, mad, sd, var, xtabs
The following objects are masked from 'package:base':
Filter, Find, Map, Position, Reduce, anyDuplicated, aperm, append,
as.data.frame, basename, cbind, colnames, dirname, do.call,
duplicated, eval, evalq, get, grep, grepl, intersect, is.unsorted,
lapply, mapply, match, mget, order, paste, pmax, pmax.int, pmin,
pmin.int, rank, rbind, rownames, sapply, setdiff, sort, table,
tapply, union, unique, unsplit, which.max, which.min
Attaching package: 'S4Vectors'
The following object is masked from 'package:utils':
findMatches
The following objects are masked from 'package:base':
I, expand.grid, unname
Attaching package: 'Biostrings'
The following object is masked from 'package:base':
strsplit
[E::idx_find_and_load] Could not retrieve index file for ''
[E::hts_idx_load3] Could not load local index file ''
[E::idx_find_and_load] Could not retrieve index file for '/tmp/Rtmpmp1mBC/file12bed3058eb5a/index'
[E::COMPAT_bcf_hdr_read] Input is not detected as bcf or vcf format
[E::idx_find_and_load] Could not retrieve index file for '/tmp/Rtmpmp1mBC/file12bed3164032a'
[E::hts_idx_load3] Could not load local index file '/tmp/Rtmpmp1mBC/file12bed3164032a'
[E::idx_find_and_load] Could not retrieve index file for '/tmp/Rtmpmp1mBC/file12bed1d0bd3bb'
[E::hts_idx_load3] Could not load local index file '/tmp/Rtmpmp1mBC/file12bed1d0bd3bb'
[E::hts_idx_push] Chromosome blocks not continuous
[E::sam_index] Read 'B7_589:7:76:306:561' with ref_name='seq2', ref_length=1568, flags=83, pos=987 cannot be indexed
[E::hts_open_format] Failed to open file "http://httpbin.org/status/504" : Operation timed out
RUNIT TEST PROTOCOL -- Wed Oct 18 20:42:35 2023
***********************************************
Number of test functions: 180
Number of errors: 0
Number of failures: 0
1 Test Suite :
Rsamtools RUnit Tests - 180 test functions, 0 errors, 0 failures
Number of test functions: 180
Number of errors: 0
Number of failures: 0
Warning messages:
1: 'applyPileups' is deprecated.
Use 'pileup' instead.
See help("Deprecated")
2: 'applyPileups' is deprecated.
Use 'pileup' instead.
See help("Deprecated")
3: In read.table(conn, colClasses = colClasses, col.names = names(colClasses), :
not all columns named in 'colClasses' exist
4: In read.table(conn, colClasses = colClasses, col.names = names(colClasses), :
not all columns named in 'colClasses' exist
5: In read.table(conn, colClasses = colClasses, col.names = names(colClasses), :
not all columns named in 'colClasses' exist
6: In read.table(conn, colClasses = colClasses, col.names = names(colClasses), :
not all columns named in 'colClasses' exist
>
> proc.time()
user system elapsed
16.850 1.186 34.147
Rsamtools.Rcheck/Rsamtools-Ex.timings
| name | user | system | elapsed | |
| ApplyPileupsParam-class | 0.018 | 0.003 | 0.031 | |
| BamFile-class | 0.442 | 0.047 | 0.744 | |
| BamViews-class | 0.054 | 0.002 | 0.082 | |
| BcfFile-class | 0.261 | 0.014 | 0.419 | |
| FaFile-class | 0.060 | 0.003 | 0.099 | |
| PileupFiles-class | 0.010 | 0.002 | 0.015 | |
| Rsamtools-package | 0.013 | 0.000 | 0.020 | |
| ScanBamParam-class | 0.488 | 0.026 | 0.785 | |
| ScanBcfParam-class | 0.000 | 0.001 | 0.000 | |
| TabixFile-class | 0.039 | 0.004 | 0.065 | |
| applyPileups | 0.000 | 0.001 | 0.001 | |
| headerTabix | 0.003 | 0.001 | 0.004 | |
| indexTabix | 0.034 | 0.005 | 0.057 | |
| pileup | 42.807 | 0.596 | 64.703 | |
| quickBamFlagSummary | 0.029 | 0.005 | 0.048 | |
| readPileup | 0.082 | 0.004 | 0.126 | |
| scanBam | 0.580 | 0.055 | 0.972 | |
| scanBcf | 0.349 | 0.016 | 0.538 | |
| scanFa | 0.045 | 0.003 | 0.069 | |
| scanTabix | 0.047 | 0.005 | 0.080 | |
| seqnamesTabix | 0.003 | 0.000 | 0.006 | |
| testPairedEndBam | 0.017 | 0.002 | 0.031 | |
| zip | 0.030 | 0.003 | 0.052 | |