| Back to Mac ARM64 build report for BioC 3.17 |
|
This page was generated on 2023-10-20 09:38:03 -0400 (Fri, 20 Oct 2023).
| Hostname | OS | Arch (*) | R version | Installed pkgs |
|---|---|---|---|---|
| kjohnson2 | macOS 12.6.1 Monterey | arm64 | 4.3.1 (2023-06-16) -- "Beagle Scouts" | 4347 |
| Click on any hostname to see more info about the system (e.g. compilers) (*) as reported by 'uname -p', except on Windows and Mac OS X | ||||
| Package 812/2230 | Hostname | OS / Arch | INSTALL | BUILD | CHECK | BUILD BIN | ||||||||
| GenomicRanges 1.52.1 (landing page) Hervé Pagès
| kjohnson2 | macOS 12.6.1 Monterey / arm64 | OK | OK | ERROR | OK | ||||||||
|
To the developers/maintainers of the GenomicRanges package: - Use the following Renviron settings to reproduce errors and warnings. - If 'R CMD check' started to fail recently on the Linux builder(s) over a missing dependency, add the missing dependency to 'Suggests:' in your DESCRIPTION file. See Renviron.bioc for more information. |
| Package: GenomicRanges |
| Version: 1.52.1 |
| Command: /Library/Frameworks/R.framework/Resources/bin/R CMD check --install=check:GenomicRanges.install-out.txt --library=/Library/Frameworks/R.framework/Resources/library --no-vignettes --timings GenomicRanges_1.52.1.tar.gz |
| StartedAt: 2023-10-17 21:53:20 -0400 (Tue, 17 Oct 2023) |
| EndedAt: 2023-10-17 22:00:04 -0400 (Tue, 17 Oct 2023) |
| EllapsedTime: 403.4 seconds |
| RetCode: 1 |
| Status: ERROR |
| CheckDir: GenomicRanges.Rcheck |
| Warnings: NA |
##############################################################################
##############################################################################
###
### Running command:
###
### /Library/Frameworks/R.framework/Resources/bin/R CMD check --install=check:GenomicRanges.install-out.txt --library=/Library/Frameworks/R.framework/Resources/library --no-vignettes --timings GenomicRanges_1.52.1.tar.gz
###
##############################################################################
##############################################################################
* using log directory ‘/Users/biocbuild/bbs-3.17-bioc-mac-arm64/meat/GenomicRanges.Rcheck’
* using R version 4.3.1 (2023-06-16)
* using platform: aarch64-apple-darwin20 (64-bit)
* R was compiled by
Apple clang version 14.0.0 (clang-1400.0.29.202)
GNU Fortran (GCC) 12.2.0
* running under: macOS Monterey 12.6.7
* using session charset: UTF-8
* using option ‘--no-vignettes’
* checking for file ‘GenomicRanges/DESCRIPTION’ ... OK
* this is package ‘GenomicRanges’ version ‘1.52.1’
* package encoding: UTF-8
* checking package namespace information ... OK
* checking package dependencies ... OK
* checking if this is a source package ... OK
* checking if there is a namespace ... OK
* checking for hidden files and directories ... OK
* checking for portable file names ... OK
* checking for sufficient/correct file permissions ... OK
* checking whether package ‘GenomicRanges’ can be installed ... OK
* used C compiler: ‘Apple clang version 14.0.0 (clang-1400.0.29.202)’
* used SDK: ‘MacOSX11.3.sdk’
* checking installed package size ... OK
* checking package directory ... OK
* checking ‘build’ directory ... OK
* checking DESCRIPTION meta-information ... OK
* checking top-level files ... OK
* checking for left-over files ... OK
* checking index information ... OK
* checking package subdirectories ... NOTE
Problems with news in ‘NEWS’:
Cannot process chunk/lines:
SIGNIFICANT USER-VISIBLE CHANGES
Cannot process chunk/lines:
DEPRECATED AND DEFUNCT
* checking R files for non-ASCII characters ... OK
* checking R files for syntax errors ... OK
* checking whether the package can be loaded ... OK
* checking whether the package can be loaded with stated dependencies ... OK
* checking whether the package can be unloaded cleanly ... OK
* checking whether the namespace can be loaded with stated dependencies ... OK
* checking whether the namespace can be unloaded cleanly ... OK
* checking dependencies in R code ... OK
* checking S3 generic/method consistency ... OK
* checking replacement functions ... OK
* checking foreign function calls ... OK
* checking R code for possible problems ... OK
* checking Rd files ... WARNING
checkRd: (5) GRanges-class.Rd:115-165: \item in \describe must have non-empty label
checkRd: (5) GRanges-class.Rd:173-176: \item in \describe must have non-empty label
checkRd: (5) GRanges-class.Rd:177-182: \item in \describe must have non-empty label
checkRd: (5) GRanges-class.Rd:183-187: \item in \describe must have non-empty label
checkRd: (5) GRanges-class.Rd:188-191: \item in \describe must have non-empty label
checkRd: (5) GRanges-class.Rd:192-195: \item in \describe must have non-empty label
checkRd: (5) GRanges-class.Rd:196-199: \item in \describe must have non-empty label
checkRd: (5) GRanges-class.Rd:200-204: \item in \describe must have non-empty label
checkRd: (5) GRanges-class.Rd:205-208: \item in \describe must have non-empty label
checkRd: (5) GRanges-class.Rd:209-218: \item in \describe must have non-empty label
checkRd: (5) GRanges-class.Rd:219-223: \item in \describe must have non-empty label
checkRd: (5) GRanges-class.Rd:224-228: \item in \describe must have non-empty label
checkRd: (5) GRanges-class.Rd:229-238: \item in \describe must have non-empty label
checkRd: (5) GRanges-class.Rd:239-245: \item in \describe must have non-empty label
checkRd: (5) GRanges-class.Rd:246-251: \item in \describe must have non-empty label
checkRd: (5) GRanges-class.Rd:252-257: \item in \describe must have non-empty label
checkRd: (5) GRanges-class.Rd:258-263: \item in \describe must have non-empty label
checkRd: (5) GRanges-class.Rd:264-267: \item in \describe must have non-empty label
checkRd: (5) GRanges-class.Rd:268-276: \item in \describe must have non-empty label
checkRd: (5) GRanges-class.Rd:284-299: \item in \describe must have non-empty label
checkRd: (5) GRanges-class.Rd:300-307: \item in \describe must have non-empty label
checkRd: (5) GRanges-class.Rd:308-322: \item in \describe must have non-empty label
checkRd: (5) GRanges-class.Rd:323-332: \item in \describe must have non-empty label
checkRd: (5) GRanges-class.Rd:333-342: \item in \describe must have non-empty label
checkRd: (5) GRanges-class.Rd:343-349: \item in \describe must have non-empty label
checkRd: (5) GRanges-class.Rd:356-361: \item in \describe must have non-empty label
checkRd: (5) GRanges-class.Rd:368-371: \item in \describe must have non-empty label
checkRd: (5) GRanges-class.Rd:372-376: \item in \describe must have non-empty label
checkRd: (5) GRanges-class.Rd:377-380: \item in \describe must have non-empty label
checkRd: (5) GRanges-class.Rd:381-394: \item in \describe must have non-empty label
checkRd: (5) GRanges-class.Rd:409-415: \item in \describe must have non-empty label
checkRd: (5) GRanges-class.Rd:421-427: \item in \describe must have non-empty label
checkRd: (5) GRanges-class.Rd:433-445: \item in \describe must have non-empty label
checkRd: (5) GRanges-class.Rd:453-466: \item in \describe must have non-empty label
* checking Rd metadata ... OK
* checking Rd cross-references ... OK
* checking for missing documentation entries ... OK
* checking for code/documentation mismatches ... OK
* checking Rd \usage sections ... OK
* checking Rd contents ... OK
* checking for unstated dependencies in examples ... OK
* checking line endings in C/C++/Fortran sources/headers ... OK
* checking compiled code ... NOTE
Note: information on .o files is not available
* checking sizes of PDF files under ‘inst/doc’ ... OK
* checking files in ‘vignettes’ ... OK
* checking examples ... ERROR
Running examples in ‘GenomicRanges-Ex.R’ failed
The error most likely occurred in:
> base::assign(".ptime", proc.time(), pos = "CheckExEnv")
> ### Name: makeGRangesFromDataFrame
> ### Title: Make a GRanges object from a data.frame or DataFrame
> ### Aliases: makeGRangesFromDataFrame coerce,data.frame,GRanges-method
> ### coerce,DataFrame,GRanges-method
> ### Keywords: manip
>
> ### ** Examples
>
> ## ---------------------------------------------------------------------
> ## BASIC EXAMPLES
> ## ---------------------------------------------------------------------
>
> df <- data.frame(chr="chr1", start=11:15, end=12:16,
+ strand=c("+","-","+","*","."), score=1:5)
> df
chr start end strand score
1 chr1 11 12 + 1
2 chr1 12 13 - 2
3 chr1 13 14 + 3
4 chr1 14 15 * 4
5 chr1 15 16 . 5
> makeGRangesFromDataFrame(df) # strand value "." is replaced with "*"
GRanges object with 5 ranges and 0 metadata columns:
seqnames ranges strand
<Rle> <IRanges> <Rle>
[1] chr1 11-12 +
[2] chr1 12-13 -
[3] chr1 13-14 +
[4] chr1 14-15 *
[5] chr1 15-16 *
-------
seqinfo: 1 sequence from an unspecified genome; no seqlengths
>
> ## NA in ranges
> df$start[5] <- df$end[2] <- NA
> df
chr start end strand score
1 chr1 11 12 + 1
2 chr1 12 NA - 2
3 chr1 13 14 + 3
4 chr1 14 15 * 4
5 chr1 NA 16 . 5
> #makeGRangesFromDataFrame(df) # error!
> makeGRangesFromDataFrame(df, na.rm=TRUE) # rows with NAs got dropped
GRanges object with 3 ranges and 0 metadata columns:
seqnames ranges strand
<Rle> <IRanges> <Rle>
[1] chr1 11-12 +
[2] chr1 13-14 +
[3] chr1 14-15 *
-------
seqinfo: 1 sequence from an unspecified genome; no seqlengths
>
> ## The strand column is optional:
> df <- data.frame(chr="chr1", start=11:15, end=12:16, score=1:5)
> makeGRangesFromDataFrame(df)
GRanges object with 5 ranges and 0 metadata columns:
seqnames ranges strand
<Rle> <IRanges> <Rle>
[1] chr1 11-12 *
[2] chr1 12-13 *
[3] chr1 13-14 *
[4] chr1 14-15 *
[5] chr1 15-16 *
-------
seqinfo: 1 sequence from an unspecified genome; no seqlengths
>
> gr <- makeGRangesFromDataFrame(df, keep.extra.columns=TRUE)
> gr2 <- as(df, "GRanges") # equivalent to the above
> stopifnot(identical(gr, gr2))
> gr2 <- GRanges(df) # equivalent to the above
> stopifnot(identical(gr, gr2))
>
> makeGRangesFromDataFrame(df, ignore.strand=TRUE)
GRanges object with 5 ranges and 0 metadata columns:
seqnames ranges strand
<Rle> <IRanges> <Rle>
[1] chr1 11-12 *
[2] chr1 12-13 *
[3] chr1 13-14 *
[4] chr1 14-15 *
[5] chr1 15-16 *
-------
seqinfo: 1 sequence from an unspecified genome; no seqlengths
> makeGRangesFromDataFrame(df, keep.extra.columns=TRUE,
+ ignore.strand=TRUE)
GRanges object with 5 ranges and 1 metadata column:
seqnames ranges strand | score
<Rle> <IRanges> <Rle> | <integer>
[1] chr1 11-12 * | 1
[2] chr1 12-13 * | 2
[3] chr1 13-14 * | 3
[4] chr1 14-15 * | 4
[5] chr1 15-16 * | 5
-------
seqinfo: 1 sequence from an unspecified genome; no seqlengths
>
> makeGRangesFromDataFrame(df, seqinfo=paste0("chr", 4:1))
GRanges object with 5 ranges and 0 metadata columns:
seqnames ranges strand
<Rle> <IRanges> <Rle>
[1] chr1 11-12 *
[2] chr1 12-13 *
[3] chr1 13-14 *
[4] chr1 14-15 *
[5] chr1 15-16 *
-------
seqinfo: 4 sequences from an unspecified genome; no seqlengths
> makeGRangesFromDataFrame(df, seqinfo=c(chrM=NA, chr1=500, chrX=100))
GRanges object with 5 ranges and 0 metadata columns:
seqnames ranges strand
<Rle> <IRanges> <Rle>
[1] chr1 11-12 *
[2] chr1 12-13 *
[3] chr1 13-14 *
[4] chr1 14-15 *
[5] chr1 15-16 *
-------
seqinfo: 3 sequences from an unspecified genome
> makeGRangesFromDataFrame(df, seqinfo=Seqinfo(paste0("chr", 4:1)))
GRanges object with 5 ranges and 0 metadata columns:
seqnames ranges strand
<Rle> <IRanges> <Rle>
[1] chr1 11-12 *
[2] chr1 12-13 *
[3] chr1 13-14 *
[4] chr1 14-15 *
[5] chr1 15-16 *
-------
seqinfo: 4 sequences from an unspecified genome; no seqlengths
>
> ## ---------------------------------------------------------------------
> ## ABOUT AUTOMATIC DETECTION OF THE seqnames/start/end/strand COLUMNS
> ## ---------------------------------------------------------------------
>
> ## Automatic detection of the seqnames/start/end/strand columns is
> ## case insensitive:
> df <- data.frame(ChRoM="chr1", StarT=11:15, stoP=12:16,
+ STRAND=c("+","-","+","*","."), score=1:5)
> makeGRangesFromDataFrame(df)
GRanges object with 5 ranges and 0 metadata columns:
seqnames ranges strand
<Rle> <IRanges> <Rle>
[1] chr1 11-12 +
[2] chr1 12-13 -
[3] chr1 13-14 +
[4] chr1 14-15 *
[5] chr1 15-16 *
-------
seqinfo: 1 sequence from an unspecified genome; no seqlengths
>
> ## It also ignores a common prefix between the start and end columns:
> df <- data.frame(seqnames="chr1", tx_start=11:15, tx_end=12:16,
+ strand=c("+","-","+","*","."), score=1:5)
> makeGRangesFromDataFrame(df)
GRanges object with 5 ranges and 0 metadata columns:
seqnames ranges strand
<Rle> <IRanges> <Rle>
[1] chr1 11-12 +
[2] chr1 12-13 -
[3] chr1 13-14 +
[4] chr1 14-15 *
[5] chr1 15-16 *
-------
seqinfo: 1 sequence from an unspecified genome; no seqlengths
>
> ## The common prefix between the start and end columns is used to
> ## disambiguate between more than one seqnames column:
> df <- data.frame(chrom="chr1", tx_start=11:15, tx_end=12:16,
+ tx_chr="chr2", score=1:5)
> makeGRangesFromDataFrame(df)
GRanges object with 5 ranges and 0 metadata columns:
seqnames ranges strand
<Rle> <IRanges> <Rle>
[1] chr2 11-12 *
[2] chr2 12-13 *
[3] chr2 13-14 *
[4] chr2 14-15 *
[5] chr2 15-16 *
-------
seqinfo: 1 sequence from an unspecified genome; no seqlengths
>
> ## ---------------------------------------------------------------------
> ## 0-BASED VS 1-BASED START POSITIONS
> ## ---------------------------------------------------------------------
>
> if (require(rtracklayer)) {
+ session <- browserSession()
+ genome(session) <- "sacCer2"
+ query <- ucscTableQuery(session, "Assembly")
+ df <- getTable(query)
+ head(df)
+
+ ## A common pitfall is to forget that the UCSC Table Browser uses the
+ ## "0-based start" convention:
+ gr0 <- makeGRangesFromDataFrame(df, keep.extra.columns=TRUE,
+ start.field="chromStart",
+ end.field="chromEnd")
+ head(gr0)
+
+ ## The start positions need to be converted into 1-based positions,
+ ## to adhere to the convention used in Bioconductor:
+ gr1 <- makeGRangesFromDataFrame(df, keep.extra.columns=TRUE,
+ start.field="chromStart",
+ end.field="chromEnd",
+ starts.in.df.are.0based=TRUE)
+ head(gr1)
+ }
Loading required package: rtracklayer
Error in .local(.Object, ...) : Failed to obtain 'hguid' cookie
Calls: browserSession ... browserSession -> new -> initialize -> initialize -> .local
Execution halted
* checking for unstated dependencies in ‘tests’ ... OK
* checking tests ...
Running ‘run_unitTests.R’
OK
* checking for unstated dependencies in vignettes ... OK
* checking package vignettes in ‘inst/doc’ ... OK
* checking running R code from vignettes ... SKIPPED
* checking re-building of vignette outputs ... SKIPPED
* checking PDF version of manual ... OK
* DONE
Status: 1 ERROR, 1 WARNING, 2 NOTEs
See
‘/Users/biocbuild/bbs-3.17-bioc-mac-arm64/meat/GenomicRanges.Rcheck/00check.log’
for details.
GenomicRanges.Rcheck/00install.out
############################################################################## ############################################################################## ### ### Running command: ### ### /Library/Frameworks/R.framework/Resources/bin/R CMD INSTALL GenomicRanges ### ############################################################################## ############################################################################## * installing to library ‘/Library/Frameworks/R.framework/Versions/4.3-arm64/Resources/library’ * installing *source* package ‘GenomicRanges’ ... ** using staged installation ** libs using C compiler: ‘Apple clang version 14.0.0 (clang-1400.0.29.202)’ using SDK: ‘MacOSX11.3.sdk’ clang -arch arm64 -I"/Library/Frameworks/R.framework/Resources/include" -DNDEBUG -I'/Library/Frameworks/R.framework/Versions/4.3-arm64/Resources/library/S4Vectors/include' -I'/Library/Frameworks/R.framework/Versions/4.3-arm64/Resources/library/IRanges/include' -I/opt/R/arm64/include -fPIC -falign-functions=64 -Wall -g -O2 -c IRanges_stubs.c -o IRanges_stubs.o clang -arch arm64 -I"/Library/Frameworks/R.framework/Resources/include" -DNDEBUG -I'/Library/Frameworks/R.framework/Versions/4.3-arm64/Resources/library/S4Vectors/include' -I'/Library/Frameworks/R.framework/Versions/4.3-arm64/Resources/library/IRanges/include' -I/opt/R/arm64/include -fPIC -falign-functions=64 -Wall -g -O2 -c R_init_GenomicRanges.c -o R_init_GenomicRanges.o clang -arch arm64 -I"/Library/Frameworks/R.framework/Resources/include" -DNDEBUG -I'/Library/Frameworks/R.framework/Versions/4.3-arm64/Resources/library/S4Vectors/include' -I'/Library/Frameworks/R.framework/Versions/4.3-arm64/Resources/library/IRanges/include' -I/opt/R/arm64/include -fPIC -falign-functions=64 -Wall -g -O2 -c S4Vectors_stubs.c -o S4Vectors_stubs.o clang -arch arm64 -I"/Library/Frameworks/R.framework/Resources/include" -DNDEBUG -I'/Library/Frameworks/R.framework/Versions/4.3-arm64/Resources/library/S4Vectors/include' -I'/Library/Frameworks/R.framework/Versions/4.3-arm64/Resources/library/IRanges/include' -I/opt/R/arm64/include -fPIC -falign-functions=64 -Wall -g -O2 -c transcript_utils.c -o transcript_utils.o clang -arch arm64 -dynamiclib -Wl,-headerpad_max_install_names -undefined dynamic_lookup -single_module -multiply_defined suppress -L/Library/Frameworks/R.framework/Resources/lib -L/opt/R/arm64/lib -o GenomicRanges.so IRanges_stubs.o R_init_GenomicRanges.o S4Vectors_stubs.o transcript_utils.o -F/Library/Frameworks/R.framework/.. -framework R -Wl,-framework -Wl,CoreFoundation installing to /Library/Frameworks/R.framework/Versions/4.3-arm64/Resources/library/00LOCK-GenomicRanges/00new/GenomicRanges/libs ** R ** inst ** byte-compile and prepare package for lazy loading ** help *** installing help indices ** building package indices ** installing vignettes ** testing if installed package can be loaded from temporary location ** checking absolute paths in shared objects and dynamic libraries ** testing if installed package can be loaded from final location ** testing if installed package keeps a record of temporary installation path * DONE (GenomicRanges)
GenomicRanges.Rcheck/tests/run_unitTests.Rout
R version 4.3.1 (2023-06-16) -- "Beagle Scouts"
Copyright (C) 2023 The R Foundation for Statistical Computing
Platform: aarch64-apple-darwin20 (64-bit)
R is free software and comes with ABSOLUTELY NO WARRANTY.
You are welcome to redistribute it under certain conditions.
Type 'license()' or 'licence()' for distribution details.
R is a collaborative project with many contributors.
Type 'contributors()' for more information and
'citation()' on how to cite R or R packages in publications.
Type 'demo()' for some demos, 'help()' for on-line help, or
'help.start()' for an HTML browser interface to help.
Type 'q()' to quit R.
> require("GenomicRanges") || stop("unable to load GenomicRanges package")
Loading required package: GenomicRanges
Loading required package: stats4
Loading required package: BiocGenerics
Attaching package: 'BiocGenerics'
The following objects are masked from 'package:stats':
IQR, mad, sd, var, xtabs
The following objects are masked from 'package:base':
Filter, Find, Map, Position, Reduce, anyDuplicated, aperm, append,
as.data.frame, basename, cbind, colnames, dirname, do.call,
duplicated, eval, evalq, get, grep, grepl, intersect, is.unsorted,
lapply, mapply, match, mget, order, paste, pmax, pmax.int, pmin,
pmin.int, rank, rbind, rownames, sapply, setdiff, sort, table,
tapply, union, unique, unsplit, which.max, which.min
Loading required package: S4Vectors
Attaching package: 'S4Vectors'
The following object is masked from 'package:utils':
findMatches
The following objects are masked from 'package:base':
I, expand.grid, unname
Loading required package: IRanges
Loading required package: GenomeInfoDb
[1] TRUE
> GenomicRanges:::.test()
RUNIT TEST PROTOCOL -- Tue Oct 17 21:59:43 2023
***********************************************
Number of test functions: 73
Number of errors: 0
Number of failures: 0
1 Test Suite :
GenomicRanges RUnit Tests - 73 test functions, 0 errors, 0 failures
Number of test functions: 73
Number of errors: 0
Number of failures: 0
>
> proc.time()
user system elapsed
54.292 0.727 80.891
GenomicRanges.Rcheck/GenomicRanges-Ex.timings
| name | user | system | elapsed | |
| GNCList-class | 0.444 | 0.040 | 0.767 | |
| GPos-class | 39.821 | 2.058 | 64.122 | |
| GRanges-class | 1.053 | 0.042 | 1.577 | |
| GRangesFactor-class | 1.262 | 0.083 | 2.021 | |
| GRangesList-class | 0.552 | 0.013 | 0.839 | |
| GenomicRanges-comparison | 0.284 | 0.008 | 0.439 | |
| absoluteRanges | 1.385 | 0.064 | 2.180 | |
| constraint | 1.066 | 0.026 | 1.664 | |
| coverage-methods | 0.308 | 0.004 | 0.475 | |
| findOverlaps-methods | 2.258 | 0.034 | 3.325 | |
| genomic-range-squeezers | 0 | 0 | 0 | |
| genomicvars | 50.084 | 4.432 | 81.547 | |
| inter-range-methods | 2.908 | 0.146 | 4.759 | |
| intra-range-methods | 0.687 | 0.059 | 1.128 | |