| Back to Mac ARM64 build report for BioC 3.17 |
|
This page was generated on 2023-10-20 09:38:03 -0400 (Fri, 20 Oct 2023).
| Hostname | OS | Arch (*) | R version | Installed pkgs |
|---|---|---|---|---|
| kjohnson2 | macOS 12.6.1 Monterey | arm64 | 4.3.1 (2023-06-16) -- "Beagle Scouts" | 4347 |
| Click on any hostname to see more info about the system (e.g. compilers) (*) as reported by 'uname -p', except on Windows and Mac OS X | ||||
| Package 844/2230 | Hostname | OS / Arch | INSTALL | BUILD | CHECK | BUILD BIN | ||||||||
| GLAD 2.64.0 (landing page) Philippe Hupe
| kjohnson2 | macOS 12.6.1 Monterey / arm64 | OK | OK | WARNINGS | OK | ||||||||
|
To the developers/maintainers of the GLAD package: - Use the following Renviron settings to reproduce errors and warnings. - If 'R CMD check' started to fail recently on the Linux builder(s) over a missing dependency, add the missing dependency to 'Suggests:' in your DESCRIPTION file. See Renviron.bioc for more information. |
| Package: GLAD |
| Version: 2.64.0 |
| Command: /Library/Frameworks/R.framework/Resources/bin/R CMD check --install=check:GLAD.install-out.txt --library=/Library/Frameworks/R.framework/Resources/library --no-vignettes --timings GLAD_2.64.0.tar.gz |
| StartedAt: 2023-10-17 22:37:16 -0400 (Tue, 17 Oct 2023) |
| EndedAt: 2023-10-17 22:38:14 -0400 (Tue, 17 Oct 2023) |
| EllapsedTime: 57.8 seconds |
| RetCode: 0 |
| Status: WARNINGS |
| CheckDir: GLAD.Rcheck |
| Warnings: 2 |
##############################################################################
##############################################################################
###
### Running command:
###
### /Library/Frameworks/R.framework/Resources/bin/R CMD check --install=check:GLAD.install-out.txt --library=/Library/Frameworks/R.framework/Resources/library --no-vignettes --timings GLAD_2.64.0.tar.gz
###
##############################################################################
##############################################################################
* using log directory ‘/Users/biocbuild/bbs-3.17-bioc-mac-arm64/meat/GLAD.Rcheck’
* using R version 4.3.1 (2023-06-16)
* using platform: aarch64-apple-darwin20 (64-bit)
* R was compiled by
Apple clang version 14.0.0 (clang-1400.0.29.202)
GNU Fortran (GCC) 12.2.0
* running under: macOS Monterey 12.6.7
* using session charset: UTF-8
* using option ‘--no-vignettes’
* checking for file ‘GLAD/DESCRIPTION’ ... OK
* this is package ‘GLAD’ version ‘2.64.0’
* checking package namespace information ... OK
* checking package dependencies ... OK
* checking if this is a source package ... OK
* checking if there is a namespace ... OK
* checking for hidden files and directories ... OK
* checking for portable file names ... OK
* checking for sufficient/correct file permissions ... OK
* checking whether package ‘GLAD’ can be installed ... OK
* used C compiler: ‘Apple clang version 14.0.0 (clang-1400.0.29.202)’
* used C++ compiler: ‘Apple clang version 14.0.0 (clang-1400.0.29.202)’
* used SDK: ‘MacOSX11.3.sdk’
* checking installed package size ... OK
* checking package directory ... OK
* checking ‘build’ directory ... OK
* checking DESCRIPTION meta-information ... OK
* checking top-level files ... OK
* checking for left-over files ... OK
* checking index information ... OK
* checking package subdirectories ... OK
* checking R files for non-ASCII characters ... OK
* checking R files for syntax errors ... OK
* checking whether the package can be loaded ... OK
* checking whether the package can be loaded with stated dependencies ... OK
* checking whether the package can be unloaded cleanly ... OK
* checking whether the namespace can be loaded with stated dependencies ... OK
* checking whether the namespace can be unloaded cleanly ... OK
* checking startup messages can be suppressed ... OK
* checking dependencies in R code ... WARNING
Missing or unexported object: ‘aws::laws’
* checking S3 generic/method consistency ... OK
* checking replacement functions ... OK
* checking foreign function calls ... OK
* checking R code for possible problems ... OK
* checking Rd files ... WARNING
checkRd: (5) as.profileCGH.Rd:25: \item in \value must have non-empty label
checkRd: (-1) daglad.Rd:47: Escaped LaTeX specials: \$
checkRd: (5) daglad.Rd:182-183: \item in \value must have non-empty label
checkRd: (5) glad.Rd:152: \item in \value must have non-empty label
* checking Rd metadata ... OK
* checking Rd cross-references ... OK
* checking for missing documentation entries ... OK
* checking for code/documentation mismatches ... OK
* checking Rd \usage sections ... OK
* checking Rd contents ... OK
* checking for unstated dependencies in examples ... OK
* checking contents of ‘data’ directory ... OK
* checking data for non-ASCII characters ... OK
* checking data for ASCII and uncompressed saves ... OK
* checking line endings in shell scripts ... OK
* checking line endings in C/C++/Fortran sources/headers ... OK
* checking line endings in Makefiles ... OK
* checking compilation flags in Makevars ... OK
* checking for GNU extensions in Makefiles ... OK
* checking for portable use of $(BLAS_LIBS) and $(LAPACK_LIBS) ... OK
* checking use of PKG_*FLAGS in Makefiles ... OK
* checking compiled code ... NOTE
Note: information on .o files is not available
File ‘/Library/Frameworks/R.framework/Versions/4.3-arm64/Resources/library/GLAD/libs/GLAD.so’:
Found ‘__ZNSt3__14coutE’, possibly from ‘std::cout’ (C++)
Found ‘_printf’, possibly from ‘printf’ (C)
Found ‘_puts’, possibly from ‘printf’ (C), ‘puts’ (C)
Compiled code should not call entry points which might terminate R nor
write to stdout/stderr instead of to the console, nor use Fortran I/O
nor system RNGs nor [v]sprintf. The detected symbols are linked into
the code but might come from libraries and not actually be called.
See ‘Writing portable packages’ in the ‘Writing R Extensions’ manual.
* checking sizes of PDF files under ‘inst/doc’ ... OK
* checking files in ‘vignettes’ ... OK
* checking examples ... OK
* checking for unstated dependencies in vignettes ... OK
* checking package vignettes in ‘inst/doc’ ... OK
* checking running R code from vignettes ... SKIPPED
* checking re-building of vignette outputs ... SKIPPED
* checking PDF version of manual ... OK
* DONE
Status: 2 WARNINGs, 1 NOTE
See
‘/Users/biocbuild/bbs-3.17-bioc-mac-arm64/meat/GLAD.Rcheck/00check.log’
for details.
GLAD.Rcheck/00install.out
##############################################################################
##############################################################################
###
### Running command:
###
### /Library/Frameworks/R.framework/Resources/bin/R CMD INSTALL GLAD
###
##############################################################################
##############################################################################
* installing to library ‘/Library/Frameworks/R.framework/Versions/4.3-arm64/Resources/library’
* installing *source* package ‘GLAD’ ...
** using staged installation
checking for pkg-config... /opt/homebrew/bin/pkg-config
checking pkg-config is at least version 0.9.0... yes
checking for GSL... no
checking for gcc... clang -arch arm64
checking for C compiler default output file name... a.out
checking whether the C compiler works... yes
checking whether we are cross compiling... no
checking for suffix of executables...
checking for suffix of object files... o
checking whether we are using the GNU C compiler... yes
checking whether clang -arch arm64 accepts -g... yes
checking for clang -arch arm64 option to accept ISO C89... none needed
checking for gsl-config... /opt/R/arm64/bin/gsl-config
checking for GSL - version >= 1.6... yes
operating system: Darwin
configure: creating ./config.status
config.status: creating src/Makevars
src/Makevars file
PKG_LIBS = -lgsl -lgslcblas -lm
PKG_CPPFLAGS = -DIS_MAC_OS
** libs
using C compiler: ‘Apple clang version 14.0.0 (clang-1400.0.29.202)’
using C++ compiler: ‘Apple clang version 14.0.0 (clang-1400.0.29.202)’
using SDK: ‘MacOSX11.3.sdk’
clang++ -arch arm64 -std=gnu++17 -I"/Library/Frameworks/R.framework/Resources/include" -DNDEBUG -DIS_MAC_OS -I/opt/R/arm64/include -fPIC -falign-functions=64 -Wall -g -O2 -c BkpInfo.cpp -o BkpInfo.o
clang++ -arch arm64 -std=gnu++17 -I"/Library/Frameworks/R.framework/Resources/include" -DNDEBUG -DIS_MAC_OS -I/opt/R/arm64/include -fPIC -falign-functions=64 -Wall -g -O2 -c HaarSeg.cpp -o HaarSeg.o
HaarSeg.cpp:50:12: warning: variable 'lowSquareSum' set but not used [-Wunused-but-set-variable]
double lowSquareSum = 0;
^
1 warning generated.
clang++ -arch arm64 -std=gnu++17 -I"/Library/Frameworks/R.framework/Resources/include" -DNDEBUG -DIS_MAC_OS -I/opt/R/arm64/include -fPIC -falign-functions=64 -Wall -g -O2 -c MoveBkp.cpp -o MoveBkp.o
clang++ -arch arm64 -std=gnu++17 -I"/Library/Frameworks/R.framework/Resources/include" -DNDEBUG -DIS_MAC_OS -I/opt/R/arm64/include -fPIC -falign-functions=64 -Wall -g -O2 -c OutliersGNL.cpp -o OutliersGNL.o
clang++ -arch arm64 -std=gnu++17 -I"/Library/Frameworks/R.framework/Resources/include" -DNDEBUG -DIS_MAC_OS -I/opt/R/arm64/include -fPIC -falign-functions=64 -Wall -g -O2 -c chrBreakpoints.cpp -o chrBreakpoints.o
clang++ -arch arm64 -std=gnu++17 -I"/Library/Frameworks/R.framework/Resources/include" -DNDEBUG -DIS_MAC_OS -I/opt/R/arm64/include -fPIC -falign-functions=64 -Wall -g -O2 -c cutree.cpp -o cutree.o
clang++ -arch arm64 -std=gnu++17 -I"/Library/Frameworks/R.framework/Resources/include" -DNDEBUG -DIS_MAC_OS -I/opt/R/arm64/include -fPIC -falign-functions=64 -Wall -g -O2 -c daglad.cpp -o daglad.o
clang++ -arch arm64 -std=gnu++17 -I"/Library/Frameworks/R.framework/Resources/include" -DNDEBUG -DIS_MAC_OS -I/opt/R/arm64/include -fPIC -falign-functions=64 -Wall -g -O2 -c distance.cpp -o distance.o
clang++ -arch arm64 -std=gnu++17 -I"/Library/Frameworks/R.framework/Resources/include" -DNDEBUG -DIS_MAC_OS -I/opt/R/arm64/include -fPIC -falign-functions=64 -Wall -g -O2 -c filterBkp.cpp -o filterBkp.o
clang++ -arch arm64 -std=gnu++17 -I"/Library/Frameworks/R.framework/Resources/include" -DNDEBUG -DIS_MAC_OS -I/opt/R/arm64/include -fPIC -falign-functions=64 -Wall -g -O2 -c findCluster.cpp -o findCluster.o
clang++ -arch arm64 -std=gnu++17 -I"/Library/Frameworks/R.framework/Resources/include" -DNDEBUG -DIS_MAC_OS -I/opt/R/arm64/include -fPIC -falign-functions=64 -Wall -g -O2 -c glad-utils.cpp -o glad-utils.o
glad-utils.cpp:862:27: warning: unused variable 'it_new_end_NormalCluster' [-Wunused-variable]
vector<int>::iterator it_new_end_NormalCluster;
^
1 warning generated.
clang++ -arch arm64 -std=gnu++17 -I"/Library/Frameworks/R.framework/Resources/include" -DNDEBUG -DIS_MAC_OS -I/opt/R/arm64/include -fPIC -falign-functions=64 -Wall -g -O2 -c hclust.cpp -o hclust.o
clang -arch arm64 -I"/Library/Frameworks/R.framework/Resources/include" -DNDEBUG -DIS_MAC_OS -I/opt/R/arm64/include -fPIC -falign-functions=64 -Wall -g -O2 -c laws.c -o laws.o
clang++ -arch arm64 -std=gnu++17 -I"/Library/Frameworks/R.framework/Resources/include" -DNDEBUG -DIS_MAC_OS -I/opt/R/arm64/include -fPIC -falign-functions=64 -Wall -g -O2 -c loopRemove.cpp -o loopRemove.o
clang++ -arch arm64 -std=gnu++17 -dynamiclib -Wl,-headerpad_max_install_names -undefined dynamic_lookup -single_module -multiply_defined suppress -L/Library/Frameworks/R.framework/Resources/lib -L/opt/R/arm64/lib -o GLAD.so BkpInfo.o HaarSeg.o MoveBkp.o OutliersGNL.o chrBreakpoints.o cutree.o daglad.o distance.o filterBkp.o findCluster.o glad-utils.o hclust.o laws.o loopRemove.o -lgsl -lgslcblas -lm -F/Library/Frameworks/R.framework/.. -framework R -Wl,-framework -Wl,CoreFoundation
installing to /Library/Frameworks/R.framework/Versions/4.3-arm64/Resources/library/00LOCK-GLAD/00new/GLAD/libs
** R
** data
** demo
** inst
** byte-compile and prepare package for lazy loading
** help
*** installing help indices
** building package indices
** installing vignettes
** testing if installed package can be loaded from temporary location
** checking absolute paths in shared objects and dynamic libraries
** testing if installed package can be loaded from final location
** testing if installed package keeps a record of temporary installation path
* DONE (GLAD)
GLAD.Rcheck/GLAD-Ex.timings
| name | user | system | elapsed | |
| ChrNumeric | 0.001 | 0.000 | 0.003 | |
| ColorBar | 0.025 | 0.003 | 0.041 | |
| arrayCGH | 0.037 | 0.006 | 0.063 | |
| arrayPersp | 0.000 | 0.001 | 0.000 | |
| arrayPlot | 0.063 | 0.011 | 0.109 | |
| as.data.frame.profileCGH | 0.217 | 0.011 | 0.346 | |
| as.profileCGH | 0.058 | 0.004 | 0.096 | |
| bladder | 0.017 | 0.003 | 0.029 | |
| cytoband | 0.011 | 0.014 | 0.036 | |
| daglad | 0.616 | 0.022 | 0.975 | |
| glad | 0.395 | 0.020 | 0.623 | |
| hclust | 0.018 | 0.004 | 0.034 | |
| myPalette | 0.005 | 0.001 | 0.011 | |
| plotProfile | 0.520 | 0.025 | 0.843 | |
| profileCGH | 0.061 | 0.004 | 0.102 | |
| snijders | 0.058 | 0.003 | 0.094 | |
| veltman | 0.059 | 0.065 | 0.197 | |