| Back to Mac ARM64 build report for BioC 3.17 |
|
This page was generated on 2023-10-20 09:38:01 -0400 (Fri, 20 Oct 2023).
| Hostname | OS | Arch (*) | R version | Installed pkgs |
|---|---|---|---|---|
| kjohnson2 | macOS 12.6.1 Monterey | arm64 | 4.3.1 (2023-06-16) -- "Beagle Scouts" | 4347 |
| Click on any hostname to see more info about the system (e.g. compilers) (*) as reported by 'uname -p', except on Windows and Mac OS X | ||||
| Package 619/2230 | Hostname | OS / Arch | INSTALL | BUILD | CHECK | BUILD BIN | ||||||||
| EGAD 1.28.0 (landing page) Sara Ballouz
| kjohnson2 | macOS 12.6.1 Monterey / arm64 | OK | OK | WARNINGS | OK | ||||||||
|
To the developers/maintainers of the EGAD package: - Use the following Renviron settings to reproduce errors and warnings. - If 'R CMD check' started to fail recently on the Linux builder(s) over a missing dependency, add the missing dependency to 'Suggests:' in your DESCRIPTION file. See Renviron.bioc for more information. |
| Package: EGAD |
| Version: 1.28.0 |
| Command: /Library/Frameworks/R.framework/Resources/bin/R CMD check --install=check:EGAD.install-out.txt --library=/Library/Frameworks/R.framework/Resources/library --no-vignettes --timings EGAD_1.28.0.tar.gz |
| StartedAt: 2023-10-17 17:22:48 -0400 (Tue, 17 Oct 2023) |
| EndedAt: 2023-10-17 17:24:48 -0400 (Tue, 17 Oct 2023) |
| EllapsedTime: 119.8 seconds |
| RetCode: 0 |
| Status: WARNINGS |
| CheckDir: EGAD.Rcheck |
| Warnings: 1 |
##############################################################################
##############################################################################
###
### Running command:
###
### /Library/Frameworks/R.framework/Resources/bin/R CMD check --install=check:EGAD.install-out.txt --library=/Library/Frameworks/R.framework/Resources/library --no-vignettes --timings EGAD_1.28.0.tar.gz
###
##############################################################################
##############################################################################
* using log directory ‘/Users/biocbuild/bbs-3.17-bioc-mac-arm64/meat/EGAD.Rcheck’
* using R version 4.3.1 (2023-06-16)
* using platform: aarch64-apple-darwin20 (64-bit)
* R was compiled by
Apple clang version 14.0.0 (clang-1400.0.29.202)
GNU Fortran (GCC) 12.2.0
* running under: macOS Monterey 12.6.7
* using session charset: UTF-8
* using option ‘--no-vignettes’
* checking for file ‘EGAD/DESCRIPTION’ ... OK
* checking extension type ... Package
* this is package ‘EGAD’ version ‘1.28.0’
* package encoding: UTF-8
* checking package namespace information ... OK
* checking package dependencies ... OK
* checking if this is a source package ... OK
* checking if there is a namespace ... OK
* checking for hidden files and directories ... OK
* checking for portable file names ... OK
* checking for sufficient/correct file permissions ... OK
* checking whether package ‘EGAD’ can be installed ... OK
* checking installed package size ... NOTE
installed size is 39.1Mb
sub-directories of 1Mb or more:
data 38.9Mb
* checking package directory ... OK
* checking DESCRIPTION meta-information ... OK
* checking top-level files ... OK
* checking for left-over files ... OK
* checking index information ... OK
* checking package subdirectories ... OK
* checking R files for non-ASCII characters ... OK
* checking R files for syntax errors ... OK
* checking whether the package can be loaded ... OK
* checking whether the package can be loaded with stated dependencies ... OK
* checking whether the package can be unloaded cleanly ... OK
* checking whether the namespace can be loaded with stated dependencies ... OK
* checking whether the namespace can be unloaded cleanly ... OK
* checking dependencies in R code ... OK
* checking S3 generic/method consistency ... OK
* checking replacement functions ... OK
* checking foreign function calls ... OK
* checking R code for possible problems ... OK
* checking Rd files ... OK
* checking Rd metadata ... OK
* checking Rd cross-references ... OK
* checking for missing documentation entries ... OK
* checking for code/documentation mismatches ... OK
* checking Rd \usage sections ... OK
* checking Rd contents ... OK
* checking for unstated dependencies in examples ... OK
* checking contents of ‘data’ directory ... OK
* checking data for non-ASCII characters ... OK
* checking LazyData ... OK
* checking data for ASCII and uncompressed saves ... OK
* checking files in ‘vignettes’ ... WARNING
Files in the 'vignettes' directory but no files in 'inst/doc':
‘EGAD.Rmd’ ‘EGAD.bib’ ‘figures/figure_GO_comb.png’
‘figures/figure_aurocs_comparisons.png’
‘figures/figure_benchmark.png’ ‘figures/figure_degree_corr.png’
‘figures/figure_indirect.png’ ‘figures/figure_mf.png’
‘figures/figure_mf_yeast_human.png’
‘figures/figure_nd_yeast_human.png’ ‘figures/figure_nv.png’
‘figures/figure_nv_yeast_human.png’ ‘figures/figure_overlay.png’
‘figures/figure_pheno_comb.png’
‘figures/figure_pheno_degree_corr.png’ ‘figures/figure_pheno_mf.png’
‘figures/figure_pheno_nv.png’ ‘figures/figure_smoother.png’
‘figures/gba_schematic_resized.png’ ‘figures/labels_resized.png’
‘figures/mf_schematic.png’ ‘figures/network_resized.png’
‘figures/overview_resized.png’
* checking examples ... OK
* checking for unstated dependencies in ‘tests’ ... OK
* checking tests ...
Running ‘testthat.R’
OK
* checking PDF version of manual ... OK
* DONE
Status: 1 WARNING, 1 NOTE
See
‘/Users/biocbuild/bbs-3.17-bioc-mac-arm64/meat/EGAD.Rcheck/00check.log’
for details.
EGAD.Rcheck/00install.out
############################################################################## ############################################################################## ### ### Running command: ### ### /Library/Frameworks/R.framework/Resources/bin/R CMD INSTALL EGAD ### ############################################################################## ############################################################################## * installing to library ‘/Library/Frameworks/R.framework/Versions/4.3-arm64/Resources/library’ * installing *source* package ‘EGAD’ ... ** using staged installation ** R ** data *** moving datasets to lazyload DB ** inst ** byte-compile and prepare package for lazy loading ** help *** installing help indices ** building package indices ** installing vignettes ** testing if installed package can be loaded from temporary location ** testing if installed package can be loaded from final location ** testing if installed package keeps a record of temporary installation path * DONE (EGAD)
EGAD.Rcheck/tests/testthat.Rout
R version 4.3.1 (2023-06-16) -- "Beagle Scouts"
Copyright (C) 2023 The R Foundation for Statistical Computing
Platform: aarch64-apple-darwin20 (64-bit)
R is free software and comes with ABSOLUTELY NO WARRANTY.
You are welcome to redistribute it under certain conditions.
Type 'license()' or 'licence()' for distribution details.
R is a collaborative project with many contributors.
Type 'contributors()' for more information and
'citation()' on how to cite R or R packages in publications.
Type 'demo()' for some demos, 'help()' for on-line help, or
'help.start()' for an HTML browser interface to help.
Type 'q()' to quit R.
> library(testthat)
> library(EGAD)
Setting options('download.file.method.GEOquery'='auto')
Setting options('GEOquery.inmemory.gpl'=FALSE)
>
> test_check("EGAD")
[ FAIL 0 | WARN 0 | SKIP 2 | PASS 9 ]
══ Skipped tests (2) ═══════════════════════════════════════════════════════════
• empty test (2): 'test.mf.r:3:1', 'test.nv.r:3:1'
[ FAIL 0 | WARN 0 | SKIP 2 | PASS 9 ]
>
> proc.time()
user system elapsed
2.528 0.214 4.076
EGAD.Rcheck/EGAD-Ex.timings
| name | user | system | elapsed | |
| assortativity | 0.002 | 0.001 | 0.002 | |
| auc_multifunc | 0.001 | 0.001 | 0.001 | |
| auprc | 0.005 | 0.001 | 0.006 | |
| auroc_analytic | 0.000 | 0.001 | 0.001 | |
| build_binary_network | 0.001 | 0.000 | 0.000 | |
| build_coexp_expressionSet | 0.004 | 0.000 | 0.004 | |
| build_coexp_network | 0.005 | 0.001 | 0.006 | |
| build_semantic_similarity_network | 0.001 | 0.001 | 0.002 | |
| build_weighted_network | 0.001 | 0.000 | 0.001 | |
| calculate_multifunc | 0.002 | 0.000 | 0.002 | |
| conv_smoother | 0.013 | 0.001 | 0.017 | |
| extend_network | 0.002 | 0.001 | 0.005 | |
| filter_network | 0.001 | 0.000 | 0.001 | |
| filter_network_cols | 0.002 | 0.000 | 0.002 | |
| filter_network_rows | 0.001 | 0.001 | 0.005 | |
| filter_orthologs | 0 | 0 | 0 | |
| fmeasure | 0.000 | 0.000 | 0.001 | |
| get_auc | 0.000 | 0.000 | 0.001 | |
| get_counts | 0.002 | 0.000 | 0.003 | |
| get_density | 0.001 | 0.000 | 0.003 | |
| get_prc | 0.000 | 0.000 | 0.001 | |
| get_roc | 0 | 0 | 0 | |
| make_annotations | 0.000 | 0.000 | 0.001 | |
| make_gene_network | 0.000 | 0.001 | 0.001 | |
| make_genelist | 0.000 | 0.000 | 0.001 | |
| neighbor_voting | 0.025 | 0.003 | 0.038 | |
| node_degree | 0.001 | 0.000 | 0.000 | |
| plot_densities | 0.022 | 0.004 | 0.033 | |
| plot_density_compare | 0.007 | 0.002 | 0.013 | |
| plot_distribution | 0.006 | 0.002 | 0.008 | |
| plot_network_heatmap | 0.028 | 0.005 | 0.041 | |
| plot_prc | 0.013 | 0.002 | 0.021 | |
| plot_roc | 0.002 | 0.001 | 0.003 | |
| plot_roc_overlay | 0.077 | 0.011 | 0.115 | |
| predictions | 0.007 | 0.002 | 0.012 | |
| repmat | 0.000 | 0.000 | 0.001 | |
| run_GBA | 0.014 | 0.002 | 0.024 | |