| Back to Multiple platform build/check report for BioC 3.17: simplified long |
|
This page was generated on 2023-10-16 11:37:32 -0400 (Mon, 16 Oct 2023).
| Hostname | OS | Arch (*) | R version | Installed pkgs |
|---|---|---|---|---|
| nebbiolo1 | Linux (Ubuntu 22.04.2 LTS) | x86_64 | 4.3.1 (2023-06-16) -- "Beagle Scouts" | 4626 |
| palomino3 | Windows Server 2022 Datacenter | x64 | 4.3.1 (2023-06-16 ucrt) -- "Beagle Scouts" | 4379 |
| merida1 | macOS 12.6.4 Monterey | x86_64 | 4.3.1 (2023-06-16) -- "Beagle Scouts" | 4395 |
| Click on any hostname to see more info about the system (e.g. compilers) (*) as reported by 'uname -p', except on Windows and Mac OS X | ||||
| Package 1897/2230 | Hostname | OS / Arch | INSTALL | BUILD | CHECK | BUILD BIN | ||||||||
| sesame 1.18.4 (landing page) Wanding Zhou
| nebbiolo1 | Linux (Ubuntu 22.04.2 LTS) / x86_64 | OK | OK | WARNINGS | |||||||||
| palomino3 | Windows Server 2022 Datacenter / x64 | OK | OK | WARNINGS | OK | |||||||||
| merida1 | macOS 12.6.4 Monterey / x86_64 | OK | OK | WARNINGS | OK | |||||||||
| kjohnson2 | macOS 12.6.1 Monterey / arm64 | see weekly results here | ||||||||||||
|
To the developers/maintainers of the sesame package: - Allow up to 24 hours (and sometimes 48 hours) for your latest push to git@git.bioconductor.org:packages/sesame.git to reflect on this report. See Troubleshooting Build Report for more information. - Use the following Renviron settings to reproduce errors and warnings. - If 'R CMD check' started to fail recently on the Linux builder(s) over a missing dependency, add the missing dependency to 'Suggests:' in your DESCRIPTION file. See Renviron.bioc for more information. |
| Package: sesame |
| Version: 1.18.4 |
| Command: /Library/Frameworks/R.framework/Resources/bin/R CMD check --install=check:sesame.install-out.txt --library=/Library/Frameworks/R.framework/Resources/library --no-vignettes --timings sesame_1.18.4.tar.gz |
| StartedAt: 2023-10-16 07:02:36 -0400 (Mon, 16 Oct 2023) |
| EndedAt: 2023-10-16 07:36:01 -0400 (Mon, 16 Oct 2023) |
| EllapsedTime: 2004.7 seconds |
| RetCode: 0 |
| Status: WARNINGS |
| CheckDir: sesame.Rcheck |
| Warnings: 1 |
##############################################################################
##############################################################################
###
### Running command:
###
### /Library/Frameworks/R.framework/Resources/bin/R CMD check --install=check:sesame.install-out.txt --library=/Library/Frameworks/R.framework/Resources/library --no-vignettes --timings sesame_1.18.4.tar.gz
###
##############################################################################
##############################################################################
* using log directory ‘/Users/biocbuild/bbs-3.17-bioc/meat/sesame.Rcheck’
* using R version 4.3.1 (2023-06-16)
* using platform: x86_64-apple-darwin20 (64-bit)
* R was compiled by
Apple clang version 14.0.3 (clang-1403.0.22.14.1)
GNU Fortran (GCC) 12.2.0
* running under: macOS Monterey 12.6.4
* using session charset: UTF-8
* using option ‘--no-vignettes’
* checking for file ‘sesame/DESCRIPTION’ ... OK
* checking extension type ... Package
* this is package ‘sesame’ version ‘1.18.4’
* package encoding: UTF-8
* checking package namespace information ... OK
* checking package dependencies ... OK
* checking if this is a source package ... OK
* checking if there is a namespace ... OK
* checking for hidden files and directories ... OK
* checking for portable file names ... OK
* checking for sufficient/correct file permissions ... OK
* checking whether package ‘sesame’ can be installed ... OK
* checking installed package size ... OK
* checking package directory ... OK
* checking ‘build’ directory ... OK
* checking DESCRIPTION meta-information ... OK
* checking top-level files ... OK
* checking for left-over files ... OK
* checking index information ... OK
* checking package subdirectories ... OK
* checking R files for non-ASCII characters ... OK
* checking R files for syntax errors ... OK
* checking whether the package can be loaded ... OK
* checking whether the package can be loaded with stated dependencies ... OK
* checking whether the package can be unloaded cleanly ... OK
* checking whether the namespace can be loaded with stated dependencies ... OK
* checking whether the namespace can be unloaded cleanly ... OK
* checking startup messages can be suppressed ... OK
* checking dependencies in R code ... WARNING
'::' or ':::' import not declared from: ‘BiocManager’
* checking S3 generic/method consistency ... OK
* checking replacement functions ... OK
* checking foreign function calls ... OK
* checking R code for possible problems ... OK
* checking Rd files ... OK
* checking Rd metadata ... OK
* checking Rd cross-references ... OK
* checking for missing documentation entries ... OK
* checking for code/documentation mismatches ... OK
* checking Rd \usage sections ... OK
* checking Rd contents ... OK
* checking for unstated dependencies in examples ... OK
* checking files in ‘vignettes’ ... OK
* checking examples ... OK
Examples with CPU (user + system) or elapsed time > 5s
user system elapsed
testEnrichmentGene 173.361 6.526 236.118
sesameQC_calcStats 37.981 1.761 48.613
KYCG_plotMeta 33.412 1.046 44.335
sesameQC_plotHeatSNPs 32.513 1.578 43.312
KYCG_plotEnrichAll 30.465 1.315 42.394
compareMouseStrainReference 29.723 0.540 38.934
compareReference 26.657 0.814 35.554
inferSpecies 25.258 1.095 33.831
ELBAR 22.487 2.761 33.658
matchDesign 23.871 1.162 33.146
diffRefSet 22.882 0.716 30.375
KYCG_annoProbes 21.978 0.996 30.883
sesameQC_plotBar 19.909 0.484 26.432
KYCG_plotMetaEnrichment 18.611 0.644 25.561
testEnrichmentSEA 18.267 0.950 24.342
getRefSet 18.498 0.670 25.096
sesameQC_plotBetaByDesign 17.744 1.048 23.893
inferTissue 16.302 1.479 23.587
DML 15.681 1.656 23.544
KYCG_buildGeneDBs 16.132 0.588 22.851
sdf_read_table 15.404 0.611 20.553
visualizeGene 15.469 0.543 20.231
DMR 15.552 0.427 21.475
getSexInfo 14.561 0.606 19.538
deidentify 13.706 0.460 18.901
inferStrain 12.707 0.875 17.590
reIdentify 12.107 0.344 17.342
estimateLeukocyte 9.939 0.546 14.246
dbStats 9.333 0.706 13.379
KYCG_plotSetEnrichment 9.390 0.524 12.912
dyeBiasNL 9.201 0.554 12.324
dyeBiasCorrMostBalanced 9.290 0.320 12.605
openSesame 8.730 0.774 12.438
createUCSCtrack 9.035 0.335 12.903
probeSuccessRate 8.490 0.672 12.209
testEnrichment 8.068 0.558 12.218
inferSex 8.027 0.470 10.982
getMask 7.583 0.518 10.991
bisConversionControl 7.487 0.295 10.154
visualizeProbes 7.512 0.238 9.618
prepSesame 6.246 0.427 8.585
sdf_write_table 5.733 0.324 7.543
scrubSoft 5.365 0.644 7.568
sesameQC_rankStats 5.678 0.303 8.139
inferSexKaryotypes 5.361 0.260 7.238
formatVCF 5.237 0.374 7.368
KYCG_plotWaterfall 5.002 0.206 7.060
totalIntensities 4.770 0.386 6.514
KYCG_getDBs 4.774 0.340 6.883
mapToMammal40 4.700 0.384 7.100
print.DMLSummary 3.949 1.027 6.437
updateSigDF 4.625 0.302 6.400
detectionPnegEcdf 4.714 0.159 6.704
parseGEOsignalMU 4.651 0.197 6.078
checkLevels 4.407 0.428 6.325
dyeBiasCorr 4.326 0.264 6.146
meanIntensity 4.183 0.314 5.873
summaryExtractTest 3.728 0.692 6.136
qualityMask 3.741 0.469 6.334
scrub 3.844 0.297 5.488
sesameQC_getStats 3.933 0.188 5.083
sesame-package 3.643 0.458 5.063
KYCG_plotPointRange 3.821 0.212 5.218
inferEthnicity 3.675 0.245 5.244
noMasked 3.271 0.467 5.095
* checking for unstated dependencies in ‘tests’ ... OK
* checking tests ...
Running ‘testthat.R’
OK
* checking for unstated dependencies in vignettes ... OK
* checking package vignettes in ‘inst/doc’ ... OK
* checking running R code from vignettes ... SKIPPED
* checking re-building of vignette outputs ... SKIPPED
* checking PDF version of manual ... OK
* DONE
Status: 1 WARNING
See
‘/Users/biocbuild/bbs-3.17-bioc/meat/sesame.Rcheck/00check.log’
for details.
sesame.Rcheck/00install.out
############################################################################## ############################################################################## ### ### Running command: ### ### /Library/Frameworks/R.framework/Resources/bin/R CMD INSTALL sesame ### ############################################################################## ############################################################################## * installing to library ‘/Library/Frameworks/R.framework/Versions/4.3-x86_64/Resources/library’ * installing *source* package ‘sesame’ ... ** using staged installation ** R ** inst ** byte-compile and prepare package for lazy loading ** help *** installing help indices ** building package indices ** installing vignettes ** testing if installed package can be loaded from temporary location ** testing if installed package can be loaded from final location ** testing if installed package keeps a record of temporary installation path * DONE (sesame)
sesame.Rcheck/tests/testthat.Rout
R version 4.3.1 (2023-06-16) -- "Beagle Scouts"
Copyright (C) 2023 The R Foundation for Statistical Computing
Platform: x86_64-apple-darwin20 (64-bit)
R is free software and comes with ABSOLUTELY NO WARRANTY.
You are welcome to redistribute it under certain conditions.
Type 'license()' or 'licence()' for distribution details.
R is a collaborative project with many contributors.
Type 'contributors()' for more information and
'citation()' on how to cite R or R packages in publications.
Type 'demo()' for some demos, 'help()' for on-line help, or
'help.start()' for an HTML browser interface to help.
Type 'q()' to quit R.
> library(testthat)
> library(sesame)
Loading required package: sesameData
Loading required package: ExperimentHub
Loading required package: BiocGenerics
Attaching package: 'BiocGenerics'
The following objects are masked from 'package:stats':
IQR, mad, sd, var, xtabs
The following objects are masked from 'package:base':
Filter, Find, Map, Position, Reduce, anyDuplicated, aperm, append,
as.data.frame, basename, cbind, colnames, dirname, do.call,
duplicated, eval, evalq, get, grep, grepl, intersect, is.unsorted,
lapply, mapply, match, mget, order, paste, pmax, pmax.int, pmin,
pmin.int, rank, rbind, rownames, sapply, setdiff, sort, table,
tapply, union, unique, unsplit, which.max, which.min
Loading required package: AnnotationHub
Loading required package: BiocFileCache
Loading required package: dbplyr
Loading sesameData.
----------------------------------------------------------
| SEnsible Step-wise Analysis of DNA MEthylation (SeSAMe)
| --------------------------------------------------------
| Please cache auxiliary data by "sesameDataCache()".
| This needs to be done only once per SeSAMe installation.
----------------------------------------------------------
>
> test_check("sesame")
[ FAIL 0 | WARN 0 | SKIP 0 | PASS 1 ]
>
> proc.time()
user system elapsed
34.235 3.281 46.803
sesame.Rcheck/sesame-Ex.timings
| name | user | system | elapsed | |
| BetaValueToMValue | 0.000 | 0.001 | 0.001 | |
| DML | 15.681 | 1.656 | 23.544 | |
| DMLpredict | 2.205 | 0.164 | 3.418 | |
| DMR | 15.552 | 0.427 | 21.475 | |
| ELBAR | 22.487 | 2.761 | 33.658 | |
| KYCG_annoProbes | 21.978 | 0.996 | 30.883 | |
| KYCG_buildGeneDBs | 16.132 | 0.588 | 22.851 | |
| KYCG_getDBs | 4.774 | 0.340 | 6.883 | |
| KYCG_listDBGroups | 0.055 | 0.001 | 0.071 | |
| KYCG_loadDBs | 0.000 | 0.001 | 0.001 | |
| KYCG_plotBar | 0.396 | 0.013 | 0.507 | |
| KYCG_plotDot | 0.602 | 0.036 | 0.815 | |
| KYCG_plotEnrichAll | 30.465 | 1.315 | 42.394 | |
| KYCG_plotLollipop | 0.370 | 0.015 | 0.491 | |
| KYCG_plotManhattan | 1.513 | 0.250 | 2.269 | |
| KYCG_plotMeta | 33.412 | 1.046 | 44.335 | |
| KYCG_plotMetaEnrichment | 18.611 | 0.644 | 25.561 | |
| KYCG_plotPointRange | 3.821 | 0.212 | 5.218 | |
| KYCG_plotSetEnrichment | 9.390 | 0.524 | 12.912 | |
| KYCG_plotVolcano | 0.376 | 0.006 | 0.521 | |
| KYCG_plotWaterfall | 5.002 | 0.206 | 7.060 | |
| MValueToBetaValue | 0.000 | 0.000 | 0.001 | |
| SigDF | 0.493 | 0.065 | 0.831 | |
| addMask | 0.158 | 0.001 | 0.207 | |
| aggregateTestEnrichments | 3.278 | 0.089 | 4.263 | |
| betasCollapseToPfx | 0.004 | 0.001 | 0.004 | |
| bisConversionControl | 7.487 | 0.295 | 10.154 | |
| calcEffectSize | 1.968 | 0.144 | 2.798 | |
| checkLevels | 4.407 | 0.428 | 6.325 | |
| cnSegmentation | 0.486 | 0.079 | 0.851 | |
| compareMouseStrainReference | 29.723 | 0.540 | 38.934 | |
| compareMouseTissueReference | 0.001 | 0.001 | 0.001 | |
| compareReference | 26.657 | 0.814 | 35.554 | |
| controls | 3.302 | 0.244 | 4.928 | |
| createUCSCtrack | 9.035 | 0.335 | 12.903 | |
| dataFrame2sesameQC | 2.436 | 0.219 | 3.566 | |
| dbStats | 9.333 | 0.706 | 13.379 | |
| deidentify | 13.706 | 0.460 | 18.901 | |
| detectionPnegEcdf | 4.714 | 0.159 | 6.704 | |
| diffRefSet | 22.882 | 0.716 | 30.375 | |
| dmContrasts | 2.963 | 0.335 | 4.348 | |
| dyeBiasCorr | 4.326 | 0.264 | 6.146 | |
| dyeBiasCorrMostBalanced | 9.290 | 0.320 | 12.605 | |
| dyeBiasL | 3.603 | 0.160 | 4.841 | |
| dyeBiasNL | 9.201 | 0.554 | 12.324 | |
| estimateLeukocyte | 9.939 | 0.546 | 14.246 | |
| formatVCF | 5.237 | 0.374 | 7.368 | |
| getAFTypeIbySumAlleles | 2.465 | 0.221 | 3.614 | |
| getAFs | 1.637 | 0.116 | 2.312 | |
| getBetas | 1.338 | 0.125 | 1.929 | |
| getMask | 7.583 | 0.518 | 10.991 | |
| getRefSet | 18.498 | 0.670 | 25.096 | |
| getSexInfo | 14.561 | 0.606 | 19.538 | |
| imputeTo | 2.813 | 0.234 | 4.005 | |
| inferEthnicity | 3.675 | 0.245 | 5.244 | |
| inferInfiniumIChannel | 1.015 | 1.476 | 3.171 | |
| inferSex | 8.027 | 0.470 | 10.982 | |
| inferSexKaryotypes | 5.361 | 0.260 | 7.238 | |
| inferSpecies | 25.258 | 1.095 | 33.831 | |
| inferStrain | 12.707 | 0.875 | 17.590 | |
| inferTissue | 16.302 | 1.479 | 23.587 | |
| initFileSet | 1.952 | 0.281 | 2.885 | |
| listAvailableMasks | 2.735 | 0.157 | 3.848 | |
| mapFileSet | 0.061 | 0.006 | 0.091 | |
| mapToMammal40 | 4.700 | 0.384 | 7.100 | |
| matchDesign | 23.871 | 1.162 | 33.146 | |
| meanIntensity | 4.183 | 0.314 | 5.873 | |
| medianTotalIntensity | 1.391 | 0.078 | 2.082 | |
| noMasked | 3.271 | 0.467 | 5.095 | |
| noob | 3.305 | 0.038 | 4.450 | |
| openSesame | 8.730 | 0.774 | 12.438 | |
| openSesameToFile | 2.850 | 0.260 | 3.938 | |
| pOOBAH | 2.367 | 0.007 | 2.950 | |
| palgen | 0.069 | 0.012 | 0.096 | |
| parseGEOsignalMU | 4.651 | 0.197 | 6.078 | |
| predictAge | 3.671 | 0.162 | 4.899 | |
| predictAgeHorvath353 | 0.001 | 0.000 | 0.000 | |
| predictAgeSkinBlood | 0.001 | 0.000 | 0.001 | |
| predictMouseAgeInMonth | 0.000 | 0.001 | 0.001 | |
| prefixMask | 1.168 | 0.005 | 1.488 | |
| prefixMaskButC | 0.329 | 0.002 | 0.415 | |
| prefixMaskButCG | 0.130 | 0.002 | 0.199 | |
| prepSesame | 6.246 | 0.427 | 8.585 | |
| prepSesameList | 0.002 | 0.002 | 0.004 | |
| print.DMLSummary | 3.949 | 1.027 | 6.437 | |
| print.fileSet | 1.911 | 0.230 | 2.834 | |
| probeID_designType | 0.000 | 0.000 | 0.001 | |
| probeSuccessRate | 8.490 | 0.672 | 12.209 | |
| qualityMask | 3.741 | 0.469 | 6.334 | |
| reIdentify | 12.107 | 0.344 | 17.342 | |
| readFileSet | 0.091 | 0.010 | 0.195 | |
| readIDATpair | 0.218 | 0.005 | 0.260 | |
| recommendedMaskNames | 0.000 | 0.001 | 0.002 | |
| resetMask | 0.650 | 0.066 | 1.081 | |
| scrub | 3.844 | 0.297 | 5.488 | |
| scrubSoft | 5.365 | 0.644 | 7.568 | |
| sdfPlatform | 0.483 | 0.079 | 0.826 | |
| sdf_read_table | 15.404 | 0.611 | 20.553 | |
| sdf_write_table | 5.733 | 0.324 | 7.543 | |
| searchIDATprefixes | 0.006 | 0.004 | 0.011 | |
| sesame-package | 3.643 | 0.458 | 5.063 | |
| sesameAnno_download | 0.000 | 0.001 | 0.001 | |
| sesameAnno_get | 0.000 | 0.001 | 0.003 | |
| sesameData_getAnno | 0.001 | 0.000 | 0.001 | |
| sesameQC_calcStats | 37.981 | 1.761 | 48.613 | |
| sesameQC_getStats | 3.933 | 0.188 | 5.083 | |
| sesameQC_plotBar | 19.909 | 0.484 | 26.432 | |
| sesameQC_plotBetaByDesign | 17.744 | 1.048 | 23.893 | |
| sesameQC_plotHeatSNPs | 32.513 | 1.578 | 43.312 | |
| sesameQC_plotIntensVsBetas | 3.239 | 0.282 | 4.971 | |
| sesameQC_plotRedGrnQQ | 2.235 | 0.262 | 3.325 | |
| sesameQC_rankStats | 5.678 | 0.303 | 8.139 | |
| sesame_checkVersion | 0.006 | 0.002 | 0.009 | |
| setMask | 0.184 | 0.001 | 0.232 | |
| signalMU | 1.573 | 0.300 | 2.497 | |
| sliceFileSet | 0.060 | 0.006 | 0.083 | |
| summaryExtractTest | 3.728 | 0.692 | 6.136 | |
| testEnrichment | 8.068 | 0.558 | 12.218 | |
| testEnrichmentGene | 173.361 | 6.526 | 236.118 | |
| testEnrichmentSEA | 18.267 | 0.950 | 24.342 | |
| totalIntensities | 4.770 | 0.386 | 6.514 | |
| updateSigDF | 4.625 | 0.302 | 6.400 | |
| visualizeGene | 15.469 | 0.543 | 20.231 | |
| visualizeProbes | 7.512 | 0.238 | 9.618 | |
| visualizeRegion | 0.726 | 0.005 | 0.905 | |
| visualizeSegments | 2.229 | 0.684 | 3.670 | |