| Back to Multiple platform build/check report for BioC 3.17: simplified long |
|
This page was generated on 2023-10-16 11:35:42 -0400 (Mon, 16 Oct 2023).
| Hostname | OS | Arch (*) | R version | Installed pkgs |
|---|---|---|---|---|
| nebbiolo1 | Linux (Ubuntu 22.04.2 LTS) | x86_64 | 4.3.1 (2023-06-16) -- "Beagle Scouts" | 4626 |
| palomino3 | Windows Server 2022 Datacenter | x64 | 4.3.1 (2023-06-16 ucrt) -- "Beagle Scouts" | 4379 |
| merida1 | macOS 12.6.4 Monterey | x86_64 | 4.3.1 (2023-06-16) -- "Beagle Scouts" | 4395 |
| Click on any hostname to see more info about the system (e.g. compilers) (*) as reported by 'uname -p', except on Windows and Mac OS X | ||||
| Package 1720/2230 | Hostname | OS / Arch | INSTALL | BUILD | CHECK | BUILD BIN | ||||||||
| rifi 1.4.1 (landing page) Jens Georg
| nebbiolo1 | Linux (Ubuntu 22.04.2 LTS) / x86_64 | OK | OK | WARNINGS | |||||||||
| palomino3 | Windows Server 2022 Datacenter / x64 | ... NOT SUPPORTED ... | ||||||||||||
| merida1 | macOS 12.6.4 Monterey / x86_64 | OK | OK | WARNINGS | OK | |||||||||
| kjohnson2 | macOS 12.6.1 Monterey / arm64 | see weekly results here | ||||||||||||
|
To the developers/maintainers of the rifi package: - Allow up to 24 hours (and sometimes 48 hours) for your latest push to git@git.bioconductor.org:packages/rifi.git to reflect on this report. See Troubleshooting Build Report for more information. - Use the following Renviron settings to reproduce errors and warnings. - If 'R CMD check' started to fail recently on the Linux builder(s) over a missing dependency, add the missing dependency to 'Suggests:' in your DESCRIPTION file. See Renviron.bioc for more information. |
| Package: rifi |
| Version: 1.4.1 |
| Command: /home/biocbuild/bbs-3.17-bioc/R/bin/R CMD check --install=check:rifi.install-out.txt --library=/home/biocbuild/bbs-3.17-bioc/R/site-library --timings rifi_1.4.1.tar.gz |
| StartedAt: 2023-10-16 00:26:40 -0400 (Mon, 16 Oct 2023) |
| EndedAt: 2023-10-16 00:36:32 -0400 (Mon, 16 Oct 2023) |
| EllapsedTime: 592.6 seconds |
| RetCode: 0 |
| Status: WARNINGS |
| CheckDir: rifi.Rcheck |
| Warnings: 2 |
##############################################################################
##############################################################################
###
### Running command:
###
### /home/biocbuild/bbs-3.17-bioc/R/bin/R CMD check --install=check:rifi.install-out.txt --library=/home/biocbuild/bbs-3.17-bioc/R/site-library --timings rifi_1.4.1.tar.gz
###
##############################################################################
##############################################################################
* using log directory ‘/home/biocbuild/bbs-3.17-bioc/meat/rifi.Rcheck’
* using R version 4.3.1 (2023-06-16)
* using platform: x86_64-pc-linux-gnu (64-bit)
* R was compiled by
gcc (Ubuntu 11.3.0-1ubuntu1~22.04.1) 11.3.0
GNU Fortran (Ubuntu 11.3.0-1ubuntu1~22.04.1) 11.3.0
* running under: Ubuntu 22.04.3 LTS
* using session charset: UTF-8
* checking for file ‘rifi/DESCRIPTION’ ... OK
* this is package ‘rifi’ version ‘1.4.1’
* package encoding: UTF-8
* checking package namespace information ... OK
* checking package dependencies ... OK
* checking if this is a source package ... OK
* checking if there is a namespace ... OK
* checking for hidden files and directories ... NOTE
Found the following hidden files and directories:
.BBSoptions
R/.ipynb_checkpoints
vignettes/.ipynb_checkpoints
These were most likely included in error. See section ‘Package
structure’ in the ‘Writing R Extensions’ manual.
* checking for portable file names ... OK
* checking for sufficient/correct file permissions ... OK
* checking whether package ‘rifi’ can be installed ... WARNING
Found the following significant warnings:
Note: next used in wrong context: no loop is visible
Warning: apply_Ttest_delay.Rd:55: unexpected '}'
Warning: predict_ps_itss.Rd:57: unexpected '}'
See ‘/home/biocbuild/bbs-3.17-bioc/meat/rifi.Rcheck/00install.out’ for details.
Information on the location(s) of code generating the ‘Note’s can be
obtained by re-running with environment variable R_KEEP_PKG_SOURCE set
to ‘yes’.
* checking installed package size ... OK
* checking package directory ... OK
* checking ‘build’ directory ... OK
* checking DESCRIPTION meta-information ... OK
* checking top-level files ... OK
* checking for left-over files ... OK
* checking index information ... OK
* checking package subdirectories ... OK
* checking R files for non-ASCII characters ... OK
* checking R files for syntax errors ... OK
* checking whether the package can be loaded ... OK
* checking whether the package can be loaded with stated dependencies ... OK
* checking whether the package can be unloaded cleanly ... OK
* checking whether the namespace can be loaded with stated dependencies ... OK
* checking whether the namespace can be unloaded cleanly ... OK
* checking loading without being on the library search path ... OK
* checking dependencies in R code ... OK
* checking S3 generic/method consistency ... OK
* checking replacement functions ... OK
* checking foreign function calls ... OK
* checking R code for possible problems ... OK
* checking Rd files ... WARNING
prepare_Rd: apply_Ttest_delay.Rd:55: unexpected '}'
prepare_Rd: predict_ps_itss.Rd:57: unexpected '}'
* checking Rd metadata ... OK
* checking Rd cross-references ... OK
* checking for missing documentation entries ... OK
* checking for code/documentation mismatches ... OK
* checking Rd \usage sections ... OK
* checking Rd contents ... OK
* checking for unstated dependencies in examples ... OK
* checking contents of ‘data’ directory ... OK
* checking data for non-ASCII characters ... OK
* checking data for ASCII and uncompressed saves ... OK
* checking files in ‘vignettes’ ... OK
* checking examples ... OK
Examples with CPU (user + system) or elapsed time > 5s
user system elapsed
rifi_wrapper 111.333 59.941 131.496
rifi_penalties 46.370 36.026 64.636
nls2_fit 34.127 1.121 21.475
rifi_visualization 26.744 1.629 28.375
rifi_fit 22.537 0.501 23.037
make_pen 9.031 5.661 12.085
TI_fit 9.411 0.797 6.168
* checking for unstated dependencies in vignettes ... OK
* checking package vignettes in ‘inst/doc’ ... OK
* checking running R code from vignettes ...
‘vignette.Rmd’ using ‘UTF-8’... OK
NONE
* checking re-building of vignette outputs ... OK
* checking PDF version of manual ... OK
* DONE
Status: 2 WARNINGs, 1 NOTE
See
‘/home/biocbuild/bbs-3.17-bioc/meat/rifi.Rcheck/00check.log’
for details.
rifi.Rcheck/00install.out
############################################################################## ############################################################################## ### ### Running command: ### ### /home/biocbuild/bbs-3.17-bioc/R/bin/R CMD INSTALL rifi ### ############################################################################## ############################################################################## * installing to library ‘/home/biocbuild/bbs-3.17-bioc/R/site-library’ * installing *source* package ‘rifi’ ... ** using staged installation ** R ** data ** inst ** byte-compile and prepare package for lazy loading Note: next used in wrong context: no loop is visible ** help Warning: apply_Ttest_delay.Rd:55: unexpected '}' Warning: predict_ps_itss.Rd:57: unexpected '}' *** installing help indices ** building package indices ** installing vignettes ** testing if installed package can be loaded from temporary location ** testing if installed package can be loaded from final location ** testing if installed package keeps a record of temporary installation path * DONE (rifi)
rifi.Rcheck/rifi-Ex.timings
| name | user | system | elapsed | |
| TI_fit | 9.411 | 0.797 | 6.168 | |
| TUgether | 0.446 | 0.140 | 0.510 | |
| apply_Ttest_delay | 0.104 | 0.008 | 0.112 | |
| apply_ancova | 0.309 | 0.031 | 0.342 | |
| apply_event_position | 0.087 | 0.015 | 0.103 | |
| apply_manova | 0.533 | 0.036 | 0.569 | |
| apply_t_test | 0.621 | 0.059 | 0.680 | |
| apply_t_test_ti | 0.157 | 0.037 | 0.194 | |
| check_input | 0.354 | 0.019 | 0.374 | |
| dataframe_summary | 0.104 | 0.004 | 0.108 | |
| dataframe_summary_TI | 0.032 | 0.012 | 0.044 | |
| dataframe_summary_events | 0.721 | 0.059 | 0.781 | |
| dataframe_summary_events_HL_int | 0.556 | 0.012 | 0.568 | |
| dataframe_summary_events_ps_itss | 0.228 | 0.024 | 0.251 | |
| dataframe_summary_events_velocity | 0.202 | 0.003 | 0.206 | |
| event_dataframe | 0.700 | 0.036 | 0.736 | |
| finding_PDD | 0.212 | 0.091 | 0.244 | |
| finding_TI | 0.337 | 0.101 | 0.390 | |
| fold_change | 2.786 | 0.160 | 2.947 | |
| fragment_HL | 0.570 | 0.152 | 0.638 | |
| fragment_TI | 0.388 | 0.044 | 0.431 | |
| fragment_delay | 0.875 | 0.354 | 1.134 | |
| fragment_inty | 0.633 | 0.270 | 0.827 | |
| gff3_preprocess | 0.514 | 0.095 | 0.611 | |
| make_df | 0.613 | 0.242 | 0.530 | |
| make_pen | 9.031 | 5.661 | 12.085 | |
| nls2_fit | 34.127 | 1.121 | 21.475 | |
| predict_ps_itss | 0.272 | 0.016 | 0.287 | |
| rifi_fit | 22.537 | 0.501 | 23.037 | |
| rifi_fragmentation | 3.771 | 0.886 | 4.335 | |
| rifi_penalties | 46.370 | 36.026 | 64.636 | |
| rifi_preprocess | 1.548 | 0.433 | 1.604 | |
| rifi_stats | 4.728 | 0.153 | 4.881 | |
| rifi_summary | 1.810 | 0.064 | 1.874 | |
| rifi_visualization | 26.744 | 1.629 | 28.375 | |
| rifi_wrapper | 111.333 | 59.941 | 131.496 | |
| segment_pos | 0.176 | 0.000 | 0.176 | |
| viz_pen_obj | 0.007 | 0.004 | 0.010 | |