| Back to Multiple platform build/check report for BioC 3.17: simplified long |
|
This page was generated on 2023-10-16 11:35:32 -0400 (Mon, 16 Oct 2023).
| Hostname | OS | Arch (*) | R version | Installed pkgs |
|---|---|---|---|---|
| nebbiolo1 | Linux (Ubuntu 22.04.2 LTS) | x86_64 | 4.3.1 (2023-06-16) -- "Beagle Scouts" | 4626 |
| palomino3 | Windows Server 2022 Datacenter | x64 | 4.3.1 (2023-06-16 ucrt) -- "Beagle Scouts" | 4379 |
| merida1 | macOS 12.6.4 Monterey | x86_64 | 4.3.1 (2023-06-16) -- "Beagle Scouts" | 4395 |
| Click on any hostname to see more info about the system (e.g. compilers) (*) as reported by 'uname -p', except on Windows and Mac OS X | ||||
| Package 1257/2230 | Hostname | OS / Arch | INSTALL | BUILD | CHECK | BUILD BIN | ||||||||
| mixOmics 6.24.0 (landing page) Max Bladen
| nebbiolo1 | Linux (Ubuntu 22.04.2 LTS) / x86_64 | OK | OK | ERROR | |||||||||
| palomino3 | Windows Server 2022 Datacenter / x64 | OK | OK | OK | OK | |||||||||
| merida1 | macOS 12.6.4 Monterey / x86_64 | OK | OK | OK | OK | |||||||||
| kjohnson2 | macOS 12.6.1 Monterey / arm64 | see weekly results here | ||||||||||||
|
To the developers/maintainers of the mixOmics package: - Allow up to 24 hours (and sometimes 48 hours) for your latest push to git@git.bioconductor.org:packages/mixOmics.git to reflect on this report. See Troubleshooting Build Report for more information. - Use the following Renviron settings to reproduce errors and warnings. - If 'R CMD check' started to fail recently on the Linux builder(s) over a missing dependency, add the missing dependency to 'Suggests:' in your DESCRIPTION file. See Renviron.bioc for more information. |
| Package: mixOmics |
| Version: 6.24.0 |
| Command: /home/biocbuild/bbs-3.17-bioc/R/bin/R CMD check --install=check:mixOmics.install-out.txt --library=/home/biocbuild/bbs-3.17-bioc/R/site-library --timings mixOmics_6.24.0.tar.gz |
| StartedAt: 2023-10-15 22:55:37 -0400 (Sun, 15 Oct 2023) |
| EndedAt: 2023-10-15 23:01:32 -0400 (Sun, 15 Oct 2023) |
| EllapsedTime: 354.2 seconds |
| RetCode: 1 |
| Status: ERROR |
| CheckDir: mixOmics.Rcheck |
| Warnings: NA |
##############################################################################
##############################################################################
###
### Running command:
###
### /home/biocbuild/bbs-3.17-bioc/R/bin/R CMD check --install=check:mixOmics.install-out.txt --library=/home/biocbuild/bbs-3.17-bioc/R/site-library --timings mixOmics_6.24.0.tar.gz
###
##############################################################################
##############################################################################
* using log directory ‘/home/biocbuild/bbs-3.17-bioc/meat/mixOmics.Rcheck’
* using R version 4.3.1 (2023-06-16)
* using platform: x86_64-pc-linux-gnu (64-bit)
* R was compiled by
gcc (Ubuntu 11.3.0-1ubuntu1~22.04.1) 11.3.0
GNU Fortran (Ubuntu 11.3.0-1ubuntu1~22.04.1) 11.3.0
* running under: Ubuntu 22.04.3 LTS
* using session charset: UTF-8
* checking for file ‘mixOmics/DESCRIPTION’ ... OK
* checking extension type ... Package
* this is package ‘mixOmics’ version ‘6.24.0’
* package encoding: UTF-8
* checking package namespace information ... OK
* checking package dependencies ... OK
* checking if this is a source package ... OK
* checking if there is a namespace ... OK
* checking for hidden files and directories ... OK
* checking for portable file names ... OK
* checking for sufficient/correct file permissions ... OK
* checking whether package ‘mixOmics’ can be installed ... OK
* checking installed package size ... NOTE
installed size is 7.8Mb
sub-directories of 1Mb or more:
R 1.2Mb
data 3.4Mb
doc 1.7Mb
* checking package directory ... OK
* checking DESCRIPTION meta-information ... OK
* checking top-level files ... OK
* checking for left-over files ... OK
* checking index information ... OK
* checking package subdirectories ... OK
* checking R files for non-ASCII characters ... OK
* checking R files for syntax errors ... OK
* checking whether the package can be loaded ... OK
* checking whether the package can be loaded with stated dependencies ... OK
* checking whether the package can be unloaded cleanly ... OK
* checking whether the namespace can be loaded with stated dependencies ... OK
* checking whether the namespace can be unloaded cleanly ... OK
* checking loading without being on the library search path ... OK
* checking startup messages can be suppressed ... OK
* checking dependencies in R code ... OK
* checking S3 generic/method consistency ... OK
* checking replacement functions ... OK
* checking foreign function calls ... OK
* checking R code for possible problems ... OK
* checking Rd files ... OK
* checking Rd metadata ... OK
* checking Rd cross-references ... OK
* checking for missing documentation entries ... OK
* checking for code/documentation mismatches ... OK
* checking Rd \usage sections ... OK
* checking Rd contents ... OK
* checking for unstated dependencies in examples ... OK
* checking contents of ‘data’ directory ... OK
* checking data for non-ASCII characters ... OK
* checking data for ASCII and uncompressed saves ... OK
* checking installed files from ‘inst/doc’ ... OK
* checking files in ‘vignettes’ ... OK
* checking examples ... OK
Examples with CPU (user + system) or elapsed time > 5s
user system elapsed
biplot 14.948 0.156 15.104
circosPlot 7.207 0.132 7.340
background.predict 6.558 0.084 6.642
block.splsda 6.468 0.072 6.540
block.spls 5.495 0.060 5.555
* checking for unstated dependencies in ‘tests’ ... OK
* checking tests ...
Running ‘testthat.R’
OK
* checking for unstated dependencies in vignettes ... OK
* checking package vignettes in ‘inst/doc’ ... OK
* checking running R code from vignettes ...
‘vignette.Rmd’ using ‘UTF-8’... OK
NONE
* checking re-building of vignette outputs ... ERROR
Error(s) in re-building vignettes:
--- re-building ‘vignette.Rmd’ using rmarkdown
The magick package is required to crop "Figures/Getting-Started02-pca-nutrimouse-1.png" but not available.
The magick package is required to crop "Figures/Getting-Started02-pca-nutrimouse-2.png" but not available.
The magick package is required to crop "Figures/Getting-Started02-spca-nutrimouse-1.png" but not available.
The magick package is required to crop "Figures/Getting-Started02-spca-nutrimouse-2.png" but not available.
The magick package is required to crop "Figures/PCA/03-screeplot-1.png" but not available.
The magick package is required to crop "Figures/PCA/03-pca-sample-plot-1.png" but not available.
The magick package is required to crop "Figures/PCA/03-pca-variable-plot-1.png" but not available.
The magick package is required to crop "Figures/PCA/03-pca-biplot-1.png" but not available.
The magick package is required to crop "Figures/PCA/03-pca-boxplot-1.png" but not available.
The magick package is required to crop "Figures/PCA/03-spca-tuning-1.png" but not available.
The magick package is required to crop "Figures/PCA/03-spca-sample-plot-1.png" but not available.
The magick package is required to crop "Figures/PCA/03-spca-biplot-1.png" but not available.
The magick package is required to crop "Figures/PCA/03-spca-variable-plot-1.png" but not available.
The magick package is required to crop "Figures/PCA/03-spca-loading-plot-1.png" but not available.
Quitting from lines 684-688 [04-load-data2] (vignette.Rmd)
Error: processing vignette 'vignette.Rmd' failed with diagnostics:
there is no package called 'devtools'
--- failed re-building ‘vignette.Rmd’
SUMMARY: processing the following file failed:
‘vignette.Rmd’
Error: Vignette re-building failed.
Execution halted
* checking PDF version of manual ... OK
* DONE
Status: 1 ERROR, 1 NOTE
See
‘/home/biocbuild/bbs-3.17-bioc/meat/mixOmics.Rcheck/00check.log’
for details.
mixOmics.Rcheck/00install.out
############################################################################## ############################################################################## ### ### Running command: ### ### /home/biocbuild/bbs-3.17-bioc/R/bin/R CMD INSTALL mixOmics ### ############################################################################## ############################################################################## * installing to library ‘/home/biocbuild/bbs-3.17-bioc/R/site-library’ * installing *source* package ‘mixOmics’ ... ** using staged installation ** R ** data ** inst ** byte-compile and prepare package for lazy loading ** help *** installing help indices ** building package indices ** installing vignettes ** testing if installed package can be loaded from temporary location ** testing if installed package can be loaded from final location ** testing if installed package keeps a record of temporary installation path * DONE (mixOmics)
mixOmics.Rcheck/tests/testthat.Rout
R version 4.3.1 (2023-06-16) -- "Beagle Scouts"
Copyright (C) 2023 The R Foundation for Statistical Computing
Platform: x86_64-pc-linux-gnu (64-bit)
R is free software and comes with ABSOLUTELY NO WARRANTY.
You are welcome to redistribute it under certain conditions.
Type 'license()' or 'licence()' for distribution details.
R is a collaborative project with many contributors.
Type 'contributors()' for more information and
'citation()' on how to cite R or R packages in publications.
Type 'demo()' for some demos, 'help()' for on-line help, or
'help.start()' for an HTML browser interface to help.
Type 'q()' to quit R.
> library(testthat)
> library(mixOmics)
Loading required package: MASS
Loading required package: lattice
Loading required package: ggplot2
Loaded mixOmics 6.24.0
Thank you for using mixOmics!
Tutorials: http://mixomics.org
Bookdown vignette: https://mixomicsteam.github.io/Bookdown
Questions, issues: Follow the prompts at http://mixomics.org/contact-us
Cite us: citation('mixOmics')
>
> test_check("mixOmics")
[ FAIL 0 | WARN 2 | SKIP 0 | PASS 236 ]
[ FAIL 0 | WARN 2 | SKIP 0 | PASS 236 ]
Warning messages:
1: In for (ijk.keepA in 1:nrow(keepA[[comp]])) { :
closing unused connection 6 (<-localhost:11698)
2: In for (ijk.keepA in 1:nrow(keepA[[comp]])) { :
closing unused connection 5 (<-localhost:11698)
>
> proc.time()
user system elapsed
102.395 3.420 121.447
mixOmics.Rcheck/mixOmics-Ex.timings
| name | user | system | elapsed | |
| S3methods-print | 0.014 | 0.004 | 0.018 | |
| auroc | 0.936 | 0.056 | 0.992 | |
| background.predict | 6.558 | 0.084 | 6.642 | |
| biplot | 14.948 | 0.156 | 15.104 | |
| block.pls | 0.500 | 0.007 | 0.507 | |
| block.plsda | 0.715 | 0.004 | 0.719 | |
| block.spls | 5.495 | 0.060 | 5.555 | |
| block.splsda | 6.468 | 0.072 | 6.540 | |
| cim | 0.041 | 0.000 | 0.041 | |
| cimDiablo | 0.278 | 0.004 | 0.282 | |
| circosPlot | 7.207 | 0.132 | 7.340 | |
| colors | 0.028 | 0.000 | 0.028 | |
| explained_variance | 0.401 | 0.024 | 0.426 | |
| get.confusion_matrix | 0.138 | 0.004 | 0.142 | |
| image.tune.rcc | 1.935 | 0.000 | 1.936 | |
| imgCor | 0.074 | 0.004 | 0.078 | |
| impute.nipals | 0.008 | 0.004 | 0.012 | |
| ipca | 0.692 | 0.012 | 0.703 | |
| logratio-transformations | 0.060 | 0.004 | 0.063 | |
| map | 0.005 | 0.000 | 0.005 | |
| mat.rank | 0.002 | 0.000 | 0.002 | |
| mint.block.pls | 0.128 | 0.001 | 0.130 | |
| mint.block.plsda | 0.148 | 0.003 | 0.151 | |
| mint.block.spls | 0.153 | 0.003 | 0.155 | |
| mint.block.splsda | 0.133 | 0.004 | 0.136 | |
| mint.pca | 0.380 | 0.000 | 0.381 | |
| mint.pls | 0.490 | 0.012 | 0.502 | |
| mint.plsda | 0.567 | 0.008 | 0.574 | |
| mint.spls | 0.493 | 0.007 | 0.500 | |
| mint.splsda | 0.568 | 0.008 | 0.576 | |
| mixOmics | 0.288 | 0.008 | 0.296 | |
| nearZeroVar | 0.689 | 0.008 | 0.698 | |
| network | 0.013 | 0.000 | 0.013 | |
| pca | 4.302 | 0.004 | 4.306 | |
| perf | 2.423 | 0.036 | 2.458 | |
| plot.rcc | 0.015 | 0.000 | 0.014 | |
| plot.tune | 0.001 | 0.000 | 0.002 | |
| plotArrow | 4.251 | 0.032 | 4.283 | |
| plotDiablo | 0.169 | 0.008 | 0.177 | |
| plotIndiv | 0.280 | 0.004 | 0.285 | |
| plotLoadings | 0.093 | 0.003 | 0.098 | |
| plotMarkers | 0 | 0 | 0 | |
| plotVar | 0.506 | 0.000 | 0.506 | |
| pls | 0.006 | 0.000 | 0.006 | |
| plsda | 0.332 | 0.000 | 0.333 | |
| predict | 0.159 | 0.001 | 0.161 | |
| rcc | 0.001 | 0.002 | 0.003 | |
| selectVar | 0.617 | 0.002 | 0.620 | |
| sipca | 0.419 | 0.006 | 0.424 | |
| spca | 2.677 | 0.032 | 2.710 | |
| spls | 0.433 | 0.000 | 0.433 | |
| splsda | 0.334 | 0.000 | 0.334 | |
| study_split | 0.006 | 0.000 | 0.006 | |
| summary | 0.015 | 0.000 | 0.015 | |
| tune | 4.614 | 0.025 | 4.657 | |
| tune.block.splsda | 0.000 | 0.000 | 0.001 | |
| tune.mint.splsda | 2.243 | 0.099 | 2.341 | |
| tune.pca | 0.174 | 0.008 | 0.182 | |
| tune.rcc | 1.956 | 0.040 | 1.996 | |
| tune.spca | 0.650 | 0.035 | 0.686 | |
| tune.spls | 0.000 | 0.000 | 0.001 | |
| tune.splsda | 4.002 | 0.132 | 4.154 | |
| tune.splslevel | 0.758 | 0.035 | 0.794 | |
| unmap | 0.003 | 0.001 | 0.005 | |
| vip | 0.005 | 0.004 | 0.009 | |
| withinVariation | 0.783 | 0.004 | 0.787 | |
| wrapper.rgcca | 0.062 | 0.000 | 0.062 | |
| wrapper.sgcca | 0.110 | 0.014 | 0.124 | |